000
CDUS41 KBUF 281016
CLIROC


CLIMATE REPORT
NATIONAL WEATHER SERVICE BUFFALO NY
616 AM EDT WED SEP 28 2016


...................................

...THE ROCHESTER NY CLIMATE SUMMARY FOR SEPTEMBER 27 2016...

CLIMATE NORMAL PERIOD 1981 TO 2010
CLIMATE RECORD PERIOD 1871 TO 2016


WEATHER ITEM   OBSERVED TIME   RECORD YEAR NORMAL DEPARTURE LAST
                VALUE   (LST)  VALUE       VALUE  FROM      YEAR
                                                  NORMAL
..................................................................
TEMPERATURE (F)
 YESTERDAY
  MAXIMUM         72    245 PM  88    1920  67      5       78
  MINIMUM         53   1033 PM  31    1957  48      5       54
  AVERAGE         63                        57      6       66

PRECIPITATION (IN)
  YESTERDAY        0.00          1.87 2002   0.11  -0.11     0.00
  MONTH TO DATE    2.01                      3.06  -1.05     2.66
  SINCE SEP 1      2.01                      3.06  -1.05     2.66
  SINCE JAN 1     19.66                     25.66  -6.00    28.79

SNOWFALL (IN)
  YESTERDAY        0.0           0.0    MM   0.0    0.0      0.0
  MONTH TO DATE    0.0                       0.0    0.0      0.0
  SINCE SEP 1      0.0                       0.0    0.0      0.0
  SINCE JUL 1      0.0                       0.0    0.0      0.0
  SNOW DEPTH       0

DEGREE DAYS
 HEATING
  YESTERDAY        2                         8     -6        0
  MONTH TO DATE   36                       121    -85       40
  SINCE SEP 1     36                       121    -85       40
  SINCE JUL 1     36                       155   -119       59

 COOLING
  YESTERDAY        0                         1     -1        1
  MONTH TO DATE  112                        49     63      138
  SINCE SEP 1    112                        49     63      138
  SINCE JAN 1    963                       533    430      692
..................................................................


WIND (MPH)
  HIGHEST WIND SPEED    25   HIGHEST WIND DIRECTION    SW (240)
  HIGHEST GUST SPEED    31   HIGHEST GUST DIRECTION    SW (230)
  AVERAGE WIND SPEED     9.3


SKY COVER
  AVERAGE SKY COVER 0.5


WEATHER CONDITIONS
 THE FOLLOWING WEATHER WAS RECORDED YESTERDAY.
  NO SIGNIFICANT WEATHER WAS OBSERVED.


RELATIVE HUMIDITY (PERCENT)
 HIGHEST    93           200 AM
 LOWEST     27           200 PM
 AVERAGE    60

..........................................................


THE ROCHESTER NY CLIMATE NORMALS FOR TODAY
                         NORMAL    RECORD    YEAR
 MAXIMUM TEMPERATURE (F)   67        90      1959
 MINIMUM TEMPERATURE (F)   47        28      1947


SUNRISE AND SUNSET
SEPTEMBER 28 2016.....SUNRISE   705 AM EDT   SUNSET   656 PM EDT
SEPTEMBER 29 2016.....SUNRISE   706 AM EDT   SUNSET   655 PM EDT


-  INDICATES NEGATIVE NUMBERS.
R  INDICATES RECORD WAS SET OR TIED.
MM INDICATES DATA IS MISSING.
T  INDICATES TRACE AMOUNT.




$$
