000
CDUS41 KBUF 271013
CLIROC


CLIMATE REPORT
NATIONAL WEATHER SERVICE BUFFALO NY
612 AM EDT WED AUG 27 2014


...................................

...THE ROCHESTER NY CLIMATE SUMMARY FOR AUGUST 26 2014...

CLIMATE NORMAL PERIOD 1981 TO 2010
CLIMATE RECORD PERIOD 1871 TO 2014


WEATHER ITEM   OBSERVED TIME   RECORD YEAR NORMAL DEPARTURE LAST
                VALUE   (LST)  VALUE       VALUE  FROM      YEAR
                                                  NORMAL
..................................................................
TEMPERATURE (F)
 YESTERDAY
  MAXIMUM         87    405 PM  99    1948  78      9       79
  MINIMUM         62    343 AM  44    1989  58      4       65
                                      1885
  AVERAGE         75                        68      7       72

PRECIPITATION (IN)
  YESTERDAY        0.00          0.58 1892   0.11  -0.11     0.47
  MONTH TO DATE    2.12                      2.95  -0.83     2.50
  SINCE JUN 1     11.88                      9.62   2.26    13.18
  SINCE JAN 1     24.88                     22.08   2.80    25.01

SNOWFALL (IN)
  YESTERDAY        0.0           0.0    MM   0.0    0.0      0.0
  MONTH TO DATE    0.0                       0.0    0.0      0.0
  SINCE JUN 1      0.0                       0.0    0.0      0.0
  SINCE JUL 1      0.0                       0.0    0.0      0.0
  SNOW DEPTH       0

DEGREE DAYS
 HEATING
  YESTERDAY        0                         1     -1        0
  MONTH TO DATE   14                        16     -2       10
  SINCE JUN 1     50                        96    -46       76
  SINCE JUL 1     21                        28     -7       18

 COOLING
  YESTERDAY       10                         4      6        7
  MONTH TO DATE  106                       137    -31      100
  SINCE JUN 1    406                       436    -30      468
  SINCE JAN 1    445                       466    -21      539
..................................................................


WIND (MPH)
  HIGHEST WIND SPEED    15   HIGHEST WIND DIRECTION     W (250)
  HIGHEST GUST SPEED    18   HIGHEST GUST DIRECTION     S (170)
  AVERAGE WIND SPEED     6.9


SKY COVER
  AVERAGE SKY COVER 0.4


WEATHER CONDITIONS
 THE FOLLOWING WEATHER WAS RECORDED YESTERDAY.
  NO SIGNIFICANT WEATHER WAS OBSERVED.


RELATIVE HUMIDITY (PERCENT)
 HIGHEST    87          1200 AM
 LOWEST     50           400 PM
 AVERAGE    69

..........................................................


THE ROCHESTER NY CLIMATE NORMALS FOR TODAY
                         NORMAL    RECORD    YEAR
 MAXIMUM TEMPERATURE (F)   78        98      1948
 MINIMUM TEMPERATURE (F)   58        44      1887
                                             1885


SUNRISE AND SUNSET
AUGUST 27 2014........SUNRISE   629 AM EDT   SUNSET   754 PM EDT
AUGUST 28 2014........SUNRISE   631 AM EDT   SUNSET   752 PM EDT


-  INDICATES NEGATIVE NUMBERS.
R  INDICATES RECORD WAS SET OR TIED.
MM INDICATES DATA IS MISSING.
T  INDICATES TRACE AMOUNT.

$$
