000
CDUS41 KBUF 031019
CLIROC


CLIMATE REPORT
NATIONAL WEATHER SERVICE BUFFALO NY
616 AM EDT WED JUN 3 2015


...................................

...THE ROCHESTER NY CLIMATE SUMMARY FOR JUNE 2 2015...

CLIMATE NORMAL PERIOD 1981 TO 2010
CLIMATE RECORD PERIOD 1871 TO 2015


WEATHER ITEM   OBSERVED TIME   RECORD YEAR NORMAL DEPARTURE LAST
                VALUE   (LST)  VALUE       VALUE  FROM      YEAR
                                                  NORMAL
..................................................................
TEMPERATURE (F)
 YESTERDAY
  MAXIMUM         64    453 PM  96    1934  73     -9       87
  MINIMUM         47   1159 PM  40    1976  52     -5       63
  AVERAGE         56                        62     -6       75

PRECIPITATION (IN)
  YESTERDAY        0.03          1.63 1947   0.10  -0.07     0.00
  MONTH TO DATE    0.22                      0.20   0.02     0.00
  SINCE JUN 1      0.22                      0.20   0.02     0.00
  SINCE JAN 1     11.92                     12.66  -0.74    13.00

SNOWFALL (IN)
  YESTERDAY       MM             0.0    MM   0.0   MM        0.0
  MONTH TO DATE    0.0                       0.0    0.0      0.0
  SINCE JUN 1      0.0                       0.0    0.0      0.0
  SINCE JUL 1    101.9                      99.5    2.4    112.7
  SNOW DEPTH       0

DEGREE DAYS
 HEATING
  YESTERDAY        9                         5      4        0
  MONTH TO DATE   24                        10     14        0
  SINCE JUN 1     24                        10     14        0
  SINCE JUL 1   6838                      6588    250     6986

 COOLING
  YESTERDAY        0                         2     -2       10
  MONTH TO DATE    0                         4     -4       10
  SINCE JUN 1      0                         4     -4       10
  SINCE JAN 1    103                        34     69       49
..................................................................


WIND (MPH)
  HIGHEST WIND SPEED    15   HIGHEST WIND DIRECTION     E (100)
  HIGHEST GUST SPEED    17   HIGHEST GUST DIRECTION    NE (60)
  AVERAGE WIND SPEED     6.5


SKY COVER
  AVERAGE SKY COVER 0.8


WEATHER CONDITIONS
 THE FOLLOWING WEATHER WAS RECORDED YESTERDAY.
  LIGHT RAIN
  FOG


RELATIVE HUMIDITY (PERCENT)
 HIGHEST    96           200 AM
 LOWEST     52           400 PM
 AVERAGE    74

..........................................................


THE ROCHESTER NY CLIMATE NORMALS FOR TODAY
                         NORMAL    RECORD    YEAR
 MAXIMUM TEMPERATURE (F)   73        93      1919
 MINIMUM TEMPERATURE (F)   52        36      1986


SUNRISE AND SUNSET
JUNE  3 2015..........SUNRISE   533 AM EDT   SUNSET   845 PM EDT
JUNE  4 2015..........SUNRISE   533 AM EDT   SUNSET   846 PM EDT


-  INDICATES NEGATIVE NUMBERS.
R  INDICATES RECORD WAS SET OR TIED.
MM INDICATES DATA IS MISSING.
T  INDICATES TRACE AMOUNT.




$$
