000
CDUS41 KBUF 231015
CLIROC


CLIMATE REPORT
NATIONAL WEATHER SERVICE BUFFALO NY
614 AM EDT WED APR 23 2014


...................................

...THE ROCHESTER NY CLIMATE SUMMARY FOR APRIL 22 2014...

CLIMATE NORMAL PERIOD 1981 TO 2010
CLIMATE RECORD PERIOD 1871 TO 2014


WEATHER ITEM   OBSERVED TIME   RECORD YEAR NORMAL DEPARTURE LAST
                VALUE   (LST)  VALUE       VALUE  FROM      YEAR
                                                  NORMAL
..................................................................
TEMPERATURE (F)
 YESTERDAY
  MAXIMUM         62    431 AM  84    1985  59      3       60
                                      1902
  MINIMUM         42   1139 PM  26    1975  39      3       30
                                      1875
  AVERAGE         52                        49      3       45

PRECIPITATION (IN)
  YESTERDAY        0.30          0.87 1977   0.08   0.22     0.00
  MONTH TO DATE    2.34                      2.03   0.31     2.49
  SINCE MAR 1      4.70                      4.53   0.17     3.34
  SINCE JAN 1      8.32                      8.89  -0.57     7.65

SNOWFALL (IN)
  YESTERDAY        0.0           1.4  1993   0.0    0.0      0.0
  MONTH TO DATE    0.3                       3.5   -3.2      2.3
  SINCE MAR 1     29.6                      19.8    9.8     14.2
  SINCE JUL 1    112.7                      98.7   14.0     78.1
  SNOW DEPTH       0

DEGREE DAYS
 HEATING
  YESTERDAY       13                        16     -3       20
  MONTH TO DATE  419                       448    -29      458
  SINCE MAR 1   1567                      1400    167     1429
  SINCE JUL 1   6652                      6186    466     5737

 COOLING
  YESTERDAY        0                         0      0        0
  MONTH TO DATE    1                         0      1        0
  SINCE MAR 1      1                         0      1        0
  SINCE JAN 1      1                         0      1        0
..................................................................


WIND (MPH)
  HIGHEST WIND SPEED    23   HIGHEST WIND DIRECTION     W (290)
  HIGHEST GUST SPEED    30   HIGHEST GUST DIRECTION     W (280)
  AVERAGE WIND SPEED    10.6


SKY COVER
  AVERAGE SKY COVER 1.0


WEATHER CONDITIONS
 THE FOLLOWING WEATHER WAS RECORDED YESTERDAY.
  HEAVY RAIN
  RAIN
  LIGHT RAIN
  FOG


RELATIVE HUMIDITY (PERCENT)
 HIGHEST    93           900 AM
 LOWEST     46           200 AM
 AVERAGE    70

..........................................................


THE ROCHESTER NY CLIMATE NORMALS FOR TODAY
                         NORMAL    RECORD    YEAR
 MAXIMUM TEMPERATURE (F)   60        90      1885
 MINIMUM TEMPERATURE (F)   39        24      1989
                                             1930


SUNRISE AND SUNSET
APRIL 23 2014.........SUNRISE   616 AM EDT   SUNSET   803 PM EDT
APRIL 24 2014.........SUNRISE   614 AM EDT   SUNSET   804 PM EDT


-  INDICATES NEGATIVE NUMBERS.
R  INDICATES RECORD WAS SET OR TIED.
MM INDICATES DATA IS MISSING.
T  INDICATES TRACE AMOUNT.




$$
