000
CDUS45 KABQ 270828
CLIROW


CLIMATE REPORT
NATIONAL WEATHER SERVICE ALBUQUERQUE NM
127 AM MST SAT DEC 27 2014


...................................

...THE ROSWELL NM CLIMATE SUMMARY FOR DECEMBER 26 2014...

CLIMATE NORMAL PERIOD 1981 TO 2010
CLIMATE RECORD PERIOD 1893 TO 2014


WEATHER ITEM   OBSERVED TIME   RECORD YEAR NORMAL DEPARTURE
                VALUE   (LST)  VALUE       VALUE  FROM
                                                  NORMAL
...............................................................
TEMPERATURE (F)
 YESTERDAY
  MAXIMUM         54    240 PM  78    1920  53      1
  MINIMUM         31    525 AM   3    1997  25      6
  AVERAGE         43                        39      4

PRECIPITATION (IN)
  YESTERDAY        0.01          0.32 1943   0.02  -0.01
  MONTH TO DATE    0.08                      0.55  -0.47
  SINCE DEC 1      0.08                      0.55  -0.47
  SINCE JAN 1     17.98                     12.82   5.16

SNOWFALL (IN)
  YESTERDAY        0.0
  MONTH TO DATE    0.0
  SINCE DEC 1      0.0
  SINCE JUL 1      1.8

DEGREE DAYS
 HEATING
  YESTERDAY       22                        26     -4
  MONTH TO DATE  501                       636   -135
  SINCE DEC 1    501                       636   -135
  SINCE JUL 1   1158                      1282   -124

 COOLING
  YESTERDAY        0                         0      0
  MONTH TO DATE    0                         0      0
  SINCE DEC 1      0                         0      0
  SINCE JAN 1   1928                      1789    139
...............................................................


WIND (MPH)
  HIGHEST WIND SPEED    22   HIGHEST WIND DIRECTION    SW (230)
  HIGHEST GUST SPEED    28   HIGHEST GUST DIRECTION    SW (240)
  AVERAGE WIND SPEED     9.6


SKY COVER
  AVERAGE SKY COVER 0.7


WEATHER CONDITIONS
 THE FOLLOWING WEATHER WAS RECORDED YESTERDAY.
  LIGHT RAIN


RELATIVE HUMIDITY (PERCENT)
 HIGHEST    70          1000 PM
 LOWEST     24           400 PM
 AVERAGE    47

..........................................................


THE ROSWELL NM CLIMATE NORMALS FOR TODAY
                         NORMAL    RECORD    YEAR
 MAXIMUM TEMPERATURE (F)   53        74      2006
 MINIMUM TEMPERATURE (F)   25        -3      1987


SUNRISE AND SUNSET
DECEMBER 27 2014......SUNRISE   700 AM MST   SUNSET   458 PM MST
DECEMBER 28 2014......SUNRISE   701 AM MST   SUNSET   459 PM MST


-  INDICATES NEGATIVE NUMBERS.
R  INDICATES RECORD WAS SET OR TIED.
MM INDICATES DATA IS MISSING.
T  INDICATES TRACE AMOUNT.




$$
