000
CDUS45 KABQ 191223
CLIROW


CLIMATE REPORT
NATIONAL WEATHER SERVICE ALBUQUERQUE NM
522 AM MST MON FEB 19 2018


...................................

...THE ROSWELL NM CLIMATE SUMMARY FOR FEBRUARY 18 2018...

CLIMATE NORMAL PERIOD 1981 TO 2010
CLIMATE RECORD PERIOD 1893 TO 2018


WEATHER ITEM   OBSERVED TIME   RECORD YEAR NORMAL DEPARTURE
                VALUE   (LST)  VALUE       VALUE  FROM
                                                  NORMAL
...............................................................
TEMPERATURE (F)
 YESTERDAY
  MAXIMUM         77    340 PM  91    2016  61     16
  MINIMUM         37    720 AM   7    1942  31      6
                                      1910
  AVERAGE         57                        46     11

PRECIPITATION (IN)
  YESTERDAY        0.00          0.53 1911   0.02  -0.02
  MONTH TO DATE    0.54                      0.27   0.27
  SINCE DEC 1      0.61                      1.29  -0.68
  SINCE JAN 1      0.61                      0.65  -0.04

SNOWFALL (IN)
  YESTERDAY        0.0
  MONTH TO DATE    0.0
  SINCE DEC 1      0.0
  SINCE JUL 1      0.0

DEGREE DAYS
 HEATING
  YESTERDAY        8                        19    -11
  MONTH TO DATE  306                       368    -62
  SINCE DEC 1   1743                      1888   -145
  SINCE JUL 1   2193                      2534   -341

 COOLING
  YESTERDAY        0                         0      0
  MONTH TO DATE    0                         0      0
  SINCE DEC 1      0                         0      0
  SINCE JAN 1      0                         0      0
...............................................................


WIND (MPH)
  HIGHEST WIND SPEED    25   HIGHEST WIND DIRECTION     W (270)
  HIGHEST GUST SPEED    31   HIGHEST GUST DIRECTION     W (270)
  AVERAGE WIND SPEED     9.2


SKY COVER
  AVERAGE SKY COVER 0.1


WEATHER CONDITIONS
 THE FOLLOWING WEATHER WAS RECORDED YESTERDAY.
  NO SIGNIFICANT WEATHER WAS OBSERVED.


RELATIVE HUMIDITY (PERCENT)
 HIGHEST    85           400 AM
 LOWEST     23           300 PM
 AVERAGE    54

..........................................................


THE ROSWELL NM CLIMATE NORMALS FOR TODAY
                         NORMAL    RECORD    YEAR
 MAXIMUM TEMPERATURE (F)   62        84      1986
 MINIMUM TEMPERATURE (F)   32         9      1905


SUNRISE AND SUNSET
FEBRUARY 19 2018......SUNRISE   638 AM MST   SUNSET   547 PM MST
FEBRUARY 20 2018......SUNRISE   637 AM MST   SUNSET   547 PM MST


-  INDICATES NEGATIVE NUMBERS.
R  INDICATES RECORD WAS SET OR TIED.
MM INDICATES DATA IS MISSING.
T  INDICATES TRACE AMOUNT.




$$
