000
CDUS45 KABQ 100828
CLIROW


CLIMATE REPORT
NATIONAL WEATHER SERVICE ALBUQUERQUE NM
127 AM MST WED FEB 10 2016


...................................

...THE ROSWELL NM CLIMATE SUMMARY FOR FEBRUARY 9 2016...

CLIMATE NORMAL PERIOD 1981 TO 2010
CLIMATE RECORD PERIOD 1893 TO 2016


WEATHER ITEM   OBSERVED TIME   RECORD YEAR NORMAL DEPARTURE
                VALUE   (LST)  VALUE       VALUE  FROM
                                                  NORMAL
...............................................................
TEMPERATURE (F)
 YESTERDAY
  MAXIMUM         63    409 PM  83    1957  60      3
  MINIMUM         24    707 AM  -5    1933  29     -5
  AVERAGE         44                        44      0

PRECIPITATION (IN)
  YESTERDAY        0.00          0.86 1898   0.02  -0.02
  MONTH TO DATE    0.00                      0.13  -0.13
  SINCE DEC 1      0.78                      1.15  -0.37
  SINCE JAN 1      0.16                      0.51  -0.35

SNOWFALL (IN)
  YESTERDAY        0.0
  MONTH TO DATE    0.0
  SINCE DEC 1     17.8
  SINCE JUL 1     17.8

DEGREE DAYS
 HEATING
  YESTERDAY       21                        21      0
  MONTH TO DATE  229                       193     36
  SINCE DEC 1   1743                      1713     30
  SINCE JUL 1   2311                      2359    -48

 COOLING
  YESTERDAY        0                         0      0
  MONTH TO DATE    0                         0      0
  SINCE DEC 1      0                         0      0
  SINCE JAN 1      0                         0      0
...............................................................


WIND (MPH)
  HIGHEST WIND SPEED    12   HIGHEST WIND DIRECTION     S (180)
  HIGHEST GUST SPEED    14   HIGHEST GUST DIRECTION     S (170)
  AVERAGE WIND SPEED     5.3


SKY COVER
  AVERAGE SKY COVER 0.0


WEATHER CONDITIONS
 THE FOLLOWING WEATHER WAS RECORDED YESTERDAY.
  NO SIGNIFICANT WEATHER WAS OBSERVED.


RELATIVE HUMIDITY (PERCENT)
 HIGHEST    68           400 AM
 LOWEST     17           300 PM
 AVERAGE    43

..........................................................


THE ROSWELL NM CLIMATE NORMALS FOR TODAY
                         NORMAL    RECORD    YEAR
 MAXIMUM TEMPERATURE (F)   60        82      1962
 MINIMUM TEMPERATURE (F)   30         0      1929


SUNRISE AND SUNSET
FEBRUARY 10 2016......SUNRISE   647 AM MST   SUNSET   538 PM MST
FEBRUARY 11 2016......SUNRISE   646 AM MST   SUNSET   539 PM MST


-  INDICATES NEGATIVE NUMBERS.
R  INDICATES RECORD WAS SET OR TIED.
MM INDICATES DATA IS MISSING.
T  INDICATES TRACE AMOUNT.




$$
