000
CDUS45 KABQ 300831
CLIROW


CLIMATE REPORT
NATIONAL WEATHER SERVICE ALBUQUERQUE NM
130 AM MST FRI JAN 30 2015


...................................

...THE ROSWELL NM CLIMATE SUMMARY FOR JANUARY 29 2015...

CLIMATE NORMAL PERIOD 1981 TO 2010
CLIMATE RECORD PERIOD 1893 TO 2015


WEATHER ITEM   OBSERVED TIME   RECORD YEAR NORMAL DEPARTURE
                VALUE   (LST)  VALUE       VALUE  FROM
                                                  NORMAL
...............................................................
TEMPERATURE (F)
 YESTERDAY
  MAXIMUM         58   1233 PM  81    1911  57      1
  MINIMUM         45   1159 PM -10    1948  27     18
  AVERAGE         52                        42     10

PRECIPITATION (IN)
  YESTERDAY        0.00          0.63 1936   0.01  -0.01
  MONTH TO DATE    0.78                      0.35   0.43
  SINCE DEC 1      0.89                      0.99  -0.10
  SINCE JAN 1      0.78                      0.35   0.43

SNOWFALL (IN)
  YESTERDAY        0.0
  MONTH TO DATE    8.6
  SINCE DEC 1     10.1
  SINCE JUL 1     11.9

DEGREE DAYS
 HEATING
  YESTERDAY       13                        23    -10
  MONTH TO DATE  795                       712     83
  SINCE DEC 1   1481                      1476      5
  SINCE JUL 1   2138                      2122     16

 COOLING
  YESTERDAY        0                         0      0
  MONTH TO DATE    0                         0      0
  SINCE DEC 1      0                         0      0
  SINCE JAN 1      0                         0      0
...............................................................


WIND (MPH)
  HIGHEST WIND SPEED    23   HIGHEST WIND DIRECTION     N (360)
  HIGHEST GUST SPEED    29   HIGHEST GUST DIRECTION     N (350)
  AVERAGE WIND SPEED    10.2


SKY COVER
  AVERAGE SKY COVER 0.3


WEATHER CONDITIONS
 THE FOLLOWING WEATHER WAS RECORDED YESTERDAY.
  NO SIGNIFICANT WEATHER WAS OBSERVED.


RELATIVE HUMIDITY (PERCENT)
 HIGHEST    76          1200 AM
 LOWEST     33           200 PM
 AVERAGE    55

..........................................................


THE ROSWELL NM CLIMATE NORMALS FOR TODAY
                         NORMAL    RECORD    YEAR
 MAXIMUM TEMPERATURE (F)   58        82      1911
 MINIMUM TEMPERATURE (F)   28       -11      1949


SUNRISE AND SUNSET
JANUARY 30 2015.......SUNRISE   655 AM MST   SUNSET   528 PM MST
JANUARY 31 2015.......SUNRISE   655 AM MST   SUNSET   529 PM MST


-  INDICATES NEGATIVE NUMBERS.
R  INDICATES RECORD WAS SET OR TIED.
MM INDICATES DATA IS MISSING.
T  INDICATES TRACE AMOUNT.




$$
