000
CDUS45 KABQ 240836
CLIROW


CLIMATE REPORT
NATIONAL WEATHER SERVICE ALBUQUERQUE NM
233 AM MDT THU APR 24 2014


...................................

...THE ROSWELL NM CLIMATE SUMMARY FOR APRIL 23 2014...

CLIMATE NORMAL PERIOD 1981 TO 2010
CLIMATE RECORD PERIOD 1893 TO 2014


WEATHER ITEM   OBSERVED TIME   RECORD YEAR NORMAL DEPARTURE
                VALUE   (LST)  VALUE       VALUE  FROM
                                                  NORMAL
...............................................................
TEMPERATURE (F)
 YESTERDAY
  MAXIMUM         90    229 PM  95    2006  79     11
                                      1965
  MINIMUM         62    550 AM  30    1944  47     15
                                      1899
  AVERAGE         76                        63     13

PRECIPITATION (IN)
  YESTERDAY        0.00          0.48 1922   0.02  -0.02
  MONTH TO DATE    0.11                      0.42  -0.31
  SINCE MAR 1      0.39                      0.93  -0.54
  SINCE JAN 1      0.41                      1.73  -1.32

SNOWFALL (IN)
  YESTERDAY        0.0
  MONTH TO DATE    T
  SINCE MAR 1      T
  SINCE JUL 1      5.0

DEGREE DAYS
 HEATING
  YESTERDAY        0                         4     -4
  MONTH TO DATE  126                       142    -16
  SINCE MAR 1    507                       529    -22
  SINCE JUL 1   3210                      3236    -26

 COOLING
  YESTERDAY       11                         2      9
  MONTH TO DATE   31                        21     10
  SINCE MAR 1     32                        24      8
  SINCE JAN 1     32                        24      8
...............................................................


WIND (MPH)
  HIGHEST WIND SPEED    31   HIGHEST WIND DIRECTION    SW (220)
  HIGHEST GUST SPEED    43   HIGHEST GUST DIRECTION    SW (220)
  AVERAGE WIND SPEED    16.9


SKY COVER
  AVERAGE SKY COVER 0.0


WEATHER CONDITIONS
 THE FOLLOWING WEATHER WAS RECORDED YESTERDAY.
  NO SIGNIFICANT WEATHER WAS OBSERVED.


RELATIVE HUMIDITY (PERCENT)
 HIGHEST    56           500 AM
 LOWEST      5           200 PM
 AVERAGE    31

..........................................................


THE ROSWELL NM CLIMATE NORMALS FOR TODAY
                         NORMAL    RECORD    YEAR
 MAXIMUM TEMPERATURE (F)   79        96      2012
                                             1996
                                             1943
 MINIMUM TEMPERATURE (F)   48        31      2013
                                             1968


SUNRISE AND SUNSET
APRIL 24 2014.........SUNRISE   617 AM MDT   SUNSET   735 PM MDT
APRIL 25 2014.........SUNRISE   616 AM MDT   SUNSET   736 PM MDT


-  INDICATES NEGATIVE NUMBERS.
R  INDICATES RECORD WAS SET OR TIED.
MM INDICATES DATA IS MISSING.
T  INDICATES TRACE AMOUNT.

$$
