000
CDUS45 KABQ 280828
CLIROW


CLIMATE REPORT
NATIONAL WEATHER SERVICE ALBUQUERQUE NM
226 AM MDT FRI AUG 28 2015


...................................

...THE ROSWELL NM CLIMATE SUMMARY FOR AUGUST 27 2015...

CLIMATE NORMAL PERIOD 1981 TO 2010
CLIMATE RECORD PERIOD 1893 TO 2015


WEATHER ITEM   OBSERVED TIME   RECORD YEAR NORMAL DEPARTURE
                VALUE   (LST)  VALUE       VALUE  FROM
                                                  NORMAL
...............................................................
TEMPERATURE (F)
 YESTERDAY
  MAXIMUM         97   1255 PM 102    2011  91      6
                                      2002
  MINIMUM         64    453 AM  51    1962  65     -1
  AVERAGE         81                        78      3

PRECIPITATION (IN)
  YESTERDAY        T             1.53 1932   0.06  -0.06
  MONTH TO DATE    0.73                      1.74  -1.01
  SINCE JUN 1      4.41                      5.53  -1.12
  SINCE JAN 1     12.10                      8.70   3.40

SNOWFALL (IN)
  YESTERDAY        0.0
  MONTH TO DATE    0.0
  SINCE JUN 1      0.0
  SINCE JUL 1      0.0

DEGREE DAYS
 HEATING
  YESTERDAY        0                         0      0
  MONTH TO DATE    0                         0      0
  SINCE JUN 1      0                         1     -1
  SINCE JUL 1      0                         0      0

 COOLING
  YESTERDAY       16                        13      3
  MONTH TO DATE  496                       379    117
  SINCE JUN 1   1451                      1252    199
  SINCE JAN 1   1558                      1477     81
...............................................................


WIND (MPH)
  HIGHEST WIND SPEED    33   HIGHEST WIND DIRECTION    NW (300)
  HIGHEST GUST SPEED    43   HIGHEST GUST DIRECTION    NW (300)
  AVERAGE WIND SPEED     5.4


SKY COVER
  AVERAGE SKY COVER 0.1


WEATHER CONDITIONS
 THE FOLLOWING WEATHER WAS RECORDED YESTERDAY.
  THUNDERSTORM
  LIGHT RAIN


RELATIVE HUMIDITY (PERCENT)
 HIGHEST    67           500 AM
 LOWEST     24           100 PM
 AVERAGE    46

..........................................................


THE ROSWELL NM CLIMATE NORMALS FOR TODAY
                         NORMAL    RECORD    YEAR
 MAXIMUM TEMPERATURE (F)   91       102      2011
 MINIMUM TEMPERATURE (F)   64        55      1970
                                             1897


SUNRISE AND SUNSET
AUGUST 28 2015........SUNRISE   630 AM MDT   SUNSET   729 PM MDT
AUGUST 29 2015........SUNRISE   630 AM MDT   SUNSET   727 PM MDT


-  INDICATES NEGATIVE NUMBERS.
R  INDICATES RECORD WAS SET OR TIED.
MM INDICATES DATA IS MISSING.
T  INDICATES TRACE AMOUNT.

$$
