000
CDUS43 KARX 300643
CLIRST


CLIMATE REPORT
NATIONAL WEATHER SERVICE LA CROSSE WI
142 AM CDT MON MAR 30 2015


...................................

...THE ROCHESTER MN CLIMATE SUMMARY FOR MARCH 29 2015...

CLIMATE NORMAL PERIOD 1981 TO 2010
CLIMATE RECORD PERIOD 1886 TO 2015


WEATHER ITEM   OBSERVED TIME   RECORD YEAR NORMAL DEPARTURE LAST
                VALUE   (LST)  VALUE       VALUE  FROM      YEAR
                                                  NORMAL
..................................................................
TEMPERATURE (F)
 YESTERDAY
  MAXIMUM         47    514 PM  79    1986  48     -1       42
  MINIMUM         30    309 AM  -7    1969  30      0       24
  AVERAGE         39                        38      1       33

PRECIPITATION (IN)
  YESTERDAY        0.01          0.58 1979   0.08  -0.07     0.00
  MONTH TO DATE    1.07                      1.72  -0.65     0.97
  SINCE MAR 1      1.07                      1.72  -0.65     0.97
  SINCE JAN 1      2.43                      3.41  -0.98     3.73

SNOWFALL (IN)
  YESTERDAY        0.0           2.9  1974   0.2   -0.2      0.0
  MONTH TO DATE   10.9                       8.3    2.6      6.2
  SINCE JUL 1     48.9                      48.2    0.7     54.0
  SNOW DEPTH       1

DEGREE DAYS
 HEATING
  YESTERDAY       26                        26      0       32
  MONTH TO DATE  967                       958      9     1215
  SINCE JUL 1   7262                      6819    443     7940

 COOLING
  YESTERDAY        0                         0      0        0
  MONTH TO DATE    0                         0      0        0
  SINCE JAN 1      0                         0      0        0
..................................................................


WIND (MPH)
  HIGHEST WIND SPEED    38   HIGHEST WIND DIRECTION    NW (310)
  HIGHEST GUST SPEED    46   HIGHEST GUST DIRECTION    NW (320)
  AVERAGE WIND SPEED    22.8


SKY COVER
  POSSIBLE SUNSHINE  MM
  AVERAGE SKY COVER 0.4


WEATHER CONDITIONS
 THE FOLLOWING WEATHER WAS RECORDED YESTERDAY.
  LT FREEZING RAIN
  FOG


RELATIVE HUMIDITY (PERCENT)
 HIGHEST    89           800 AM
 LOWEST     53           500 PM
 AVERAGE    71

..........................................................


THE ROCHESTER MN CLIMATE NORMALS FOR TODAY
                         NORMAL    RECORD    YEAR
 MAXIMUM TEMPERATURE (F)   48        77      1910
 MINIMUM TEMPERATURE (F)   30        -4      1969


SUNRISE AND SUNSET
MARCH 30 2015.........SUNRISE   655 AM CDT   SUNSET   734 PM CDT
MARCH 31 2015.........SUNRISE   654 AM CDT   SUNSET   736 PM CDT


-  INDICATES NEGATIVE NUMBERS.
R  INDICATES RECORD WAS SET OR TIED.
MM INDICATES DATA IS MISSING.
T  INDICATES TRACE AMOUNT.




$$
