000
CDUS43 KARX 280639
CLIRST


CLIMATE REPORT
NATIONAL WEATHER SERVICE LA CROSSE WI
137 AM CDT SUN MAY 28 2017

...THE ROCHESTER MN CLIMATE SUMMARY FOR MAY 27 2017...

CLIMATE NORMAL PERIOD 1981 TO 2010
CLIMATE RECORD PERIOD 1886 TO 2017

WEATHER ITEM   OBSERVED TIME   RECORD YEAR NORMAL DEPARTURE LAST
                VALUE   (LST)  VALUE       VALUE  FROM      YEAR
                                                  NORMAL
..................................................................
TEMPERATURE (F)
 YESTERDAY
  MAXIMUM         70   1229 PM  93    1914  72     -2       71
  MINIMUM         51    513 AM  35    1971  51      0       61
                                      1910
  AVERAGE         61                        62     -1       66

PRECIPITATION (IN)
  YESTERDAY        T             2.08 1970   0.12  -0.12     0.40
  MONTH TO DATE    3.06                      3.12  -0.06     3.84
  SINCE MAR 1     10.48                      8.24   2.24     9.54
  SINCE JAN 1     14.26                      9.93   4.33    10.94

SNOWFALL (IN)
  YESTERDAY        0.0           0.0  2012   0.0    0.0      0.0
  MONTH TO DATE    0.0                       0.2   -0.2      0.0
  SINCE JUL 1     52.7                      52.1    0.6     47.9
  SNOW DEPTH       0

DEGREE DAYS
 HEATING
  YESTERDAY        4                         5     -1        0
  MONTH TO DATE  260                       227     33      229
  SINCE JUL 1   6844                      7652   -808     6775

 COOLING
  YESTERDAY        0                         2     -2        1
  MONTH TO DATE   20                        21     -1       32
  SINCE JAN 1     20                        25     -5       33
..................................................................

WIND (MPH)
  HIGHEST WIND SPEED    13   HIGHEST WIND DIRECTION    NW (330)
  HIGHEST GUST SPEED    15   HIGHEST GUST DIRECTION    NW (330)
  AVERAGE WIND SPEED     6.1

SKY COVER
  POSSIBLE SUNSHINE  MM
  AVERAGE SKY COVER 0.3

WEATHER CONDITIONS
 THE FOLLOWING WEATHER WAS RECORDED YESTERDAY.
  LIGHT RAIN

RELATIVE HUMIDITY (PERCENT)
 HIGHEST   100          1200 AM
 LOWEST     47          1000 AM
 AVERAGE    74

..........................................................

THE ROCHESTER MN CLIMATE NORMALS FOR TODAY
                         NORMAL    RECORD    YEAR
 MAXIMUM TEMPERATURE (F)   72        95      2006
 MINIMUM TEMPERATURE (F)   51        31      1932

SUNRISE AND SUNSET
MAY 28 2017...........SUNRISE   533 AM CDT   SUNSET   843 PM CDT
MAY 29 2017...........SUNRISE   532 AM CDT   SUNSET   843 PM CDT

-  INDICATES NEGATIVE NUMBERS.
R  INDICATES RECORD WAS SET OR TIED.
MM INDICATES DATA IS MISSING.
T  INDICATES TRACE AMOUNT.

$$

BOYNE
