000
CDUS43 KARX 242235
CLIRST


CLIMATE REPORT
NATIONAL WEATHER SERVICE LA CROSSE WI
434 PM CST TUE JAN 24 2017


...................................

...THE ROCHESTER MN CLIMATE SUMMARY FOR JANUARY 24 2017...
VALID TODAY AS OF 0430 PM LOCAL TIME.

CLIMATE NORMAL PERIOD 1981 TO 2010
CLIMATE RECORD PERIOD 1886 TO 2017


WEATHER ITEM   OBSERVED TIME   RECORD YEAR NORMAL DEPARTURE LAST
                VALUE   (LST)  VALUE       VALUE  FROM      YEAR
                                                  NORMAL
..................................................................
TEMPERATURE (F)
 TODAY
  MAXIMUM         31    116 AM  55    1981  24      7       27
  MINIMUM         29    256 PM -34    1935   8     21       22
  AVERAGE         30                        16     14       25

PRECIPITATION (IN)
  TODAY            0.00          1.42 1967   0.02  -0.02     0.00
  MONTH TO DATE    1.31                      0.66   0.65     0.53
  SINCE DEC 1      3.38                      1.89   1.49     3.74
  SINCE JAN 1      1.31                      0.66   0.65     0.53

SNOWFALL (IN)
  TODAY            0.0           5.4  1997   0.4   -0.4      0.0
  MONTH TO DATE    3.7                       9.1   -5.4      4.5
  SINCE JUL 1     24.4                      28.5   -4.1     20.2
  SNOW DEPTH       1

DEGREE DAYS
 HEATING
  TODAY           35                        49    -14       40
  MONTH TO DATE 1137                      1189    -52     1274
  SINCE JUL 1   3708                      4267   -559     3705

 COOLING
  TODAY            0                         0      0        0
  MONTH TO DATE    0                         0      0        0
  SINCE JAN 1      0                         0      0        0
..................................................................


WIND (MPH)
  HIGHEST WIND SPEED    12   HIGHEST WIND DIRECTION     E (80)
  HIGHEST GUST SPEED    13   HIGHEST GUST DIRECTION     E (70)
  AVERAGE WIND SPEED     4.7


SKY COVER
  POSSIBLE SUNSHINE  MM
  AVERAGE SKY COVER 1.0


WEATHER CONDITIONS
 THE FOLLOWING WEATHER WAS RECORDED TODAY.
  FOG


RELATIVE HUMIDITY (PERCENT)
 HIGHEST   100           500 AM
 LOWEST     85          1200 AM
 AVERAGE    93

..........................................................


THE ROCHESTER MN CLIMATE NORMALS FOR TOMORROW
                         NORMAL    RECORD    YEAR
 MAXIMUM TEMPERATURE (F)   24        58      1944
 MINIMUM TEMPERATURE (F)    8       -23      1936


SUNRISE AND SUNSET
JANUARY 24 2017.......SUNRISE   735 AM CST   SUNSET   510 PM CST
JANUARY 25 2017.......SUNRISE   734 AM CST   SUNSET   511 PM CST


-  INDICATES NEGATIVE NUMBERS.
R  INDICATES RECORD WAS SET OR TIED.
MM INDICATES DATA IS MISSING.
T  INDICATES TRACE AMOUNT.




$$
