000
CDUS43 KARX 290712
CLIRST


CLIMATE REPORT
NATIONAL WEATHER SERVICE LA CROSSE WI
210 AM CDT SUN MAY 29 2016

...THE ROCHESTER MN CLIMATE SUMMARY FOR MAY 28 2016...

CLIMATE NORMAL PERIOD 1981 TO 2010
CLIMATE RECORD PERIOD 1886 TO 2016

WEATHER ITEM   OBSERVED TIME   RECORD YEAR NORMAL DEPARTURE LAST
                VALUE   (LST)  VALUE       VALUE  FROM      YEAR
                                                  NORMAL
..................................................................
TEMPERATURE (F)
 YESTERDAY
  MAXIMUM         74    239 PM  95    2006  72      2       81
  MINIMUM         61   1147 PM  31    1932  51     10       57
  AVERAGE         68                        62      6       69

PRECIPITATION (IN)
  YESTERDAY        0.20          1.60 1939   0.13   0.07      T
  MONTH TO DATE    4.04                      3.25   0.79     4.69
  SINCE MAR 1      9.74                      8.37   1.37    10.69
  SINCE JAN 1     11.14                     10.06   1.08    12.05

SNOWFALL (IN)
  YESTERDAY        0.0           T    1947   0.0    0.0      0.0
  MONTH TO DATE    0.0                       0.2   -0.2      0.0
  SINCE JUL 1     47.9                      52.1   -4.2     50.4
  SNOW DEPTH       0

DEGREE DAYS
 HEATING
  YESTERDAY        0                         5     -5        0
  MONTH TO DATE  229                       232     -3      210
  SINCE JUL 1   6775                      7657   -882     8022

 COOLING
  YESTERDAY        3                         2      1        4
  MONTH TO DATE   35                        23     12       15
  SINCE JAN 1     36                        27      9       15
..................................................................

WIND (MPH)
  HIGHEST WIND SPEED    22   HIGHEST WIND DIRECTION     W (260)
  HIGHEST GUST SPEED    27   HIGHEST GUST DIRECTION     W (260)
  AVERAGE WIND SPEED     8.6

SKY COVER
  POSSIBLE SUNSHINE  MM
  AVERAGE SKY COVER 0.8

WEATHER CONDITIONS
 THE FOLLOWING WEATHER WAS RECORDED YESTERDAY.
  HEAVY RAIN
  RAIN
  LIGHT RAIN
  FOG

RELATIVE HUMIDITY (PERCENT)
 HIGHEST   100          1200 AM
 LOWEST     73           200 PM
 AVERAGE    87
..........................................................

THE ROCHESTER MN CLIMATE NORMALS FOR TODAY
                         NORMAL    RECORD    YEAR
 MAXIMUM TEMPERATURE (F)   73        95      2006
 MINIMUM TEMPERATURE (F)   52        33      1965
                                             1947

SUNRISE AND SUNSET
MAY 29 2016...........SUNRISE   532 AM CDT   SUNSET   844 PM CDT
MAY 30 2016...........SUNRISE   531 AM CDT   SUNSET   844 PM CDT

-  INDICATES NEGATIVE NUMBERS.
R  INDICATES RECORD WAS SET OR TIED.
MM INDICATES DATA IS MISSING.
T  INDICATES TRACE AMOUNT.

$$

BOYNE
