000
CDUS45 KCYS 230740
CLIRWL


CLIMATE REPORT
NATIONAL WEATHER SERVICE CHEYENNE WY
1239 AM MST SUN NOV 23 2014


...................................

...THE RAWLINS WY AIRPORT CLIMATE SUMMARY FOR NOVEMBER 22 2014...

CLIMATE NORMAL PERIOD 1981 TO 2010
CLIMATE RECORD PERIOD 1951 TO 2014


WEATHER ITEM   OBSERVED TIME   RECORD YEAR NORMAL DEPARTURE LAST
                VALUE   (LST)  VALUE       VALUE  FROM      YEAR
                                                  NORMAL
..................................................................
TEMPERATURE (F)
 YESTERDAY
  MAXIMUM         45   1105 AM  56    2006  37      8       15
  MINIMUM         27   1159 PM -13    2013  17     10      -13
  AVERAGE         36                        27      9        1

PRECIPITATION (IN)
  YESTERDAY        0.05          0.16 1999   0.02   0.03     0.00
  MONTH TO DATE    0.58                      0.43   0.15     0.17
  SINCE JAN 1      6.54                      8.70  -2.16     7.82

DEGREE DAYS
 HEATING
  YESTERDAY       29                        38     -9       64
  MONTH TO DATE  806                       726     80      694
  SINCE SEP 1   1544                      1692   -148     1675
  SINCE JUL 1   1644                      1785   -141     1683

 COOLING
  YESTERDAY        0                         0      0        0
  MONTH TO DATE    0                         0      0        0
  SINCE SEP 1      2                         5     -3       49
  SINCE JAN 1    211                       186     25      371
..................................................................


WIND (MPH)
  HIGHEST WIND SPEED    40   HIGHEST WIND DIRECTION    SW (230)
  HIGHEST GUST SPEED    55   HIGHEST GUST DIRECTION    SW (230)
  AVERAGE WIND SPEED    23.3


SKY COVER
  AVERAGE SKY COVER 0.6


WEATHER CONDITIONS
 THE FOLLOWING WEATHER WAS RECORDED YESTERDAY.
  LIGHT RAIN
  HEAVY SNOW
  SNOW
  LIGHT SNOW
  FOG
  FOG W/VISIBILITY <= 1/4 MILE
  HAZE


RELATIVE HUMIDITY (PERCENT)
 HIGHEST    92           200 PM
 LOWEST     37          1100 AM
 AVERAGE    65

..........................................................


THE RAWLINS WY AIRPORT CLIMATE NORMALS FOR TODAY
                         NORMAL    RECORD    YEAR
 MAXIMUM TEMPERATURE (F)   36        54      2006
                                             1998
                                             1954
 MINIMUM TEMPERATURE (F)   17       -12      1952


SUNRISE AND SUNSET
NOVEMBER 23 2014......SUNRISE   708 AM MST   SUNSET   442 PM MST
NOVEMBER 24 2014......SUNRISE   709 AM MST   SUNSET   442 PM MST


-  INDICATES NEGATIVE NUMBERS.
R  INDICATES RECORD WAS SET OR TIED.
MM INDICATES DATA IS MISSING.
T  INDICATES TRACE AMOUNT.




$$
