000
CDUS45 KCYS 280427
CLIRWL


CLIMATE REPORT
NATIONAL WEATHER SERVICE CHEYENNE WY
927 PM MST THU NOV 27 2014


...................................

...THE RAWLINS WY AIRPORT CLIMATE SUMMARY FOR NOVEMBER 27 2014...
VALID TODAY AS OF 0900 PM LOCAL TIME.

CLIMATE NORMAL PERIOD 1981 TO 2010
CLIMATE RECORD PERIOD 1951 TO 2014


WEATHER ITEM   OBSERVED TIME   RECORD YEAR NORMAL DEPARTURE LAST
                VALUE   (LST)  VALUE       VALUE  FROM      YEAR
                                                  NORMAL
..................................................................
TEMPERATURE (F)
 TODAY
  MAXIMUM         50    223 PM  61    1998  35     15       46
  MINIMUM         38    706 AM -16    1976  15     23       21
  AVERAGE         44                        25     19       34

PRECIPITATION (IN)
  TODAY            0.00          0.29 2001   0.02  -0.02     0.00
  MONTH TO DATE    0.58                      0.51   0.07     0.17
  SINCE JAN 1      6.54                      8.78  -2.24     7.82

DEGREE DAYS
 HEATING
  TODAY           21                        40    -19       31
  MONTH TO DATE  977                       923     54      899
  SINCE SEP 1   1715                      1889   -174     1880
  SINCE JUL 1   1815                      1982   -167     1888

 COOLING
  TODAY            0                         0      0        0
  MONTH TO DATE    0                         0      0        0
  SINCE SEP 1      2                         5     -3       49
  SINCE JAN 1    211                       186     25      371
..................................................................


WIND (MPH)
  HIGHEST WIND SPEED    37   HIGHEST WIND DIRECTION     W (250)
  HIGHEST GUST SPEED    44   HIGHEST GUST DIRECTION     W (250)
  AVERAGE WIND SPEED    19.2


SKY COVER
  AVERAGE SKY COVER 0.0


WEATHER CONDITIONS
 THE FOLLOWING WEATHER WAS RECORDED TODAY.
  NO SIGNIFICANT WEATHER WAS OBSERVED.


RELATIVE HUMIDITY (PERCENT)
 HIGHEST    54          1200 AM
 LOWEST     34          1100 AM
 AVERAGE    44

..........................................................


THE RAWLINS WY AIRPORT CLIMATE NORMALS FOR TOMORROW
                         NORMAL    RECORD    YEAR
 MAXIMUM TEMPERATURE (F)   34        55      1999
                                             1998
 MINIMUM TEMPERATURE (F)   15       -14      1952


SUNRISE AND SUNSET
NOVEMBER 27 2014......SUNRISE   712 AM MST   SUNSET   440 PM MST
NOVEMBER 28 2014......SUNRISE   713 AM MST   SUNSET   440 PM MST


-  INDICATES NEGATIVE NUMBERS.
R  INDICATES RECORD WAS SET OR TIED.
MM INDICATES DATA IS MISSING.
T  INDICATES TRACE AMOUNT.




$$
