000
CDUS45 KPIH 100732
CLIRXE


CLIMATE REPORT
NATIONAL WEATHER SERVICE POCATELLO ID
132 AM MDT THU JUL 10 2014


...................................

...THE REXBURG ID CLIMATE SUMMARY FOR JULY 9 2014...

CLIMATE NORMAL PERIOD 1981 TO 2010
CLIMATE RECORD PERIOD 1998 TO 2014


WEATHER ITEM   OBSERVED TIME   RECORD YEAR NORMAL DEPARTURE LAST
                VALUE   (LST)  VALUE       VALUE  FROM      YEAR
                                                  NORMAL
..................................................................
TEMPERATURE (F)
 YESTERDAY
  MAXIMUM         91    357 PM  94    2012  82      9       88
  MINIMUM         52    523 AM  41    2009  50      2       50
                                      2004
                                      1999
  AVERAGE         72                        66      6       69

PRECIPITATION (IN)
  YESTERDAY        0.00         MM      MM   0.03  -0.03     0.00
  MONTH TO DATE    T                         0.29  -0.29      T
  SINCE OCT 1      7.65                     10.74  -3.09     7.87
  SINCE JAN 1      5.79                      7.53  -1.74     4.48

SNOWFALL (IN)
  YESTERDAY       MM
  MONTH TO DATE   MM
  SINCE JUN 1     MM
  SINCE JUL 1     MM
  SNOW DEPTH      MM

DEGREE DAYS
 HEATING
  YESTERDAY        0                         1     -1        0
  MONTH TO DATE    3                        17    -14        0
  SINCE JUN 1    158                       189    -31      117
  SINCE JUL 1      3                        17    -14        0

 COOLING
  YESTERDAY        7                         2      5        4
  MONTH TO DATE   47                        13     34       71
  SINCE JUN 1     50                        31     19      130
  SINCE JAN 1     50                        35     15      132
..................................................................


WIND (MPH)
  HIGHEST WIND SPEED    18   HIGHEST WIND DIRECTION    SW (220)
  HIGHEST GUST SPEED    24   HIGHEST GUST DIRECTION    SW (230)
  AVERAGE WIND SPEED     6.0


SKY COVER
  POSSIBLE SUNSHINE  MM
  AVERAGE SKY COVER 0.0


WEATHER CONDITIONS
 THE FOLLOWING WEATHER WAS RECORDED YESTERDAY.
  NO SIGNIFICANT WEATHER WAS OBSERVED.


RELATIVE HUMIDITY (PERCENT)
 HIGHEST    83           400 AM
 LOWEST     19           400 PM
 AVERAGE    51

..........................................................


THE REXBURG ID CLIMATE NORMALS FOR TODAY
                         NORMAL    RECORD    YEAR
 MAXIMUM TEMPERATURE (F)   82        95      2012
 MINIMUM TEMPERATURE (F)   50        44      2009


SUNRISE AND SUNSET
JULY 10 2014..........SUNRISE   555 AM MDT   SUNSET   910 PM MDT
JULY 11 2014..........SUNRISE   556 AM MDT   SUNSET   909 PM MDT


-  INDICATES NEGATIVE NUMBERS.
R  INDICATES RECORD WAS SET OR TIED.
MM INDICATES DATA IS MISSING.
T  INDICATES TRACE AMOUNT.




$$
