000
CDUS45 KPIH 030734
CLIRXE


CLIMATE REPORT
NATIONAL WEATHER SERVICE POCATELLO ID
131 AM MDT WED SEP 3 2014


...................................

...THE REXBURG ID CLIMATE SUMMARY FOR SEPTEMBER 2 2014...

CLIMATE NORMAL PERIOD 1981 TO 2010
CLIMATE RECORD PERIOD 1998 TO 2014


WEATHER ITEM   OBSERVED TIME   RECORD YEAR NORMAL DEPARTURE LAST
                VALUE   (LST)  VALUE       VALUE  FROM      YEAR
                                                  NORMAL
..................................................................
TEMPERATURE (F)
 YESTERDAY
  MAXIMUM         77    420 PM  91    2007  78     -1       73
  MINIMUM         40    618 AM  36    2006  44     -4       56
  AVERAGE         59                        61     -2       65

PRECIPITATION (IN)
  YESTERDAY        0.00         MM      MM   0.03  -0.03     0.02
  MONTH TO DATE    0.00                      0.06  -0.06     0.02
  SINCE OCT 1     13.13                     12.19   0.94     8.69
  SINCE JAN 1     11.27                      8.98   2.29     5.30

SNOWFALL (IN)
  YESTERDAY       MM
  MONTH TO DATE   MM
  SINCE SEP 1     MM
  SINCE JUL 1     MM
  SNOW DEPTH      MM

DEGREE DAYS
 HEATING
  YESTERDAY        6                         5      1        0
  MONTH TO DATE   14                         9      5        0
  SINCE SEP 1     14                         9      5        0
  SINCE JUL 1     88                        82      6        0

 COOLING
  YESTERDAY        0                         1     -1        0
  MONTH TO DATE    0                         2     -2        2
  SINCE SEP 1      0                         2     -2        2
  SINCE JAN 1    222                       204     18      415
..................................................................


WIND (MPH)
  HIGHEST WIND SPEED    21   HIGHEST WIND DIRECTION    SW (220)
  HIGHEST GUST SPEED    28   HIGHEST GUST DIRECTION     S (200)
  AVERAGE WIND SPEED     8.6


SKY COVER
  POSSIBLE SUNSHINE  MM
  AVERAGE SKY COVER 0.0


WEATHER CONDITIONS
 THE FOLLOWING WEATHER WAS RECORDED YESTERDAY.
  NO SIGNIFICANT WEATHER WAS OBSERVED.


RELATIVE HUMIDITY (PERCENT)
 HIGHEST    92           600 AM
 LOWEST     23           500 PM
 AVERAGE    58

..........................................................


THE REXBURG ID CLIMATE NORMALS FOR TODAY
                         NORMAL    RECORD    YEAR
 MAXIMUM TEMPERATURE (F)   77        90      2007
                                             2002
 MINIMUM TEMPERATURE (F)   44        36      2010


SUNRISE AND SUNSET
SEPTEMBER  3 2014.....SUNRISE   653 AM MDT   SUNSET   759 PM MDT
SEPTEMBER  4 2014.....SUNRISE   654 AM MDT   SUNSET   757 PM MDT


-  INDICATES NEGATIVE NUMBERS.
R  INDICATES RECORD WAS SET OR TIED.
MM INDICATES DATA IS MISSING.
T  INDICATES TRACE AMOUNT.




$$
