000
CDUS45 KPIH 220733
CLIRXE


CLIMATE REPORT
NATIONAL WEATHER SERVICE POCATELLO ID
132 AM MDT WED OCT 22 2014


...................................

...THE REXBURG ID CLIMATE SUMMARY FOR OCTOBER 21 2014...

CLIMATE NORMAL PERIOD 1981 TO 2010
CLIMATE RECORD PERIOD 1998 TO 2014


WEATHER ITEM   OBSERVED TIME   RECORD YEAR NORMAL DEPARTURE LAST
                VALUE   (LST)  VALUE       VALUE  FROM      YEAR
                                                  NORMAL
..................................................................
TEMPERATURE (F)
 YESTERDAY
  MAXIMUM         61    120 AM  75    2003  56      5       58
  MINIMUM         41   1159 PM  23    1998  30     11       25
  AVERAGE         51                        43      8       42

PRECIPITATION (IN)
  YESTERDAY        0.02         MM      MM   0.03  -0.01     0.00
  MONTH TO DATE    0.03                      0.77  -0.74     0.55
  SINCE OCT 1      0.03                      0.77  -0.74     0.55
  SINCE JAN 1     14.13                     10.65   3.48     6.99

SNOWFALL (IN)
  YESTERDAY       MM
  MONTH TO DATE   MM
  SINCE SEP 1     MM
  SINCE JUL 1     MM
  SNOW DEPTH      MM

DEGREE DAYS
 HEATING
  YESTERDAY       14                        22     -8       23
  MONTH TO DATE  320                       386    -66      474
  SINCE SEP 1    518                       671   -153      621
  SINCE JUL 1    592                       744   -152      621

 COOLING
  YESTERDAY        0                         0      0        0
  MONTH TO DATE    0                         0      0        0
  SINCE SEP 1     12                         6      6       39
  SINCE JAN 1    234                       208     26      452
..................................................................


WIND (MPH)
  HIGHEST WIND SPEED    29   HIGHEST WIND DIRECTION    SW (210)
  HIGHEST GUST SPEED    37   HIGHEST GUST DIRECTION    SW (210)
  AVERAGE WIND SPEED    11.5


SKY COVER
  POSSIBLE SUNSHINE  MM
  AVERAGE SKY COVER 0.8


WEATHER CONDITIONS
 THE FOLLOWING WEATHER WAS RECORDED YESTERDAY.
  THUNDERSTORM
  LIGHT RAIN


RELATIVE HUMIDITY (PERCENT)
 HIGHEST    83           900 AM
 LOWEST     48           400 PM
 AVERAGE    66

..........................................................


THE REXBURG ID CLIMATE NORMALS FOR TODAY
                         NORMAL    RECORD    YEAR
 MAXIMUM TEMPERATURE (F)   56        77      2003
 MINIMUM TEMPERATURE (F)   30        17      2008


SUNRISE AND SUNSET
OCTOBER 22 2014.......SUNRISE   750 AM MDT   SUNSET   632 PM MDT
OCTOBER 23 2014.......SUNRISE   752 AM MDT   SUNSET   631 PM MDT


-  INDICATES NEGATIVE NUMBERS.
R  INDICATES RECORD WAS SET OR TIED.
MM INDICATES DATA IS MISSING.
T  INDICATES TRACE AMOUNT.




$$
