000
CDUS46 KSTO 010841
CLISAC

CLIMATE REPORT
NATIONAL WEATHER SERVICE SACRAMENTO, CA
136 AM PDT SAT OCT 1 2016


...............................................................

...THE SACRAMENTO EXEC. AIRPORT CA CLIMATE SUMMARY FOR SEPTEMBER 30 2016...

CLIMATE NORMAL PERIOD 1981 TO 2010
CLIMATE RECORD PERIOD 1930 TO 2016


WEATHER ITEM   OBSERVED TIME   RECORD YEAR NORMAL DEPARTURE LAST
                VALUE   (LST)  VALUE       VALUE  FROM      YEAR
                                                  NORMAL
..................................................................
TEMPERATURE (F)
 YESTERDAY
  MAXIMUM         74    231 PM 101    1991  84    -10       66
  MINIMUM         52    617 AM  42    2007  54     -2       58
  AVERAGE         63

PRECIPITATION (IN)
  YESTERDAY        0.00          0.56 1983   0.02  -0.02     0.02
  MONTH TO DATE    T                         0.29  -0.29     0.04
  SINCE OCT 1     16.19                     18.52  -2.33    15.45
  SINCE JAN 1     12.75                     12.24   0.51     5.07

SNOWFALL (IN)
  YESTERDAY        0.0           0.0  2002   0.0             0.0
                                      2001
  MONTH TO DATE    0.0                       0.0             0.0
  SINCE SEP 1      0.0                       0.0             0.0
  SINCE JUL 1      0.0                       0.0             0.0

DEGREE DAYS
 HEATING
  YESTERDAY        2

 COOLING
  YESTERDAY        0
..................................................................


WIND (MPH)
  RESULTANT WIND SPEED   8   RESULTANT WIND DIRECTION   S (190)
  HIGHEST WIND SPEED    21   HIGHEST WIND DIRECTION    SW (220)
  HIGHEST GUST SPEED    28   HIGHEST GUST DIRECTION    SW (230)


SKY COVER
  POSSIBLE SUNSHINE  MM
  AVERAGE SKY COVER 0.0


WEATHER CONDITIONS
 THE FOLLOWING WEATHER WAS RECORDED YESTERDAY.
  NO SIGNIFICANT WEATHER WAS OBSERVED.


RELATIVE HUMIDITY (PERCENT)
 HIGHEST    89
 LOWEST     29
 AVERAGE    59

..........................................................


THE SACRAMENTO EXEC. AIRPORT CA CLIMATE NORMALS FOR TODAY
                         NORMAL    RECORD    YEAR
 MAXIMUM TEMPERATURE (F)   84       102      2001
 MINIMUM TEMPERATURE (F)   53        41      1950


SUNRISE AND SUNSET
OCTOBER  1 2016.......SUNRISE   702 AM PDT   SUNSET   648 PM PDT
OCTOBER  2 2016.......SUNRISE   703 AM PDT   SUNSET   646 PM PDT


-  INDICATES NEGATIVE NUMBERS.
R  INDICATES RECORD WAS SET OR TIED.
MM INDICATES DATA IS MISSING.
T  INDICATES TRACE AMOUNT.

&&
....................................................................

SACRAMENTO CITY CLIMATE DATA FOR FRIDAY SEPTEMBER 30 2016

HIGH...   77  RECORD HIGH   102 IN 1991    NORMAL    HIGH   84
LOW....   53  RECORD LOW     46 IN 1894    NORMAL    LOW    56

RAIN SINCE MIDNIGHT....  0.00   RECORD THIS DATE....... 0.74 IN 1883
TOTAL THIS MONTH.......  0.00   NORMAL SINCE OCT 1ST.........  20.27
TOTAL SINCE OCT 1ST...  16.97   PERCENT OF NORMAL............. 84%


$$
NNNN
