000
CDUS46 KSTO 280841
CLISAC

CLIMATE REPORT
NATIONAL WEATHER SERVICE SACRAMENTO, CA
1237 AM PST SAT FEB 28 2015


...................................

...THE SACRAMENTO EXEC. AIRPORT CA CLIMATE SUMMARY FOR FEBRUARY 27 2015...

CLIMATE NORMAL PERIOD 1981 TO 2010
CLIMATE RECORD PERIOD 1930 TO 2015


WEATHER ITEM   OBSERVED TIME   RECORD YEAR NORMAL DEPARTURE LAST
                VALUE   (LST)  VALUE       VALUE  FROM      YEAR
                                                  NORMAL
..................................................................
TEMPERATURE (F)
 YESTERDAY
  MAXIMUM         67    310 PM  76    1992  63      4       66
                                      1985
  MINIMUM         43    434 AM  28    1962  43      0       51
  AVERAGE         55

PRECIPITATION (IN)
  YESTERDAY        0.00          1.81 1973   0.11  -0.11     0.07
  MONTH TO DATE    2.82                      3.35  -0.53     3.28
  SINCE OCT 1     13.20                     13.27  -0.07     4.74
  SINCE JAN 1      2.82                      6.99  -4.17     3.43

SNOWFALL (IN)
  YESTERDAY        0.0          MM      MM   0.0             0.0
  MONTH TO DATE    0.0                       0.0             0.0
  SINCE DEC 1      0.0                       0.0             0.0
  SINCE JUL 1      0.0                       0.0             0.0

DEGREE DAYS
 HEATING
  YESTERDAY       10

 COOLING
  YESTERDAY        0
..................................................................


WIND (MPH)
  RESULTANT WIND SPEED   5   RESULTANT WIND DIRECTION  SW (220)
  HIGHEST WIND SPEED    22   HIGHEST WIND DIRECTION    SW (230)
  HIGHEST GUST SPEED    28   HIGHEST GUST DIRECTION    SW (230)


SKY COVER
  POSSIBLE SUNSHINE  MM
  AVERAGE SKY COVER 0.2


WEATHER CONDITIONS
 THE FOLLOWING WEATHER WAS RECORDED YESTERDAY.
  NO SIGNIFICANT WEATHER WAS OBSERVED.


RELATIVE HUMIDITY (PERCENT)
 HIGHEST    93
 LOWEST     48
 AVERAGE    71

..........................................................


THE SACRAMENTO EXEC. AIRPORT CA CLIMATE NORMALS FOR TODAY
                         NORMAL    RECORD    YEAR
 MAXIMUM TEMPERATURE (F)   63        74      1985
 MINIMUM TEMPERATURE (F)   43        30      1955
                                             1945


SUNRISE AND SUNSET
FEBRUARY 28 2015......SUNRISE   640 AM PST   SUNSET   558 PM PST
MARCH  1 2015.........SUNRISE   638 AM PST   SUNSET   559 PM PST


-  INDICATES NEGATIVE NUMBERS.
R  INDICATES RECORD WAS SET OR TIED.
MM INDICATES DATA IS MISSING.
T  INDICATES TRACE AMOUNT.






&&
....................................................................

SACRAMENTO CITY CLIMATE DATA FOR FRIDAY FEBRUARY 27 2015

HIGH...   68  RECORD HIGH    80 IN 1985    NORMAL    HIGH   64
LOW....   45  RECORD LOW     30 IN 1962    NORMAL    LOW    45

RAIN SINCE MIDNIGHT....  0.00   RECORD THIS DATE....... 2.19 IN 1940
TOTAL THIS MONTH.......  2.28   NORMAL SINCE OCT 1ST.........  14.49
TOTAL SINCE OCT 1ST... 11.57   PERCENT OF NORMAL.............  80%


$$
JCLAPP
