000
CDUS46 KSTO 220840
CLISAC

CLIMATE REPORT
NATIONAL WEATHER SERVICE SACRAMENTO, CA
140 AM PDT SUN OCT 22 2017


...................................

...THE SACRAMENTO EXEC. AIRPORT CA CLIMATE SUMMARY FOR OCTOBER 21 2017...

CLIMATE NORMAL PERIOD 1981 TO 2010
CLIMATE RECORD PERIOD 1930 TO 2017


WEATHER ITEM   OBSERVED TIME   RECORD YEAR NORMAL DEPARTURE LAST
                VALUE   (LST)  VALUE       VALUE  FROM      YEAR
                                                  NORMAL
..................................................................
TEMPERATURE (F)
 YESTERDAY
  MAXIMUM         71    340 PM  92    1991  76     -5       81
  MINIMUM         43    648 AM  38    1949  49     -6       48
  AVERAGE         57

PRECIPITATION (IN)
  YESTERDAY        0.00          0.29 1970   0.04  -0.04     0.00
  MONTH TO DATE    0.15                      0.52  -0.37     2.01
  SINCE OCT 1      0.15                      0.52  -0.37     2.01
  SINCE JAN 1     23.78                     12.76  11.02    14.76

SNOWFALL (IN)
  YESTERDAY        0.0           0.0  2002   0.0             0.0
                                      2001
  MONTH TO DATE    0.0                       0.0             0.0
  SINCE SEP 1      0.0                       0.0             0.0
  SINCE JUL 1      0.0                       0.0             0.0

DEGREE DAYS
 HEATING
  YESTERDAY        8

 COOLING
  YESTERDAY        0
..................................................................


WIND (MPH)
  RESULTANT WIND SPEED   3   RESULTANT WIND DIRECTION  NW (320)
  HIGHEST WIND SPEED    14   HIGHEST WIND DIRECTION     N (350)
  HIGHEST GUST SPEED    16   HIGHEST GUST DIRECTION    NW (320)


SKY COVER
  POSSIBLE SUNSHINE  MM
  AVERAGE SKY COVER 0.0


WEATHER CONDITIONS
 THE FOLLOWING WEATHER WAS RECORDED YESTERDAY.
  NO SIGNIFICANT WEATHER WAS OBSERVED.


RELATIVE HUMIDITY (PERCENT)
 HIGHEST   100
 LOWEST     37
 AVERAGE    69

..........................................................


THE SACRAMENTO EXEC. AIRPORT CA CLIMATE NORMALS FOR TODAY
                         NORMAL    RECORD    YEAR
 MAXIMUM TEMPERATURE (F)   75        88      1964
                                             1959
 MINIMUM TEMPERATURE (F)   49        39      1961
                                             1949


SUNRISE AND SUNSET
OCTOBER 22 2017.......SUNRISE   722 AM PDT   SUNSET   618 PM PDT
OCTOBER 23 2017.......SUNRISE   723 AM PDT   SUNSET   616 PM PDT


-  INDICATES NEGATIVE NUMBERS.
R  INDICATES RECORD WAS SET OR TIED.
MM INDICATES DATA IS MISSING.
T  INDICATES TRACE AMOUNT.

&&
....................................................................

SACRAMENTO CITY CLIMATE DATA FOR SATURDAY OCTOBER 21 2017

HIGH...   71  RECORD HIGH    93 IN 2003    NORMAL    HIGH   76
LOW....   45  RECORD LOW     38 IN 1886    NORMAL    LOW    52

RAIN SINCE MIDNIGHT....  0.00   RECORD THIS DATE....... 1.94 IN 1899
TOTAL THIS MONTH.......  0.14   NORMAL SINCE OCT 1ST.........  0.57
TOTAL SINCE OCT 1ST....  0.14   PERCENT OF NORMAL.............  25%

$$
