000
CDUS46 KSTO 220046
CLISAC

CLIMATE REPORT
NATIONAL WEATHER SERVICE SACRAMENTO, CA
545 PM PDT THU AUG 21 2014


...................................

...THE SACRAMENTO EXEC. AIRPORT CA CLIMATE SUMMARY FOR AUGUST 21 2014...
VALID TODAY AS OF 0500 PM LOCAL TIME.

CLIMATE NORMAL PERIOD 1981 TO 2010
CLIMATE RECORD PERIOD 1930 TO 2014


WEATHER ITEM   OBSERVED TIME   RECORD YEAR NORMAL DEPARTURE LAST
                VALUE   (LST)  VALUE       VALUE  FROM      YEAR
                                                  NORMAL
..................................................................
TEMPERATURE (F)
 TODAY
  MAXIMUM         89    359 PM 103    1969  91     -2       89
  MINIMUM         59    606 AM  50    1970  58      1       60
  AVERAGE         74

PRECIPITATION (IN)
  TODAY            0.00          0.19 2003   0.01  -0.01     0.00
  MONTH TO DATE    T                         0.03  -0.03      T
  SINCE JUL 1      0.01                      0.03  -0.02      T
  SINCE JAN 1      7.90                     11.93  -4.03     3.91

SNOWFALL (IN)
  TODAY            0.0          MM      MM   0.0             0.0
  MONTH TO DATE    0.0                       0.0             0.0
  SINCE JUN 1      0.0                       0.0             0.0
  SINCE JUL 1      0.0                       0.0             0.0

DEGREE DAYS
 HEATING
  TODAY            0

 COOLING
  TODAY            9
..................................................................


WIND (MPH)
  RESULTANT WIND SPEED   3   RESULTANT WIND DIRECTION   S (180)
  HIGHEST WIND SPEED    13   HIGHEST WIND DIRECTION    SW (230)
  HIGHEST GUST SPEED    16   HIGHEST GUST DIRECTION    SW (220)


SKY COVER
  POSSIBLE SUNSHINE  MM
  AVERAGE SKY COVER 0.0


WEATHER CONDITIONS
 THE FOLLOWING WEATHER WAS RECORDED TODAY.
  NO SIGNIFICANT WEATHER WAS OBSERVED.


RELATIVE HUMIDITY (PERCENT)
 HIGHEST    90
 LOWEST     32
 AVERAGE    61

..........................................................


THE SACRAMENTO EXEC. AIRPORT CA CLIMATE NORMALS FOR TOMORROW
                         NORMAL    RECORD    YEAR
 MAXIMUM TEMPERATURE (F)   91       102      1969
 MINIMUM TEMPERATURE (F)   58        49      1978


SUNRISE AND SUNSET
AUGUST 21 2014........SUNRISE   626 AM PDT   SUNSET   752 PM PDT
AUGUST 22 2014........SUNRISE   627 AM PDT   SUNSET   750 PM PDT


-  INDICATES NEGATIVE NUMBERS.
R  INDICATES RECORD WAS SET OR TIED.
MM INDICATES DATA IS MISSING.
T  INDICATES TRACE AMOUNT.






&&
....................................................................

SACRAMENTO CITY CLIMATE DATA FOR THURSDAY AUGUST 21 2014

HIGH...   91  RECORD HIGH   102 IN 1982    NORMAL    HIGH   92
LOW....   59  RECORD LOW     49 IN 1910    NORMAL    LOW    60

RAIN SINCE MIDNIGHT....  0.00   RECORD THIS DATE....... 0.22 IN 2003
TOTAL THIS MONTH.......  0.00   NORMAL SEASON TO DATE.........  0.02
TOTAL SINCE JULY 1ST...  0.02   PERCENT OF NORMAL.............  100%


$$
NNNN
