000
CDUS46 KSTO 010040
CLISAC

CLIMATE REPORT
NATIONAL WEATHER SERVICE SACRAMENTO, CA
537 PM PDT FRI JUL 31 2015


...................................

...THE SACRAMENTO EXEC. AIRPORT CA CLIMATE SUMMARY FOR JULY 31 2015...
VALID TODAY AS OF 0500 PM LOCAL TIME.

CLIMATE NORMAL PERIOD 1981 TO 2010
CLIMATE RECORD PERIOD 1930 TO 2015


WEATHER ITEM   OBSERVED TIME   RECORD YEAR NORMAL DEPARTURE LAST
                VALUE   (LST)  VALUE       VALUE  FROM      YEAR
                                                  NORMAL
..................................................................
TEMPERATURE (F)
 TODAY
  MAXIMUM         92    238 PM 108    1996  93     -1      100
  MINIMUM         64    702 AM  53    1992  59      5       64
                                      1989
                                      1981
  AVERAGE         78

PRECIPITATION (IN)
  TODAY            0.00          T    2003   0.00   0.00     0.00
                                      1949
  MONTH TO DATE    T                         T      0.00     0.01
  SINCE OCT 1     15.41                     18.18  -2.77     9.21
  SINCE JAN 1      5.03                     11.90  -6.87     7.90

SNOWFALL (IN)
  TODAY            0.0          MM      MM   0.0             0.0
  MONTH TO DATE    0.0                       0.0             0.0
  SINCE JUN 1      0.0                       0.0             0.0
  SINCE JUL 1      0.0                       0.0             0.0

DEGREE DAYS
 HEATING
  TODAY            0

 COOLING
  TODAY           13
..................................................................


WIND (MPH)
  RESULTANT WIND SPEED   5   RESULTANT WIND DIRECTION   S (190)
  HIGHEST WIND SPEED    14   HIGHEST WIND DIRECTION    SW (220)
  HIGHEST GUST SPEED    16   HIGHEST GUST DIRECTION    SW (220)


SKY COVER
  POSSIBLE SUNSHINE  MM
  AVERAGE SKY COVER 0.0


WEATHER CONDITIONS
 THE FOLLOWING WEATHER WAS RECORDED TODAY.
  NO SIGNIFICANT WEATHER WAS OBSERVED.


RELATIVE HUMIDITY (PERCENT)
 HIGHEST    78
 LOWEST     36
 AVERAGE    57

..........................................................


THE SACRAMENTO EXEC. AIRPORT CA CLIMATE NORMALS FOR TOMORROW
                         NORMAL    RECORD    YEAR
 MAXIMUM TEMPERATURE (F)   92       106      1993
 MINIMUM TEMPERATURE (F)   59        52      1970


SUNRISE AND SUNSET
JULY 31 2015..........SUNRISE   607 AM PDT   SUNSET   817 PM PDT
AUGUST  1 2015........SUNRISE   608 AM PDT   SUNSET   816 PM PDT


-  INDICATES NEGATIVE NUMBERS.
R  INDICATES RECORD WAS SET OR TIED.
MM INDICATES DATA IS MISSING.
T  INDICATES TRACE AMOUNT.

&&
....................................................................

SACRAMENTO CITY CLIMATE DATA FOR FRIDAY JULY 31 2015

HIGH...   95  RECORD HIGH   109 IN 1996    NORMAL    HIGH   94
LOW....   65  RECORD LOW     51 IN 1919    NORMAL    LOW    61

RAIN SINCE MIDNIGHT....  0.00   RECORD THIS DATE.......    T IN 1949
TOTAL THIS MONTH.......  0.00   NORMAL SINCE OCT 1ST.........  19.89
TOTAL SINCE OCT 1ST...  13.80   PERCENT OF NORMAL.............  69%


$$
NNNN
