000
CDUS46 KSTO 060047
CLISAC

CLIMATE REPORT
NATIONAL WEATHER SERVICE SACRAMENTO, CA
540 PM PDT THU MAY 5 2016


...................................

...THE SACRAMENTO EXEC. AIRPORT CA CLIMATE SUMMARY FOR MAY 5 2016...
VALID TODAY AS OF 0500 PM LOCAL TIME.

CLIMATE NORMAL PERIOD 1981 TO 2010
CLIMATE RECORD PERIOD 1930 TO 2016


WEATHER ITEM   OBSERVED TIME   RECORD YEAR NORMAL DEPARTURE LAST
                VALUE   (LST)  VALUE       VALUE  FROM      YEAR
                                                  NORMAL
..................................................................
TEMPERATURE (F)
 TODAY
  MAXIMUM         65    956 AM  96    1990  77    -12       76
  MINIMUM         57    604 AM  38    1965  49      8       52
  AVERAGE         61

PRECIPITATION (IN)
  TODAY            T             0.41 1995   0.03  -0.03     0.00
  MONTH TO DATE    T                         0.14  -0.14     0.00
  SINCE OCT 1     15.80                     17.43  -1.63    15.27
  SINCE JAN 1     12.36                     11.15   1.21     4.89

SNOWFALL (IN)
  TODAY            0.0          MM      MM   0.0             0.0
  MONTH TO DATE    0.0                       0.0             0.0
  SINCE MAR 1      0.0                       0.0             0.0
  SINCE JUL 1      0.0                       0.0             0.0

DEGREE DAYS
 HEATING
  TODAY            4

 COOLING
  TODAY            0
..................................................................


WIND (MPH)
  RESULTANT WIND SPEED   8   RESULTANT WIND DIRECTION  SW (210)
  HIGHEST WIND SPEED    17   HIGHEST WIND DIRECTION    SW (230)
  HIGHEST GUST SPEED    22   HIGHEST GUST DIRECTION    SW (230)


SKY COVER
  POSSIBLE SUNSHINE  MM
  AVERAGE SKY COVER 0.6


WEATHER CONDITIONS
 THE FOLLOWING WEATHER WAS RECORDED TODAY.
  LIGHT RAIN


RELATIVE HUMIDITY (PERCENT)
 HIGHEST    72
 LOWEST     56
 AVERAGE    64

..........................................................


THE SACRAMENTO EXEC. AIRPORT CA CLIMATE NORMALS FOR TOMORROW
                         NORMAL    RECORD    YEAR
 MAXIMUM TEMPERATURE (F)   77        99      1987
 MINIMUM TEMPERATURE (F)   49        37      1986


SUNRISE AND SUNSET
MAY  5 2016...........SUNRISE   604 AM PDT   SUNSET   802 PM PDT
MAY  6 2016...........SUNRISE   603 AM PDT   SUNSET   803 PM PDT


-  INDICATES NEGATIVE NUMBERS.
R  INDICATES RECORD WAS SET OR TIED.
MM INDICATES DATA IS MISSING.
T  INDICATES TRACE AMOUNT.

&&
....................................................................

SACRAMENTO CITY CLIMATE DATA FOR THURSDAY MAY 5 2016

HIGH...   64  RECORD HIGH   100 IN 1987    NORMAL    HIGH   78
LOW....   57  RECORD LOW     42 IN 1988    NORMAL    LOW    52

RAIN SINCE MIDNIGHT....  0.10   RECORD THIS DATE....... 1.94 IN 1889
TOTAL THIS MONTH.......  0.10   NORMAL SINCE OCT 1ST.........  19.10
TOTAL SINCE OCT 1ST...  16.48   PERCENT OF NORMAL.............  86%


$$
NNNN
