000
CDUS46 KSTO 241444
CLISAC

CLIMATE REPORT
NATIONAL WEATHER SERVICE SACRAMENTO, CA
743 AM PDT THU APR 24 2014


...................................

...THE SACRAMENTO EXEC. AIRPORT CA CLIMATE SUMMARY FOR APRIL 23 2014...

CLIMATE NORMAL PERIOD 1981 TO 2010
CLIMATE RECORD PERIOD 1930 TO 2014


WEATHER ITEM   OBSERVED TIME   RECORD YEAR NORMAL DEPARTURE LAST
                VALUE   (LST)  VALUE       VALUE  FROM      YEAR
                                                  NORMAL
..................................................................
TEMPERATURE (F)
 YESTERDAY
  MAXIMUM         73    456 PM  89    1962  73      0       85
  MINIMUM         40    542 AM  37    1964  47     -7       54
  AVERAGE         57

PRECIPITATION (IN)
  YESTERDAY        0.00          0.65 1983   0.03  -0.03     0.00
  MONTH TO DATE    1.38                      0.94   0.44     0.69
  SINCE JUL 1      9.34                     17.42  -8.08    14.68
  SINCE JAN 1      7.44                     10.80  -3.36     3.39

SNOWFALL (IN)
  YESTERDAY        0.0          MM      MM   0.0             0.0
  MONTH TO DATE    0.0                       0.0             0.0
  SINCE MAR 1      0.0                       0.0             0.0
  SINCE JUL 1      0.0                       0.0             0.0

DEGREE DAYS
 HEATING
  YESTERDAY        8

 COOLING
  YESTERDAY        0
..................................................................


WIND (MPH)
  RESULTANT WIND SPEED   3   RESULTANT WIND DIRECTION   W (290)
  HIGHEST WIND SPEED    14   HIGHEST WIND DIRECTION    SW (220)
  HIGHEST GUST SPEED    21   HIGHEST GUST DIRECTION    NW (310)


SKY COVER
  POSSIBLE SUNSHINE  MM
  AVERAGE SKY COVER 0.0


WEATHER CONDITIONS
 THE FOLLOWING WEATHER WAS RECORDED YESTERDAY.
  HAZE


RELATIVE HUMIDITY (PERCENT)
 HIGHEST    93
 LOWEST     23
 AVERAGE    58

..........................................................


THE SACRAMENTO EXEC. AIRPORT CA CLIMATE NORMALS FOR TODAY
                         NORMAL    RECORD    YEAR
 MAXIMUM TEMPERATURE (F)   74        90      2013
 MINIMUM TEMPERATURE (F)   47        36      2008
                                             1964


SUNRISE AND SUNSET
APRIL 24 2014.........SUNRISE   618 AM PDT   SUNSET   751 PM PDT
APRIL 25 2014.........SUNRISE   616 AM PDT   SUNSET   752 PM PDT


-  INDICATES NEGATIVE NUMBERS.
R  INDICATES RECORD WAS SET OR TIED.
MM INDICATES DATA IS MISSING.
T  INDICATES TRACE AMOUNT.

&&
....................................................................

SACRAMENTO CITY CLIMATE DATA FOR WEDNESDAY APRIL 23 2014

HIGH...   74  RECORD HIGH    92 IN 1946    NORMAL    HIGH   75
LOW....   45  RECORD LOW     39 IN 1920    NORMAL    LOW    50

RAIN SINCE MIDNIGHT....  0.00   RECORD THIS DATE.......  0.6 IN 1896
TOTAL THIS MONTH.......  1.31   NORMAL SEASON TO DATE.........  19.08
TOTAL SINCE JULY 1ST...  9.68   PERCENT OF NORMAL.............   50%


$$
