000
CDUS46 KSTO 100853
CLISAC

CLIMATE REPORT
NATIONAL WEATHER SERVICE SACRAMENTO, CA
1251 AM PST SAT DEC 10 2016


...............................................................

...THE SACRAMENTO EXEC. AIRPORT CA CLIMATE SUMMARY FOR DECEMBER 9 2016...

CLIMATE NORMAL PERIOD 1981 TO 2010
CLIMATE RECORD PERIOD 1930 TO 2016


WEATHER ITEM   OBSERVED TIME   RECORD YEAR NORMAL DEPARTURE LAST
                VALUE   (LST)  VALUE       VALUE  FROM      YEAR
                                                  NORMAL
..................................................................
TEMPERATURE (F)
 YESTERDAY
  MAXIMUM         61    332 PM  67    1950  55      6       62
  MINIMUM         45    211 AM  21    1972  39      6       50
  AVERAGE         53

PRECIPITATION (IN)
  YESTERDAY        0.06          1.81 1954   0.10  -0.04     0.00
  MONTH TO DATE    0.84                      0.85  -0.01     0.41
  SINCE OCT 1      6.68                      3.88   2.80     2.10
  SINCE JAN 1     19.43                     16.12   3.31     7.17

SNOWFALL (IN)
  YESTERDAY       MM            MM      MM   0.0             0.0
  MONTH TO DATE    0.0                       0.0             0.0
  SINCE DEC 1      0.0                       0.0             0.0
  SINCE JUL 1      0.0                       0.0             0.0

DEGREE DAYS
 HEATING
  YESTERDAY       12

 COOLING
  YESTERDAY        0
..................................................................


WIND (MPH)
  RESULTANT WIND SPEED   1   RESULTANT WIND DIRECTION   S (200)
  HIGHEST WIND SPEED    10   HIGHEST WIND DIRECTION     S (170)
  HIGHEST GUST SPEED    17   HIGHEST GUST DIRECTION    SE (150)


SKY COVER
  POSSIBLE SUNSHINE  MM
  AVERAGE SKY COVER 0.8


WEATHER CONDITIONS
 THE FOLLOWING WEATHER WAS RECORDED YESTERDAY.
  LIGHT RAIN
  FOG


RELATIVE HUMIDITY (PERCENT)
 HIGHEST   100
 LOWEST     90
 AVERAGE    95

..........................................................


THE SACRAMENTO EXEC. AIRPORT CA CLIMATE NORMALS FOR TODAY
                         NORMAL    RECORD    YEAR
 MAXIMUM TEMPERATURE (F)   55        68      1943
 MINIMUM TEMPERATURE (F)   39        23      1972


SUNRISE AND SUNSET
DECEMBER 10 2016......SUNRISE   713 AM PST   SUNSET   445 PM PST
DECEMBER 11 2016......SUNRISE   714 AM PST   SUNSET   445 PM PST


-  INDICATES NEGATIVE NUMBERS.
R  INDICATES RECORD WAS SET OR TIED.
MM INDICATES DATA IS MISSING.
T  INDICATES TRACE AMOUNT.


&&
....................................................................

SACRAMENTO CITY CLIMATE DATA FOR FRIDAY DECEMBER 9 2016

HIGH...   63  RECORD HIGH    69 IN 1893    NORMAL    HIGH   55
LOW....   46  RECORD LOW     23 IN 1932    NORMAL    LOW    41

RAIN SINCE MIDNIGHT....  0.06   RECORD THIS DATE....... 1.87 IN 1954
TOTAL THIS MONTH.......  0.72   NORMAL SINCE OCT 1ST.........  4.4
TOTAL SINCE OCT 1ST...   6.46   PERCENT OF NORMAL.............  147%


$$
NNNN
