000
CDUS46 KSGX 280017
CLISAN


CLIMATE REPORT
NATIONAL WEATHER SERVICE SAN DIEGO, CA
417 PM PST FRI FEB 27 2015


...................................

...THE SAN DIEGO/LINDBERGH FIELD CA CLIMATE SUMMARY FOR FEBRUARY 27 2015...
VALID TODAY AS OF 0400 PM LOCAL TIME.

CLIMATE NORMAL PERIOD 1981 TO 2010
CLIMATE RECORD PERIOD 1850 TO 2015


WEATHER ITEM   OBSERVED TIME   RECORD YEAR NORMAL DEPARTURE LAST
                VALUE   (LST)  VALUE       VALUE  FROM      YEAR
                                                  NORMAL
..................................................................
TEMPERATURE (F)
 TODAY
  MAXIMUM         65    323 PM  83    1883  65      0       67
  MINIMUM         57    223 AM  39    1876  52      5       59
  AVERAGE         61                        58      3       63

PRECIPITATION (IN)
  TODAY            0.00          1.61 1911   0.08  -0.08     0.14
  MONTH TO DATE    0.18                      2.19  -2.01     0.49
  SINCE OCT 1      5.47                      7.28  -1.81     2.69
  SINCE JAN 1      0.60                      4.17  -3.57     0.50

SNOWFALL (IN)
  TODAY            0.0
  MONTH TO DATE    0.0
  SINCE JAN 1      0.0
  SINCE JUL 1      0.0
  SNOW DEPTH       0

DEGREE DAYS
 HEATING
  TODAY            4                         7     -3        2
  MONTH TO DATE   65                       195   -130      100
  SINCE DEC 1    319                       705   -386      385
  SINCE JUL 1    341                       850   -509      455

 COOLING
  TODAY            0                         0      0        0
  MONTH TO DATE   22                         0     22        2
  SINCE DEC 1     26                         2     24       13
  SINCE JAN 1     22                         2     20        9
..................................................................


WIND (MPH)
  RESULTANT WIND SPEED   8   RESULTANT WIND DIRECTION   S (160)
  HIGHEST WIND SPEED    20   HIGHEST WIND DIRECTION     S (180)
  HIGHEST GUST SPEED    24   HIGHEST GUST DIRECTION     S (180)
  AVERAGE WIND SPEED     9.7


SKY COVER
  POSSIBLE SUNSHINE  MM
  AVERAGE SKY COVER 0.8


WEATHER CONDITIONS
 THE FOLLOWING WEATHER WAS RECORDED TODAY.
  NO SIGNIFICANT WEATHER WAS OBSERVED.


RELATIVE HUMIDITY (PERCENT)
 HIGHEST    80           100 AM
 LOWEST     60          1100 AM
 AVERAGE    70

..........................................................


THE SAN DIEGO/LINDBERGH FIELD CA CLIMATE NORMALS FOR TOMORROW
                         NORMAL    RECORD    YEAR
 MAXIMUM TEMPERATURE (F)   65        83      1901
 MINIMUM TEMPERATURE (F)   52        40      1890


SUNRISE AND SUNSET
FEBRUARY 27 2015......SUNRISE   619 AM PST   SUNSET   544 PM PST
FEBRUARY 28 2015......SUNRISE   618 AM PST   SUNSET   545 PM PST


-  INDICATES NEGATIVE NUMBERS.
R  INDICATES RECORD WAS SET OR TIED.
MM INDICATES DATA IS MISSING.
T  INDICATES TRACE AMOUNT.




$$
