000
CDUS46 KSGX 240016
CLISAN


CLIMATE REPORT
NATIONAL WEATHER SERVICE SAN DIEGO, CA
516 PM PDT SAT MAY 23 2015


...................................

...THE SAN DIEGO/LINDBERGH FIELD CA CLIMATE SUMMARY FOR MAY 23 2015...
VALID TODAY AS OF 0500 PM LOCAL TIME.

CLIMATE NORMAL PERIOD 1981 TO 2010
CLIMATE RECORD PERIOD 1874 TO 2015


WEATHER ITEM   OBSERVED TIME   RECORD YEAR NORMAL DEPARTURE LAST
                VALUE   (LST)  VALUE       VALUE  FROM      YEAR
                                                  NORMAL
..................................................................
TEMPERATURE (F)
 TODAY
  MAXIMUM         68   1146 AM  82    1932  69     -1       71
  MINIMUM         61    549 AM  48    1879  60      1       63
  AVERAGE         65                        64      1       67

PRECIPITATION (IN)
  TODAY            0.02          0.17 1882   0.01   0.01     0.00
  MONTH TO DATE    2.39                      0.10   2.29      T
  SINCE OCT 1      8.91                     10.05  -1.14     5.01
  SINCE JAN 1      4.04                      6.94  -2.90     2.82

SNOWFALL (IN)
  TODAY            0.0
  MONTH TO DATE    0.0
  SINCE MAR 1      0.0
  SINCE JUL 1      0.0
  SNOW DEPTH       0

DEGREE DAYS
 HEATING
  TODAY            0                         2     -2        0
  MONTH TO DATE   35                        48    -13        8
  SINCE MAR 1     92                       339   -247       89
  SINCE JUL 1    438                      1197   -759      545

 COOLING
  TODAY            0                         1     -1        2
  MONTH TO DATE    9                        23    -14      129
  SINCE MAR 1    156                        42    114      204
  SINCE JAN 1    178                        47    131      213
..................................................................


WIND (MPH)
  RESULTANT WIND SPEED   6   RESULTANT WIND DIRECTION   W (260)
  HIGHEST WIND SPEED    14   HIGHEST WIND DIRECTION    SW (210)
  HIGHEST GUST SPEED    18   HIGHEST GUST DIRECTION    SW (230)
  AVERAGE WIND SPEED     7.2


SKY COVER
  POSSIBLE SUNSHINE  MM
  AVERAGE SKY COVER 0.7


WEATHER CONDITIONS
 THE FOLLOWING WEATHER WAS RECORDED TODAY.
  LIGHT RAIN


RELATIVE HUMIDITY (PERCENT)
 HIGHEST    78           400 AM
 LOWEST     52           300 PM
 AVERAGE    65

..........................................................


THE SAN DIEGO/LINDBERGH FIELD CA CLIMATE NORMALS FOR TOMORROW
                         NORMAL    RECORD    YEAR
 MAXIMUM TEMPERATURE (F)   69        95      1896
 MINIMUM TEMPERATURE (F)   60        48      1879


SUNRISE AND SUNSET
MAY 23 2015...........SUNRISE   545 AM PDT   SUNSET   746 PM PDT
MAY 24 2015...........SUNRISE   545 AM PDT   SUNSET   747 PM PDT


-  INDICATES NEGATIVE NUMBERS.
R  INDICATES RECORD WAS SET OR TIED.
MM INDICATES DATA IS MISSING.
T  INDICATES TRACE AMOUNT.




$$
