000
CDUS46 KSGX 241132
CLISAN


CLIMATE REPORT
NATIONAL WEATHER SERVICE SAN DIEGO, CA
431 AM PDT SAT JUN 24 2017


...................................

...THE SAN DIEGO INTL AIRPORT CA CLIMATE SUMMARY FOR JUNE 23 2017...

CLIMATE NORMAL PERIOD 1981 TO 2010
CLIMATE RECORD PERIOD 1874 TO 2017


WEATHER ITEM   OBSERVED TIME   RECORD YEAR NORMAL DEPARTURE LAST
                VALUE   (LST)  VALUE       VALUE  FROM      YEAR
                                                  NORMAL
..................................................................
TEMPERATURE (F)
 YESTERDAY
  MAXIMUM         74    248 PM  90    1978  72      2       74
  MINIMUM         65    932 PM  53    1893  63      2       64
  AVERAGE         70                        67      3       69

PRECIPITATION (IN)
  YESTERDAY        0.00          0.01 1972   0.00   0.00     0.00
                                      1918
  MONTH TO DATE    0.02                      0.06  -0.04      T
  SINCE OCT 1     12.65                     10.13   2.52     7.86
  SINCE JAN 1      7.75                      7.02   0.73     5.01

DEGREE DAYS
 HEATING
  YESTERDAY        0                         0      0        0
  MONTH TO DATE    9                        15     -6        0
  SINCE JUN 1      9                        15     -6        0
  SINCE JUL 1    736                      1222   -486      648

 COOLING
  YESTERDAY        5                         3      2        4
  MONTH TO DATE   65                        36     29       96
  SINCE JUN 1     65                        36     29       96
  SINCE JAN 1    157                        85     72      214
..................................................................


WIND (MPH)
  RESULTANT WIND SPEED   7   RESULTANT WIND DIRECTION  NW (300)
  HIGHEST WIND SPEED    15   HIGHEST WIND DIRECTION     W (270)
  HIGHEST GUST SPEED    18   HIGHEST GUST DIRECTION     W (270)
  AVERAGE WIND SPEED     7.2


SKY COVER
  POSSIBLE SUNSHINE  MM
  AVERAGE SKY COVER 0.9


WEATHER CONDITIONS
 THE FOLLOWING WEATHER WAS RECORDED YESTERDAY.
  FOG


RELATIVE HUMIDITY (PERCENT)
 HIGHEST    87           300 AM
 LOWEST     64           300 PM
 AVERAGE    76

..........................................................


THE SAN DIEGO INTL AIRPORT CA CLIMATE NORMALS FOR TODAY
                         NORMAL    RECORD    YEAR
 MAXIMUM TEMPERATURE (F)   72        96      1931
 MINIMUM TEMPERATURE (F)   63        53      1892


SUNRISE AND SUNSET
JUNE 24 2017..........SUNRISE   542 AM PDT   SUNSET   800 PM PDT
JUNE 25 2017..........SUNRISE   542 AM PDT   SUNSET   800 PM PDT


-  INDICATES NEGATIVE NUMBERS.
R  INDICATES RECORD WAS SET OR TIED.
MM INDICATES DATA IS MISSING.
T  INDICATES TRACE AMOUNT.




$$
