000
CDUS46 KSGX 240639
CLISAN


CLIMATE REPORT
NATIONAL WEATHER SERVICE SAN DIEGO, CA
1138 PM PDT MON MAY 23 2016


...................................

...THE SAN DIEGO/LINDBERGH FIELD CA CLIMATE SUMMARY FOR MAY 21 2016...

CLIMATE NORMAL PERIOD 1981 TO 2010
CLIMATE RECORD PERIOD 1874 TO 2016


WEATHER ITEM   OBSERVED TIME   RECORD YEAR NORMAL DEPARTURE LAST
                VALUE   (LST)  VALUE       VALUE  FROM      YEAR
                                                  NORMAL
..................................................................
TEMPERATURE (F)
 YESTERDAY
  MAXIMUM         67    232 PM  85    1941  69     -2       67
  MINIMUM         60    510 AM  49    1948  60      0       61
  AVERAGE         64                        64      0       64

PRECIPITATION (IN)
  YESTERDAY        0.00          0.58 1921   0.00   0.00     0.01
  MONTH TO DATE    0.43                      0.09   0.34     2.36
  SINCE OCT 1      7.85                     10.04  -2.19     8.88
  SINCE JAN 1      5.00                      6.93  -1.93     4.01

DEGREE DAYS
 HEATING
  YESTERDAY        1                         2     -1        1
  MONTH TO DATE    9                        44    -35       34
  SINCE MAR 1    105                       335   -230       91
  SINCE JUL 1    645                      1193   -548      437

 COOLING
  YESTERDAY        0                         1     -1        0
  MONTH TO DATE   12                        21     -9        9
  SINCE MAR 1     66                        40     26      156
  SINCE JAN 1    111                        45     66      178
..................................................................


WIND (MPH)
  RESULTANT WIND SPEED   8   RESULTANT WIND DIRECTION   W (250)
  HIGHEST WIND SPEED    14   HIGHEST WIND DIRECTION     W (280)
  HIGHEST GUST SPEED    22   HIGHEST GUST DIRECTION     W (250)
  AVERAGE WIND SPEED     8.6


SKY COVER
  POSSIBLE SUNSHINE  MM
  AVERAGE SKY COVER 0.7


WEATHER CONDITIONS
 THE FOLLOWING WEATHER WAS RECORDED YESTERDAY.
  NO SIGNIFICANT WEATHER WAS OBSERVED.


RELATIVE HUMIDITY (PERCENT)
 HIGHEST    60          1200 AM
 LOWEST     45          1100 AM
 AVERAGE    53

..........................................................


THE SAN DIEGO/LINDBERGH FIELD CA CLIMATE NORMALS FOR TODAY
                         NORMAL    RECORD    YEAR
 MAXIMUM TEMPERATURE (F)   69        88      1893
 MINIMUM TEMPERATURE (F)   60        48      1878


SUNRISE AND SUNSET
MAY 22 2016...........SUNRISE   545 AM PDT   SUNSET   746 PM PDT
MAY 23 2016...........SUNRISE   545 AM PDT   SUNSET   746 PM PDT


-  INDICATES NEGATIVE NUMBERS.
R  INDICATES RECORD WAS SET OR TIED.
MM INDICATES DATA IS MISSING.
T  INDICATES TRACE AMOUNT.




$$
