000
CDUS46 KSGX 280115
CLISAN


CLIMATE REPORT
NATIONAL WEATHER SERVICE SAN DIEGO, CA
515 PM PST MON FEB 27 2017


...................................

...THE SAN DIEGO INTL AIRPORT CA CLIMATE SUMMARY FOR FEBRUARY 27 2017...
VALID TODAY AS OF 0500 PM LOCAL TIME.

CLIMATE NORMAL PERIOD 1981 TO 2010
CLIMATE RECORD PERIOD 1874 TO 2017


WEATHER ITEM   OBSERVED TIME   RECORD YEAR NORMAL DEPARTURE LAST
                VALUE   (LST)  VALUE       VALUE  FROM      YEAR
                                                  NORMAL
..................................................................
TEMPERATURE (F)
 TODAY
  MAXIMUM         59    308 PM  83    1883  65     -6       73
  MINIMUM         54    326 AM  39    1876  52      2       55
  AVERAGE         57                        58     -1       64

PRECIPITATION (IN)
  TODAY            1.35          1.61 1911   0.08   1.27     0.00
  MONTH TO DATE    2.72                      2.19   0.53     0.05
  SINCE OCT 1     10.63                      7.28   3.35     6.11
  SINCE JAN 1      5.73                      4.17   1.56     3.26

DEGREE DAYS
 HEATING
  TODAY            8                         7      1        1
  MONTH TO DATE  136                       195    -59       66
  SINCE DEC 1    534                       705   -171      467
  SINCE JUL 1    584                       850   -266      536

 COOLING
  TODAY            0                         0      0        0
  MONTH TO DATE    0                         0      0       45
  SINCE DEC 1      4                         2      2       45
  SINCE JAN 1      0                         2     -2       45
..................................................................


WIND (MPH)
  RESULTANT WIND SPEED  15   RESULTANT WIND DIRECTION   S (180)
  HIGHEST WIND SPEED    26   HIGHEST WIND DIRECTION     S (190)
  HIGHEST GUST SPEED    34   HIGHEST GUST DIRECTION     S (190)
  AVERAGE WIND SPEED    16.0


SKY COVER
  POSSIBLE SUNSHINE  MM
  AVERAGE SKY COVER 1.0


WEATHER CONDITIONS
 THE FOLLOWING WEATHER WAS RECORDED TODAY.
  HEAVY RAIN
  RAIN
  LIGHT RAIN
  FOG


RELATIVE HUMIDITY (PERCENT)
 HIGHEST    93           200 AM
 LOWEST     83          1200 AM
 AVERAGE    88

..........................................................


THE SAN DIEGO INTL AIRPORT CA CLIMATE NORMALS FOR TOMORROW
                         NORMAL    RECORD    YEAR
 MAXIMUM TEMPERATURE (F)   65        83      1901
 MINIMUM TEMPERATURE (F)   52        40      1890


SUNRISE AND SUNSET
FEBRUARY 27 2017......SUNRISE   618 AM PST   SUNSET   545 PM PST
FEBRUARY 28 2017......SUNRISE   617 AM PST   SUNSET   545 PM PST


-  INDICATES NEGATIVE NUMBERS.
R  INDICATES RECORD WAS SET OR TIED.
MM INDICATES DATA IS MISSING.
T  INDICATES TRACE AMOUNT.




$$
