000
CDUS46 KSGX 212319
CLISAN


CLIMATE REPORT
NATIONAL WEATHER SERVICE SAN DIEGO, CA
419 PM PDT SAT OCT 21 2017


...................................

...THE SAN DIEGO INTL AIRPORT CA CLIMATE SUMMARY FOR OCTOBER 21 2017...
VALID TODAY AS OF 0400 PM LOCAL TIME.

CLIMATE NORMAL PERIOD 1981 TO 2010
CLIMATE RECORD PERIOD 1874 TO 2017


WEATHER ITEM   OBSERVED TIME   RECORD YEAR NORMAL DEPARTURE LAST
                VALUE   (LST)  VALUE       VALUE  FROM      YEAR
                                                  NORMAL
..................................................................
TEMPERATURE (F)
 TODAY
  MAXIMUM         74    243 PM 101    1965  72      2       88
  MINIMUM         61    715 AM  45    1949  60      1       64
                                      1920
  AVERAGE         68                        66      2       76

PRECIPITATION (IN)
  TODAY            0.00          0.32 1976   0.02  -0.02     0.00
  MONTH TO DATE    T                         0.34  -0.34      T
  SINCE OCT 1      T                         0.34  -0.34      T
  SINCE JAN 1      7.83                      7.57   0.26     5.33

DEGREE DAYS
 HEATING
  TODAY            0                         1     -1        0
  MONTH TO DATE    0                         4     -4        0
  SINCE SEP 1      0                         5     -5        0
  SINCE JUL 1      0                         6     -6        0

 COOLING
  TODAY            3                         2      1       11
  MONTH TO DATE  116                        57     59      129
  SINCE SEP 1    357                       225    132      348
  SINCE JAN 1   1060                       693    367     1030
..................................................................


WIND (MPH)
  RESULTANT WIND SPEED   1   RESULTANT WIND DIRECTION  NW (300)
  HIGHEST WIND SPEED    16   HIGHEST WIND DIRECTION    NW (300)
  HIGHEST GUST SPEED    21   HIGHEST GUST DIRECTION    NW (310)
  AVERAGE WIND SPEED     7.6


SKY COVER
  POSSIBLE SUNSHINE  MM
  AVERAGE SKY COVER 0.3


WEATHER CONDITIONS
 THE FOLLOWING WEATHER WAS RECORDED TODAY.
  NO SIGNIFICANT WEATHER WAS OBSERVED.


RELATIVE HUMIDITY (PERCENT)
 HIGHEST    72           300 AM
 LOWEST     53          1200 PM
 AVERAGE    63

..........................................................


THE SAN DIEGO INTL AIRPORT CA CLIMATE NORMALS FOR TOMORROW
                         NORMAL    RECORD    YEAR
 MAXIMUM TEMPERATURE (F)   72       104      1965
 MINIMUM TEMPERATURE (F)   60        46      1906


SUNRISE AND SUNSET
OCTOBER 21 2017.......SUNRISE   658 AM PDT   SUNSET   608 PM PDT
OCTOBER 22 2017.......SUNRISE   658 AM PDT   SUNSET   607 PM PDT


-  INDICATES NEGATIVE NUMBERS.
R  INDICATES RECORD WAS SET OR TIED.
MM INDICATES DATA IS MISSING.
T  INDICATES TRACE AMOUNT.




$$
