000
CDUS46 KSGX 311417
CLISAN


CLIMATE REPORT
NATIONAL WEATHER SERVICE SAN DIEGO, CA
716 AM PDT MON AUG 31 2015


...................................

...THE SAN DIEGO/LINDBERGH FIELD CA CLIMATE SUMMARY FOR AUGUST 30 2015...

CLIMATE NORMAL PERIOD 1981 TO 2010
CLIMATE RECORD PERIOD 1874 TO 2015


WEATHER ITEM   OBSERVED TIME   RECORD YEAR NORMAL DEPARTURE LAST
                VALUE   (LST)  VALUE       VALUE  FROM      YEAR
                                                  NORMAL
..................................................................
TEMPERATURE (F)
 YESTERDAY
  MAXIMUM         81    150 PM  93    1909  77      4       79
  MINIMUM         70   1159 PM  56    1880  67      3       68
                                      1879
  AVERAGE         76                        72      4       74

PRECIPITATION (IN)
  YESTERDAY        0.00          0.21 1875   0.00   0.00     0.00
  MONTH TO DATE    0.01                      0.02  -0.01     0.08
  SINCE OCT 1     10.67                     10.19   0.48     5.09
  SINCE JAN 1      5.80                      7.08  -1.28     2.90

DEGREE DAYS
 HEATING
  YESTERDAY        0                         0      0        0
  MONTH TO DATE    0                         0      0        0
  SINCE JUN 1      1                        19    -18        0
  SINCE JUL 1      0                         1     -1        0

 COOLING
  YESTERDAY       11                         7      4        9
  MONTH TO DATE  315                       198    117      271
  SINCE JUN 1    675                       414    261      656
  SINCE JAN 1    858                       463    395      895
..................................................................


WIND (MPH)
  RESULTANT WIND SPEED   4   RESULTANT WIND DIRECTION   W (270)
  HIGHEST WIND SPEED    12   HIGHEST WIND DIRECTION     W (270)
  HIGHEST GUST SPEED    16   HIGHEST GUST DIRECTION     W (270)
  AVERAGE WIND SPEED     4.6


SKY COVER
  POSSIBLE SUNSHINE  MM
  AVERAGE SKY COVER 0.4


WEATHER CONDITIONS
 THE FOLLOWING WEATHER WAS RECORDED YESTERDAY.
  NO SIGNIFICANT WEATHER WAS OBSERVED.


RELATIVE HUMIDITY (PERCENT)
 HIGHEST    84           200 AM
 LOWEST     58           100 PM
 AVERAGE    71

..........................................................


THE SAN DIEGO/LINDBERGH FIELD CA CLIMATE NORMALS FOR TODAY
                         NORMAL    RECORD    YEAR
 MAXIMUM TEMPERATURE (F)   77        98      1955
 MINIMUM TEMPERATURE (F)   67        58      1942
                                             1901


SUNRISE AND SUNSET
AUGUST 31 2015........SUNRISE   623 AM PDT   SUNSET   715 PM PDT
SEPTEMBER  1 2015.....SUNRISE   623 AM PDT   SUNSET   714 PM PDT


-  INDICATES NEGATIVE NUMBERS.
R  INDICATES RECORD WAS SET OR TIED.
MM INDICATES DATA IS MISSING.
T  INDICATES TRACE AMOUNT.




$$
