000
CDUS44 KEWX 222225
CLISAT


CLIMATE REPORT
NATIONAL WEATHER SERVICE AUSTIN/SAN ANTONIO, TX
524 PM CDT TUE APR 22 2014


...................................

...THE SAN ANTONIO CLIMATE SUMMARY FOR APRIL 22 2014...
VALID TODAY AS OF 524 PM LOCAL TIME.

CLIMATE NORMAL PERIOD 1981 TO 2010
CLIMATE RECORD PERIOD 1886 TO 2014


WEATHER ITEM   OBSERVED TIME   RECORD YEAR NORMAL DEPARTURE LAST
                VALUE   (LST)  VALUE       VALUE  FROM      YEAR
                                                  NORMAL
..................................................................
TEMPERATURE (F)
 TODAY
  MAXIMUM         91    355 PM  96    2009  82      9       84
                                      1963
  MINIMUM         63    624 AM  43    1993  60      3       62
                                      1931
  AVERAGE         77                        71      6       73

PRECIPITATION (IN)
  TODAY            0.00          2.07 1978   0.08  -0.08     0.00
  MONTH TO DATE    0.68                      1.41  -0.73     1.81
  SINCE MAR 1      1.74                      3.72  -1.98     2.76
  SINCE JAN 1      2.39                      7.27  -4.88     5.69

SNOWFALL (IN)
  TODAY            0.0
  MONTH TO DATE    0.0
  SINCE MAR 1      0.0
  SINCE JUL 1      0.4
  SNOW DEPTH       0

DEGREE DAYS
 HEATING
  TODAY            0                         1     -1        0
  MONTH TO DATE   40                        37      3       46
  SINCE MAR 1    228                       191     37      186
  SINCE JUL 1   1562                      1492     70     1180

 COOLING
  TODAY           12                         7      5        8
  MONTH TO DATE  128                       109     19      102
  SINCE MAR 1    189                       174     15      179
  SINCE JAN 1    254                       200     54      219
..................................................................


WIND (MPH)
  HIGHEST WIND SPEED    17   HIGHEST WIND DIRECTION     N (20)
  HIGHEST GUST SPEED    21   HIGHEST GUST DIRECTION    NE (50)
  AVERAGE WIND SPEED     7.5


SKY COVER
  AVERAGE SKY COVER 0.4


WEATHER CONDITIONS
 THE FOLLOWING WEATHER WAS RECORDED TODAY.
  FOG


RELATIVE HUMIDITY (PERCENT)
 HIGHEST    93           400 AM
 LOWEST     26           400 PM
 AVERAGE    60

..........................................................


THE SAN ANTONIO CLIMATE NORMALS FOR TOMORROW
                         NORMAL    RECORD    YEAR
 MAXIMUM TEMPERATURE (F)   82        98      2000
 MINIMUM TEMPERATURE (F)   60        45      1982
                                             1959


SUNRISE AND SUNSET
APRIL 22 2014.........SUNRISE   700 AM CDT   SUNSET   805 PM CDT
APRIL 23 2014.........SUNRISE   659 AM CDT   SUNSET   806 PM CDT


-  INDICATES NEGATIVE NUMBERS.
R  INDICATES RECORD WAS SET OR TIED.
MM INDICATES DATA IS MISSING.
T  INDICATES TRACE AMOUNT.




$$
