000
CDUS44 KEWX 030705
CLISAT


CLIMATE REPORT
NATIONAL WEATHER SERVICE AUSTIN/SAN ANTONIO, TX
200 AM CDT FRI JUL 3 2015


...................................

...THE SAN ANTONIO CLIMATE SUMMARY FOR JULY 2 2015...

CLIMATE NORMAL PERIOD 1981 TO 2010
CLIMATE RECORD PERIOD 1886 TO 2015


WEATHER ITEM   OBSERVED TIME   RECORD YEAR NORMAL DEPARTURE LAST
                VALUE   (LST)  VALUE       VALUE  FROM      YEAR
                                                  NORMAL
..................................................................
TEMPERATURE (F)
 YESTERDAY
  MAXIMUM         90    351 PM 106    1894  94     -4       93
  MINIMUM         70    600 AM  64    1924  74     -4       73
  AVERAGE         80                        84     -4       83

PRECIPITATION (IN)
  YESTERDAY        T             2.66 1885   0.13  -0.13     0.00
  MONTH TO DATE    0.07                      0.25  -0.18     0.00
  SINCE JUN 1      6.49                      4.39   2.10     5.38
  SINCE JAN 1     29.77                     16.36  13.41    12.74

SNOWFALL (IN)
  YESTERDAY        0.0
  MONTH TO DATE    0.0
  SINCE JUN 1      0.0
  SINCE JUL 1      0.0
  SNOW DEPTH       0

DEGREE DAYS
 HEATING
  YESTERDAY        0                         0      0        0
  MONTH TO DATE    0                         0      0        0
  SINCE JUN 1      0                         0      0        0
  SINCE JUL 1      0                         0      0        0

 COOLING
  YESTERDAY       15                        19     -4       18
  MONTH TO DATE   31                        38     -7       38
  SINCE JUN 1    537                       561    -24      589
  SINCE JAN 1   1182                      1190     -8     1293
..................................................................


WIND (MPH)
  HIGHEST WIND SPEED    37   HIGHEST WIND DIRECTION    SE (140)
  HIGHEST GUST SPEED    45   HIGHEST GUST DIRECTION    SE (150)
  AVERAGE WIND SPEED    12.5


SKY COVER
  AVERAGE SKY COVER 0.5


WEATHER CONDITIONS
 THE FOLLOWING WEATHER WAS RECORDED YESTERDAY.
  LIGHT RAIN


RELATIVE HUMIDITY (PERCENT)
 HIGHEST    90           300 AM
 LOWEST     56           200 PM
 AVERAGE    73

..........................................................


THE SAN ANTONIO CLIMATE NORMALS FOR TODAY
                         NORMAL    RECORD    YEAR
 MAXIMUM TEMPERATURE (F)   94       104      1894
 MINIMUM TEMPERATURE (F)   74        65      1985


SUNRISE AND SUNSET
JULY  3 2015..........SUNRISE   638 AM CDT   SUNSET   838 PM CDT
JULY  4 2015..........SUNRISE   639 AM CDT   SUNSET   838 PM CDT


-  INDICATES NEGATIVE NUMBERS.
R  INDICATES RECORD WAS SET OR TIED.
MM INDICATES DATA IS MISSING.
T  INDICATES TRACE AMOUNT.




$$
