000
CDUS44 KEWX 282228
CLISAT


CLIMATE REPORT
NATIONAL WEATHER SERVICE AUSTIN/SAN ANTONIO, TX
528 PM CDT WED SEP 28 2016


...................................

...THE SAN ANTONIO CLIMATE SUMMARY FOR SEPTEMBER 28 2016...
VALID TODAY AS OF 525 PM LOCAL TIME.

CLIMATE NORMAL PERIOD 1981 TO 2010
CLIMATE RECORD PERIOD 1886 TO 2016


WEATHER ITEM   OBSERVED TIME   RECORD YEAR NORMAL DEPARTURE LAST
                VALUE   (LST)  VALUE       VALUE  FROM      YEAR
                                                  NORMAL
..................................................................
TEMPERATURE (F)
 TODAY
  MAXIMUM         89    405 PM 104    2005  87      2       91
  MINIMUM         64    647 AM  47    1967  65     -1       68
                                      1908
  AVERAGE         77                        76      1       80

PRECIPITATION (IN)
  TODAY            0.00          2.19 2012   0.10  -0.10     0.00
  MONTH TO DATE    6.30                      2.83   3.47     2.32
  SINCE SEP 1      6.30                      2.83   3.47     2.32
  SINCE JAN 1     35.75                     23.77  11.98    32.38

SNOWFALL (IN)
  TODAY            0.0
  MONTH TO DATE    0.0
  SINCE SEP 1      0.0
  SINCE JUL 1      0.0
  SNOW DEPTH       0

DEGREE DAYS
 HEATING
  TODAY            0                         0      0        0
  MONTH TO DATE    0                         0      0        0
  SINCE SEP 1      0                         0      0        0
  SINCE JUL 1      0                         0      0        0

 COOLING
  TODAY           12                        11      1       15
  MONTH TO DATE  495                       421     74      525
  SINCE SEP 1    495                       421     74      525
  SINCE JAN 1   2921                      2812    109     3023
..................................................................


WIND (MPH)
  HIGHEST WIND SPEED    10   HIGHEST WIND DIRECTION    NW (310)
  HIGHEST GUST SPEED    16   HIGHEST GUST DIRECTION     W (290)
  AVERAGE WIND SPEED     3.5


SKY COVER
  AVERAGE SKY COVER 0.1


WEATHER CONDITIONS
 THE FOLLOWING WEATHER WAS RECORDED TODAY.
  NO SIGNIFICANT WEATHER WAS OBSERVED.


RELATIVE HUMIDITY (PERCENT)
 HIGHEST    93           300 AM
 LOWEST     43           300 PM
 AVERAGE    68

..........................................................


THE SAN ANTONIO CLIMATE NORMALS FOR TOMORROW
                         NORMAL    RECORD    YEAR
 MAXIMUM TEMPERATURE (F)   87        96      1954
                                             1938
 MINIMUM TEMPERATURE (F)   65        47      1908
                                             1896


SUNRISE AND SUNSET
SEPTEMBER 28 2016.....SUNRISE   726 AM CDT   SUNSET   722 PM CDT
SEPTEMBER 29 2016.....SUNRISE   726 AM CDT   SUNSET   721 PM CDT


-  INDICATES NEGATIVE NUMBERS.
R  INDICATES RECORD WAS SET OR TIED.
MM INDICATES DATA IS MISSING.
T  INDICATES TRACE AMOUNT.




$$
