000
CDUS44 KEWX 280729
CLISAT


CLIMATE REPORT
NATIONAL WEATHER SERVICE AUSTIN/SAN ANTONIO, TX
228 AM CDT TUE JUL 28 2015


...................................

...THE SAN ANTONIO CLIMATE SUMMARY FOR JULY 27 2015...

CLIMATE NORMAL PERIOD 1981 TO 2010
CLIMATE RECORD PERIOD 1886 TO 2015


WEATHER ITEM   OBSERVED TIME   RECORD YEAR NORMAL DEPARTURE LAST
                VALUE   (LST)  VALUE       VALUE  FROM      YEAR
                                                  NORMAL
..................................................................
TEMPERATURE (F)
 YESTERDAY
  MAXIMUM         98    406 PM 106    1954  96      2       98
  MINIMUM         79   1156 PM  66    1903  75      4       74
  AVERAGE         89                        85      4       86

PRECIPITATION (IN)
  YESTERDAY        0.00          1.98 1979   0.06  -0.06     0.00
  MONTH TO DATE    0.07                      2.51  -2.44     3.24
  SINCE JUN 1      6.49                      6.65  -0.16     8.62
  SINCE JAN 1     29.77                     18.62  11.15    15.98

SNOWFALL (IN)
  YESTERDAY        0.0
  MONTH TO DATE    0.0
  SINCE JUN 1      0.0
  SINCE JUL 1      0.0
  SNOW DEPTH       0

DEGREE DAYS
 HEATING
  YESTERDAY        0                         0      0        0
  MONTH TO DATE    0                         0      0        0
  SINCE JUN 1      0                         0      0        0
  SINCE JUL 1      0                         0      0        0

 COOLING
  YESTERDAY       24                        20      4       21
  MONTH TO DATE  553                       526     27      536
  SINCE JUN 1   1059                      1049     10     1087
  SINCE JAN 1   1704                      1678     26     1791
..................................................................


WIND (MPH)
  HIGHEST WIND SPEED    22   HIGHEST WIND DIRECTION    SE (150)
  HIGHEST GUST SPEED    29   HIGHEST GUST DIRECTION    SE (140)
  AVERAGE WIND SPEED    11.4


SKY COVER
  AVERAGE SKY COVER 0.3


WEATHER CONDITIONS
 THE FOLLOWING WEATHER WAS RECORDED YESTERDAY.
  NO SIGNIFICANT WEATHER WAS OBSERVED.


RELATIVE HUMIDITY (PERCENT)
 HIGHEST    85           200 AM
 LOWEST     38           400 PM
 AVERAGE    62

..........................................................


THE SAN ANTONIO CLIMATE NORMALS FOR TODAY
                         NORMAL    RECORD    YEAR
 MAXIMUM TEMPERATURE (F)   96       103      1995
                                             1962
                                             1951
 MINIMUM TEMPERATURE (F)   75        67      1903


SUNRISE AND SUNSET
JULY 28 2015..........SUNRISE   651 AM CDT   SUNSET   829 PM CDT
JULY 29 2015..........SUNRISE   652 AM CDT   SUNSET   828 PM CDT


-  INDICATES NEGATIVE NUMBERS.
R  INDICATES RECORD WAS SET OR TIED.
MM INDICATES DATA IS MISSING.
T  INDICATES TRACE AMOUNT.




$$
