000
CDUS44 KEWX 252231
CLISAT


CLIMATE REPORT
NATIONAL WEATHER SERVICE AUSTIN/SAN ANTONIO, TX
530 PM CDT SAT OCT 25 2014


...................................

...THE SAN ANTONIO CLIMATE SUMMARY FOR OCTOBER 25 2014...
VALID TODAY AS OF 0530 PM LOCAL TIME.

CLIMATE NORMAL PERIOD 1981 TO 2010
CLIMATE RECORD PERIOD 1886 TO 2014


WEATHER ITEM   OBSERVED TIME   RECORD YEAR NORMAL DEPARTURE LAST
                VALUE   (LST)  VALUE       VALUE  FROM      YEAR
                                                  NORMAL
..................................................................
TEMPERATURE (F)
 TODAY
  MAXIMUM         89    211 PM  91    2010  80      9       82
                                      1991
                                      1893
  MINIMUM         62    659 AM  36    1945  58      4       54
  AVERAGE         76                        69      7       68

PRECIPITATION (IN)
  TODAY            0.00          2.16 1975   0.13  -0.13      T
  MONTH TO DATE    0.64                      3.43  -2.79     1.97
  SINCE SEP 1      2.41                      6.46  -4.05     5.67
  SINCE JAN 1     18.48                     27.40  -8.92    29.11

SNOWFALL (IN)
  TODAY            0.0
  MONTH TO DATE    0.0
  SINCE SEP 1      0.0
  SINCE JUL 1      0.0
  SNOW DEPTH       0

DEGREE DAYS
 HEATING
  TODAY            0                         2     -2        0
  MONTH TO DATE    0                        16    -16       11
  SINCE SEP 1      0                        18    -18       11
  SINCE JUL 1      0                        18    -18       11

 COOLING
  TODAY           11                         5      6        3
  MONTH TO DATE  300                       191    109      212
  SINCE SEP 1    816                       634    182      770
  SINCE JAN 1   3416                      3025    391     3363
..................................................................


WIND (MPH)
  HIGHEST WIND SPEED    10   HIGHEST WIND DIRECTION     S (200)
  HIGHEST GUST SPEED    15   HIGHEST GUST DIRECTION     W (250)
  AVERAGE WIND SPEED     3.5


SKY COVER
  AVERAGE SKY COVER 0.0


WEATHER CONDITIONS
 THE FOLLOWING WEATHER WAS RECORDED TODAY.
  NO SIGNIFICANT WEATHER WAS OBSERVED.


RELATIVE HUMIDITY (PERCENT)
 HIGHEST    84           400 AM
 LOWEST     31           400 PM
 AVERAGE    58

..........................................................


THE SAN ANTONIO CLIMATE NORMALS FOR TOMORROW
                         NORMAL    RECORD    YEAR
 MAXIMUM TEMPERATURE (F)   79        91      1987
 MINIMUM TEMPERATURE (F)   57        38      1955


SUNRISE AND SUNSET
OCTOBER 25 2014.......SUNRISE   742 AM CDT   SUNSET   653 PM CDT
OCTOBER 26 2014.......SUNRISE   743 AM CDT   SUNSET   652 PM CDT


-  INDICATES NEGATIVE NUMBERS.
R  INDICATES RECORD WAS SET OR TIED.
MM INDICATES DATA IS MISSING.
T  INDICATES TRACE AMOUNT.




$$
