000
CDUS44 KEWX 260700
CLISAT


CLIMATE REPORT
NATIONAL WEATHER SERVICE AUSTIN/SAN ANTONIO, TX
156 AM CDT FRI AUG 26 2016


...................................

...THE SAN ANTONIO CLIMATE SUMMARY FOR AUGUST 25 2016...

CLIMATE NORMAL PERIOD 1981 TO 2010
CLIMATE RECORD PERIOD 1886 TO 2016


WEATHER ITEM   OBSERVED TIME   RECORD YEAR NORMAL DEPARTURE LAST
                VALUE   (LST)  VALUE       VALUE  FROM      YEAR
                                                  NORMAL
..................................................................
TEMPERATURE (F)
 YESTERDAY
  MAXIMUM         91    343 PM 102    2006  96     -5      100
                                      1924
  MINIMUM         76    733 AM  58    1891  74      2       77
  AVERAGE         84                        85     -1       89

PRECIPITATION (IN)
  YESTERDAY        0.00          4.22 1888   0.09  -0.09     0.00
  MONTH TO DATE    4.83                      1.48   3.35     0.29
  SINCE JUN 1      7.55                      8.36  -0.81     6.78
  SINCE JAN 1     29.37                     20.33   9.04    30.06

SNOWFALL (IN)
  YESTERDAY        0.0
  MONTH TO DATE    0.0
  SINCE JUN 1      0.0
  SINCE JUL 1      0.0
  SNOW DEPTH      MM

DEGREE DAYS
 HEATING
  YESTERDAY        0                         0      0        0
  MONTH TO DATE    0                         0      0        0
  SINCE JUN 1      0                         0      0        0
  SINCE JUL 1      0                         0      0        0

 COOLING
  YESTERDAY       19                        20     -1       24
  MONTH TO DATE  489                       519    -30      579
  SINCE JUN 1   1697                      1650     47     1732
  SINCE JAN 1   2322                      2279     43     2377
..................................................................


WIND (MPH)
  HIGHEST WIND SPEED    16   HIGHEST WIND DIRECTION     E (110)
  HIGHEST GUST SPEED    20   HIGHEST GUST DIRECTION     S (170)
  AVERAGE WIND SPEED     8.6


SKY COVER
  AVERAGE SKY COVER 0.4


WEATHER CONDITIONS
 THE FOLLOWING WEATHER WAS RECORDED YESTERDAY.
  NO SIGNIFICANT WEATHER WAS OBSERVED.


RELATIVE HUMIDITY (PERCENT)
 HIGHEST    94           400 AM
 LOWEST     52           200 PM
 AVERAGE    73

..........................................................


THE SAN ANTONIO CLIMATE NORMALS FOR TODAY
                         NORMAL    RECORD    YEAR
 MAXIMUM TEMPERATURE (F)   95       102      2006
 MINIMUM TEMPERATURE (F)   74        61      1891


SUNRISE AND SUNSET
AUGUST 26 2016........SUNRISE   708 AM CDT   SUNSET   802 PM CDT
AUGUST 27 2016........SUNRISE   709 AM CDT   SUNSET   801 PM CDT


-  INDICATES NEGATIVE NUMBERS.
R  INDICATES RECORD WAS SET OR TIED.
MM INDICATES DATA IS MISSING.
T  INDICATES TRACE AMOUNT.




$$
