000
CDUS44 KEWX 272225
CLISAT


CLIMATE REPORT
NATIONAL WEATHER SERVICE AUSTIN/SAN ANTONIO, TX
425 PM CST SAT DEC 27 2014


...................................

...THE SAN ANTONIO CLIMATE SUMMARY FOR DECEMBER 27 2014...
VALID TODAY AS OF 425 PM LOCAL TIME.

CLIMATE NORMAL PERIOD 1981 TO 2010
CLIMATE RECORD PERIOD 1886 TO 2014


WEATHER ITEM   OBSERVED TIME   RECORD YEAR NORMAL DEPARTURE LAST
                VALUE   (LST)  VALUE       VALUE  FROM      YEAR
                                                  NORMAL
..................................................................
TEMPERATURE (F)
 TODAY
  MAXIMUM         65    913 AM  82    2005  63      2       58
  MINIMUM         48    152 PM  22    1892  41      7       46
  AVERAGE         57                        52      5       52

PRECIPITATION (IN)
  TODAY            0.03          1.94 1934   0.06  -0.03     0.27
  MONTH TO DATE    0.98                      1.65  -0.67     0.55
  SINCE DEC 1      0.98                      1.65  -0.67     0.55
  SINCE JAN 1     27.94                     32.01  -4.07    32.00

SNOWFALL (IN)
  TODAY           MM
  MONTH TO DATE    0.0
  SINCE DEC 1      0.0
  SINCE JUL 1      0.0
  SNOW DEPTH       0

DEGREE DAYS
 HEATING
  TODAY            8                        14     -6       13
  MONTH TO DATE  169                       336   -167      346
  SINCE DEC 1    169                       336   -167      346
  SINCE JUL 1    416                       547   -131      574

 COOLING
  TODAY            0                         0      0        0
  MONTH TO DATE    7                         7      0       18
  SINCE DEC 1      7                         7      0       18
  SINCE JAN 1   3506                      3124    382     3524
..................................................................


WIND (MPH)
  HIGHEST WIND SPEED    24   HIGHEST WIND DIRECTION     N (360)
  HIGHEST GUST SPEED    32   HIGHEST GUST DIRECTION     N (10)
  AVERAGE WIND SPEED    12.3


SKY COVER
  AVERAGE SKY COVER 1.0


WEATHER CONDITIONS
 THE FOLLOWING WEATHER WAS RECORDED TODAY.
  LIGHT RAIN
  FOG
  FOG W/VISIBILITY <= 1/4 MILE


RELATIVE HUMIDITY (PERCENT)
 HIGHEST    93          1200 AM
 LOWEST     71           200 PM
 AVERAGE    82

..........................................................


THE SAN ANTONIO CLIMATE NORMALS FOR TOMORROW
                         NORMAL    RECORD    YEAR
 MAXIMUM TEMPERATURE (F)   62        81      1921
 MINIMUM TEMPERATURE (F)   40        19      1925


SUNRISE AND SUNSET
DECEMBER 27 2014......SUNRISE   727 AM CST   SUNSET   543 PM CST
DECEMBER 28 2014......SUNRISE   727 AM CST   SUNSET   544 PM CST


-  INDICATES NEGATIVE NUMBERS.
R  INDICATES RECORD WAS SET OR TIED.
MM INDICATES DATA IS MISSING.
T  INDICATES TRACE AMOUNT.




$$
