000
CDUS44 KEWX 192223
CLISAT


CLIMATE REPORT
NATIONAL WEATHER SERVICE AUSTIN/SAN ANTONIO, TX
422 PM CST THU JAN 19 2017


...................................

...THE SAN ANTONIO CLIMATE SUMMARY FOR JANUARY 19 2017...
VALID TODAY AS OF 420 PM LOCAL TIME.

CLIMATE NORMAL PERIOD 1981 TO 2010
CLIMATE RECORD PERIOD 1886 TO 2017


WEATHER ITEM   OBSERVED TIME   RECORD YEAR NORMAL DEPARTURE LAST
                VALUE   (LST)  VALUE       VALUE  FROM      YEAR
                                                  NORMAL
..................................................................
TEMPERATURE (F)
 TODAY
  MAXIMUM         71    359 PM  85    2000  63      8       69
  MINIMUM         53    702 AM  15    1940  41     12       39
  AVERAGE         62                        52     10       54

PRECIPITATION (IN)
  TODAY            T             1.78 1968   0.06  -0.06     0.00
  MONTH TO DATE    2.71                      1.02   1.69     1.10
  SINCE DEC 1      8.93                      2.93   6.00     2.58
  SINCE JAN 1      2.71                      1.02   1.69     1.10

SNOWFALL (IN)
  TODAY            0.0
  MONTH TO DATE    0.0
  SINCE DEC 1      0.0
  SINCE JUL 1      0.0
  SNOW DEPTH       0

DEGREE DAYS
 HEATING
  TODAY            3                        13    -10       11
  MONTH TO DATE  155                       264   -109      271
  SINCE DEC 1    473                       655   -182      500
  SINCE JUL 1    531                       866   -335      629

 COOLING
  TODAY            0                         0      0        0
  MONTH TO DATE   20                         0     20        0
  SINCE DEC 1     62                        14     48       25
  SINCE JAN 1     20                         0     20        0
..................................................................


WIND (MPH)
  HIGHEST WIND SPEED    17   HIGHEST WIND DIRECTION    SW (210)
  HIGHEST GUST SPEED    23   HIGHEST GUST DIRECTION    SW (240)
  AVERAGE WIND SPEED     7.0


SKY COVER
  AVERAGE SKY COVER 0.7


WEATHER CONDITIONS
 THE FOLLOWING WEATHER WAS RECORDED TODAY.
  LIGHT RAIN
  FOG


RELATIVE HUMIDITY (PERCENT)
 HIGHEST    93           500 AM
 LOWEST     49           400 PM
 AVERAGE    71

..........................................................


THE SAN ANTONIO CLIMATE NORMALS FOR TOMORROW
                         NORMAL    RECORD    YEAR
 MAXIMUM TEMPERATURE (F)   63        83      1972
 MINIMUM TEMPERATURE (F)   41        19      1943


SUNRISE AND SUNSET
JANUARY 19 2017.......SUNRISE   729 AM CST   SUNSET   601 PM CST
JANUARY 20 2017.......SUNRISE   728 AM CST   SUNSET   602 PM CST


-  INDICATES NEGATIVE NUMBERS.
R  INDICATES RECORD WAS SET OR TIED.
MM INDICATES DATA IS MISSING.
T  INDICATES TRACE AMOUNT.




$$
