000
CDUS42 KCHS 220609
CLISAV


CLIMATE REPORT
NATIONAL WEATHER SERVICE CHARLESTON SC
208 AM EDT TUE AUG 22 2017


...................................

...THE SAVANNAH GA CLIMATE SUMMARY FOR AUGUST 21 2017...

CLIMATE NORMAL PERIOD 1981 TO 2010
CLIMATE RECORD PERIOD 1871 TO 2017


WEATHER ITEM   OBSERVED TIME   RECORD YEAR NORMAL DEPARTURE LAST
                VALUE   (LST)  VALUE       VALUE  FROM      YEAR
                                                  NORMAL
..................................................................
TEMPERATURE (F)
 YESTERDAY
  MAXIMUM         92   1026 AM 101    1902  90      2       96
  MINIMUM         76   1159 PM  62    1961  72      4       76
  AVERAGE         84                        81      3       86

PRECIPITATION (IN)
  YESTERDAY        0.17          3.40 1876   0.21  -0.04      T
  MONTH TO DATE    3.62                      4.48  -0.86     2.93
  SINCE JUN 1     16.48                     16.03   0.45    11.10
  SINCE JAN 1     40.23                     32.29   7.94    33.77

DEGREE DAYS
 HEATING
  YESTERDAY        0                         0      0        0
  MONTH TO DATE    0                         0      0        0
  SINCE JUN 1      0                         0      0        0
  SINCE JUL 1      0                         0      0        0

 COOLING
  YESTERDAY       19                        16      3       21
  MONTH TO DATE  401                       354     47      424
  SINCE JUN 1   1428                      1346     82     1601
  SINCE JAN 1   2102                      1749    353     2129
..................................................................


WIND (MPH)
  HIGHEST WIND SPEED    24   HIGHEST WIND DIRECTION     N (10)
  HIGHEST GUST SPEED    30   HIGHEST GUST DIRECTION    NE (30)
  AVERAGE WIND SPEED     5.0


SKY COVER
  POSSIBLE SUNSHINE  MM
  AVERAGE SKY COVER 0.6


WEATHER CONDITIONS
 THE FOLLOWING WEATHER WAS RECORDED YESTERDAY.
  THUNDERSTORM
  HEAVY RAIN
  LIGHT RAIN
  FOG


RELATIVE HUMIDITY (PERCENT)
 HIGHEST    97           200 AM
 LOWEST     59          1100 AM
 AVERAGE    78

..........................................................


THE SAVANNAH GA CLIMATE NORMALS FOR TODAY
                         NORMAL    RECORD    YEAR
 MAXIMUM TEMPERATURE (F)   90       100      2014
                                             1983
 MINIMUM TEMPERATURE (F)   72        62      1930


SUNRISE AND SUNSET
AUGUST 22 2017........SUNRISE   654 AM EDT   SUNSET   801 PM EDT
AUGUST 23 2017........SUNRISE   655 AM EDT   SUNSET   800 PM EDT


-  INDICATES NEGATIVE NUMBERS.
R  INDICATES RECORD WAS SET OR TIED.
MM INDICATES DATA IS MISSING.
T  INDICATES TRACE AMOUNT.




$$
