000
CDUS42 KCHS 310528
CLISAV


CLIMATE REPORT
NATIONAL WEATHER SERVICE CHARLESTON SC
126 AM EDT FRI OCT 31 2014


...................................

...THE SAVANNAH GA CLIMATE SUMMARY FOR OCTOBER 30 2014...

CLIMATE NORMAL PERIOD 1981 TO 2010
CLIMATE RECORD PERIOD 1871 TO 2014


WEATHER ITEM   OBSERVED TIME   RECORD YEAR NORMAL DEPARTURE LAST
                VALUE   (LST)  VALUE       VALUE  FROM      YEAR
                                                  NORMAL
..................................................................
TEMPERATURE (F)
 YESTERDAY
  MAXIMUM         77    335 PM  85    1935  75      2       82
  MINIMUM         59   1159 PM  28    1952  53      6       53
  AVERAGE         68                        64      4       68

PRECIPITATION (IN)
  YESTERDAY        0.00          1.56 1993   0.08  -0.08     0.00
  MONTH TO DATE    1.72                      3.61  -1.89     0.23
  SINCE SEP 1      6.84                      8.19  -1.35     2.01
  SINCE JAN 1     41.90                     42.56  -0.66    49.18

SNOWFALL (IN)
  YESTERDAY        0.0                       0.0    0.0
  SINCE SEP 1      0.0                       0.0    0.0
  SINCE JUL 1      0.0                       0.0    0.0

DEGREE DAYS
 HEATING
  YESTERDAY        0                         4     -4        0
  MONTH TO DATE   17                        53    -36       34
  SINCE SEP 1     18                        55    -37       34
  SINCE JUL 1     18                        55    -37       34

 COOLING
  YESTERDAY        3                         2      1        3
  MONTH TO DATE  181                       145     36      173
  SINCE SEP 1    590                       504     86      558
  SINCE JAN 1   2703                      2411    292     2407
..................................................................


WIND (MPH)
  HIGHEST WIND SPEED    10   HIGHEST WIND DIRECTION    NE (30)
  HIGHEST GUST SPEED    13   HIGHEST GUST DIRECTION    NE (40)
  AVERAGE WIND SPEED     4.6


SKY COVER
  POSSIBLE SUNSHINE  MM
  AVERAGE SKY COVER 0.6


WEATHER CONDITIONS
 THE FOLLOWING WEATHER WAS RECORDED YESTERDAY.
  FOG


RELATIVE HUMIDITY (PERCENT)
 HIGHEST    90          1100 PM
 LOWEST     46           300 PM
 AVERAGE    68

..........................................................


THE SAVANNAH GA CLIMATE NORMALS FOR TODAY
                         NORMAL    RECORD    YEAR
 MAXIMUM TEMPERATURE (F)   75        86      1961
                                             1946
                                             1935
 MINIMUM TEMPERATURE (F)   52        35      1963
                                             1954


SUNRISE AND SUNSET
OCTOBER 31 2014.......SUNRISE   741 AM EDT   SUNSET   636 PM EDT
NOVEMBER  1 2014......SUNRISE   742 AM EDT   SUNSET   635 PM EDT


-  INDICATES NEGATIVE NUMBERS.
R  INDICATES RECORD WAS SET OR TIED.
MM INDICATES DATA IS MISSING.
T  INDICATES TRACE AMOUNT.




$$
