000
CDUS42 KCHS 250530
CLISAV

CLIMATE REPORT
NATIONAL WEATHER SERVICE CHARLESTON SC
126 AM EDT FRI APR 25 2014


...................................

...THE SAVANNAH GA CLIMATE SUMMARY FOR APRIL 24 2014...

CLIMATE NORMAL PERIOD 1981 TO 2010
CLIMATE RECORD PERIOD 1871 TO 2014


WEATHER ITEM   OBSERVED TIME   RECORD YEAR NORMAL DEPARTURE LAST
                VALUE   (LST)  VALUE       VALUE  FROM      YEAR
                                                  NORMAL
..................................................................
TEMPERATURE (F)
 YESTERDAY
  MAXIMUM         82   1131 AM  94    1958  80      2       82
  MINIMUM         54    601 AM  38    1986  56     -2       49
  AVERAGE         68                        68      0       66

PRECIPITATION (IN)
  YESTERDAY        0.00          1.55 1941   0.09  -0.09     0.00
  MONTH TO DATE    5.46                      2.54   2.92     3.33
  SINCE MAR 1      8.11                      6.27   1.84     5.35
  SINCE JAN 1     12.22                     12.75  -0.53    15.65

SNOWFALL (IN)
  YESTERDAY        0.0                       0.0    0.0
  SINCE MAR 1      0.0                       T      0.0
  SINCE JUL 1      0.0                       0.3   -0.3

DEGREE DAYS
 HEATING
  YESTERDAY        0                         2     -2        0
  MONTH TO DATE   37                        70    -33       54
  SINCE MAR 1    301                       280     21      400
  SINCE JUL 1   1682                      1797   -115     1622

 COOLING
  YESTERDAY        3                         4     -1        1
  MONTH TO DATE   73                        67      6       71
  SINCE MAR 1     85                        99    -14       77
  SINCE JAN 1    103                       109     -6      105
..................................................................


WIND (MPH)
  HIGHEST WIND SPEED    20   HIGHEST WIND DIRECTION     E (110)
  HIGHEST GUST SPEED    24   HIGHEST GUST DIRECTION    SE (120)
  AVERAGE WIND SPEED     6.8


SKY COVER
  POSSIBLE SUNSHINE  MM
  AVERAGE SKY COVER 0.2


WEATHER CONDITIONS
 THE FOLLOWING WEATHER WAS RECORDED YESTERDAY.
  FOG


RELATIVE HUMIDITY (PERCENT)
 HIGHEST    93           500 AM
 LOWEST     54          1100 AM
 AVERAGE    74

..........................................................


THE SAVANNAH GA CLIMATE NORMALS FOR TODAY
                         NORMAL    RECORD    YEAR
 MAXIMUM TEMPERATURE (F)   80        94      1958
 MINIMUM TEMPERATURE (F)   56        39      2005


SUNRISE AND SUNSET
APRIL 25 2014.........SUNRISE   645 AM EDT   SUNSET   801 PM EDT
APRIL 26 2014.........SUNRISE   644 AM EDT   SUNSET   802 PM EDT


-  INDICATES NEGATIVE NUMBERS.
R  INDICATES RECORD WAS SET OR TIED.
MM INDICATES DATA IS MISSING.
T  INDICATES TRACE AMOUNT.


$$
