000
CDUS42 KCHS 230523
CLISAV


CLIMATE REPORT
NATIONAL WEATHER SERVICE CHARLESTON SC
123 AM EDT TUE SEP 23 2014


...................................

...THE SAVANNAH GA CLIMATE SUMMARY FOR SEPTEMBER 22 2014...

CLIMATE NORMAL PERIOD 1981 TO 2010
CLIMATE RECORD PERIOD 1871 TO 2014


WEATHER ITEM   OBSERVED TIME   RECORD YEAR NORMAL DEPARTURE LAST
                VALUE   (LST)  VALUE       VALUE  FROM      YEAR
                                                  NORMAL
..................................................................
TEMPERATURE (F)
 YESTERDAY
  MAXIMUM         90    327 PM 100    1925  85      5       77
  MINIMUM         66    628 AM  46    1897  66      0       69
  AVERAGE         78                        75      3       73

PRECIPITATION (IN)
  YESTERDAY        0.05          2.30 1897   0.13  -0.08     0.14
  MONTH TO DATE    4.74                      3.49   1.25     1.14
  SINCE SEP 1      4.74                      3.49   1.25     1.14
  SINCE JAN 1     39.80                     37.86   1.94    48.31

DEGREE DAYS
 HEATING
  YESTERDAY        0                         0      0        0
  MONTH TO DATE    0                         0      0        0
  SINCE SEP 1      0                         0      0        0
  SINCE JUL 1      0                         0      0        0

 COOLING
  YESTERDAY       13                        10      3        8
  MONTH TO DATE  347                       285     62      327
  SINCE SEP 1    347                       285     62      327
  SINCE JAN 1   2460                      2192    268     2176
..................................................................


WIND (MPH)
  HIGHEST WIND SPEED    26   HIGHEST WIND DIRECTION    NW (330)
  HIGHEST GUST SPEED    33   HIGHEST GUST DIRECTION    NW (320)
  AVERAGE WIND SPEED     6.6


SKY COVER
  POSSIBLE SUNSHINE  MM
  AVERAGE SKY COVER 0.4


WEATHER CONDITIONS
 THE FOLLOWING WEATHER WAS RECORDED YESTERDAY.
  THUNDERSTORM


RELATIVE HUMIDITY (PERCENT)
 HIGHEST    90           900 PM
 LOWEST     44           200 PM
 AVERAGE    67

..........................................................


THE SAVANNAH GA CLIMATE NORMALS FOR TODAY
                         NORMAL    RECORD    YEAR
 MAXIMUM TEMPERATURE (F)   84        94      1980
                                             1900
 MINIMUM TEMPERATURE (F)   66        49      1983


SUNRISE AND SUNSET
SEPTEMBER 23 2014.....SUNRISE   714 AM EDT   SUNSET   720 PM EDT
SEPTEMBER 24 2014.....SUNRISE   714 AM EDT   SUNSET   719 PM EDT


-  INDICATES NEGATIVE NUMBERS.
R  INDICATES RECORD WAS SET OR TIED.
MM INDICATES DATA IS MISSING.
T  INDICATES TRACE AMOUNT.




$$
