263
CDUS42 KCHS 032207
CLISAV


CLIMATE REPORT
NATIONAL WEATHER SERVICE CHARLESTON SC
507 PM EST SAT DEC 3 2016


...................................

...THE SAVANNAH GA CLIMATE SUMMARY FOR DECEMBER 3 2016...
VALID TODAY AS OF 0500 PM LOCAL TIME.

CLIMATE NORMAL PERIOD 1981 TO 2010
CLIMATE RECORD PERIOD 1871 TO 2016


WEATHER ITEM   OBSERVED TIME   RECORD YEAR NORMAL DEPARTURE LAST
                VALUE   (LST)  VALUE       VALUE  FROM      YEAR
                                                  NORMAL
..................................................................
TEMPERATURE (F)
 TODAY
  MAXIMUM         64    150 PM  82    1991  66     -2       63
  MINIMUM         42    341 AM  22    1960  43     -1       50
                                      1876
  AVERAGE         53                        54     -1       57

PRECIPITATION (IN)
  TODAY            0.00          1.95 1927   0.08  -0.08     0.00
  MONTH TO DATE    0.12                      0.25  -0.13     0.37
  SINCE DEC 1      0.12                      0.25  -0.13     0.37
  SINCE JAN 1     51.28                     45.26   6.02    44.62

SNOWFALL (IN)
  TODAY            0.0                       0.0    0.0
  SINCE DEC 1      0.0                       0.0    0.0
  SINCE JUL 1      0.0                       0.0    0.0

DEGREE DAYS
 HEATING
  TODAY           12                        11      1        8
  MONTH TO DATE   32                        33     -1        8
  SINCE DEC 1     32                        33     -1        8
  SINCE JUL 1    212                       300    -88      133

 COOLING
  TODAY            0                         1     -1        0
  MONTH TO DATE    0                         3     -3        6
  SINCE DEC 1      0                         3     -3        6
  SINCE JAN 1   3011                      2452    559     2751
..................................................................


WIND (MPH)
  HIGHEST WIND SPEED    12   HIGHEST WIND DIRECTION     E (110)
  HIGHEST GUST SPEED    14   HIGHEST GUST DIRECTION    NE (40)
  AVERAGE WIND SPEED     5.3


SKY COVER
  POSSIBLE SUNSHINE  MM
  AVERAGE SKY COVER 0.6


WEATHER CONDITIONS
 THE FOLLOWING WEATHER WAS RECORDED TODAY.
  NO SIGNIFICANT WEATHER WAS OBSERVED.


RELATIVE HUMIDITY (PERCENT)
 HIGHEST    89           100 AM
 LOWEST     31           100 PM
 AVERAGE    60

..........................................................


THE SAVANNAH GA CLIMATE NORMALS FOR TOMORROW
                         NORMAL    RECORD    YEAR
 MAXIMUM TEMPERATURE (F)   65        82      1978
                                             1955
                                             1931
 MINIMUM TEMPERATURE (F)   43        22      1960


SUNRISE AND SUNSET
DECEMBER  3 2016......SUNRISE   710 AM EST   SUNSET   520 PM EST
DECEMBER  4 2016......SUNRISE   711 AM EST   SUNSET   520 PM EST


-  INDICATES NEGATIVE NUMBERS.
R  INDICATES RECORD WAS SET OR TIED.
MM INDICATES DATA IS MISSING.
T  INDICATES TRACE AMOUNT.




$$
