000
CDUS42 KCHS 180552
CLISAV


CLIMATE REPORT
NATIONAL WEATHER SERVICE CHARLESTON SC
152 AM EDT WED OCT 18 2017


...................................

...THE SAVANNAH GA CLIMATE SUMMARY FOR OCTOBER 17 2017...

CLIMATE NORMAL PERIOD 1981 TO 2010
CLIMATE RECORD PERIOD 1871 TO 2017


WEATHER ITEM   OBSERVED TIME   RECORD YEAR NORMAL DEPARTURE LAST
                VALUE   (LST)  VALUE       VALUE  FROM      YEAR
                                                  NORMAL
..................................................................
TEMPERATURE (F)
 YESTERDAY
  MAXIMUM         72    312 PM  91    1925  78     -6       85
  MINIMUM         55    638 AM  39    1977  57     -2       61
                                      1954
  AVERAGE         64                        68     -4       73

PRECIPITATION (IN)
  YESTERDAY        0.00          3.15 1976   0.12  -0.12     0.00
  MONTH TO DATE    0.93                      2.39  -1.46    11.60
  SINCE SEP 1      6.52                      6.97  -0.45    16.59
  SINCE JAN 1     48.88                     41.34   7.54    50.96

SNOWFALL (IN)
  YESTERDAY        0.0                       0.0    0.0
  SINCE SEP 1      0.0                       0.0    0.0
  SINCE JUL 1      0.0                       0.0    0.0

DEGREE DAYS
 HEATING
  YESTERDAY        1                         2     -1        0
  MONTH TO DATE    1                        18    -17        0
  SINCE SEP 1      1                        20    -19        0
  SINCE JUL 1      1                        20    -19        0

 COOLING
  YESTERDAY        0                         4     -4        8
  MONTH TO DATE  211                       104    107      126
  SINCE SEP 1    633                       463    170      569
  SINCE JAN 1   2893                      2370    523     2879
..................................................................


WIND (MPH)
  HIGHEST WIND SPEED    18   HIGHEST WIND DIRECTION    NE (50)
  HIGHEST GUST SPEED    26   HIGHEST GUST DIRECTION    NE (50)
  AVERAGE WIND SPEED    10.7


SKY COVER
  POSSIBLE SUNSHINE  MM
  AVERAGE SKY COVER 0.5


WEATHER CONDITIONS
 THE FOLLOWING WEATHER WAS RECORDED YESTERDAY.
  NO SIGNIFICANT WEATHER WAS OBSERVED.


RELATIVE HUMIDITY (PERCENT)
 HIGHEST    87           300 AM
 LOWEST     31           400 PM
 AVERAGE    59

..........................................................


THE SAVANNAH GA CLIMATE NORMALS FOR TODAY
                         NORMAL    RECORD    YEAR
 MAXIMUM TEMPERATURE (F)   78        89      2007
 MINIMUM TEMPERATURE (F)   57        40      1977
                                             1943


SUNRISE AND SUNSET
OCTOBER 18 2017.......SUNRISE   731 AM EDT   SUNSET   649 PM EDT
OCTOBER 19 2017.......SUNRISE   731 AM EDT   SUNSET   647 PM EDT


-  INDICATES NEGATIVE NUMBERS.
R  INDICATES RECORD WAS SET OR TIED.
MM INDICATES DATA IS MISSING.
T  INDICATES TRACE AMOUNT.




$$
