000
CDUS46 KLOX 300905
CLISBA


CLIMATE REPORT
NATIONAL WEATHER SERVICE LOS ANGELES/OXNARD CA
205 AM PDT TUE AUG 30 2016


...................................

...THE SANTA BARBARA AIRPORT CA CLIMATE SUMMARY FOR AUGUST 29 2016...

CLIMATE NORMAL PERIOD 1981 TO 2010
CLIMATE RECORD PERIOD 1940 TO 2016


WEATHER ITEM   OBSERVED TIME   RECORD YEAR NORMAL DEPARTURE LAST
                VALUE   (LST)  VALUE       VALUE  FROM      YEAR
                                                  NORMAL
..................................................................
TEMPERATURE (F)
 YESTERDAY
  MAXIMUM         81    332 PM  96    1971  75      6       94
  MINIMUM         57    557 AM  49    1946  57      0       63
  AVERAGE         69                        66      3       79

PRECIPITATION (IN)
  YESTERDAY        0.00          0.05 1951   0.00   0.00     0.00
  MONTH TO DATE    0.00                      0.11  -0.11      T
  SINCE OCT 1     10.21                     17.49  -7.28     9.63
  SINCE JAN 1      9.33                     12.19  -2.86     3.34

SNOWFALL (IN)
  YESTERDAY        0.0
  MONTH TO DATE    0.0
  SINCE JUN 1      0.0
  SINCE JUL 1      0.0

DEGREE DAYS
 HEATING
  YESTERDAY        0                         1     -1        0
  MONTH TO DATE    7                        29    -22        0
  SINCE JUN 1     94                       146    -52       30
  SINCE JUL 1     22                        56    -34        0

 COOLING
  YESTERDAY        4                         2      2       14
  MONTH TO DATE   40                        58    -18      176
  SINCE JUN 1    129                       116     13      320
  SINCE JAN 1    139                       130      9      358
..................................................................


WIND (MPH)
  HIGHEST WIND SPEED    12   HIGHEST WIND DIRECTION    SE (120)
  HIGHEST GUST SPEED    15   HIGHEST GUST DIRECTION    SW (220)
  AVERAGE WIND SPEED     4.6


SKY COVER
  POSSIBLE SUNSHINE  MM
  AVERAGE SKY COVER 0.0


WEATHER CONDITIONS
 THE FOLLOWING WEATHER WAS RECORDED YESTERDAY.
  FOG


RELATIVE HUMIDITY (PERCENT)
 HIGHEST    93           400 AM
 LOWEST     50           300 PM
 AVERAGE    72

..........................................................


THE SANTA BARBARA AIRPORT CA CLIMATE NORMALS FOR TODAY
                         NORMAL    RECORD    YEAR
 MAXIMUM TEMPERATURE (F)   75       101      1984
 MINIMUM TEMPERATURE (F)   57        48      2010


SUNRISE AND SUNSET
AUGUST 30 2016........SUNRISE   632 AM PDT   SUNSET   727 PM PDT
AUGUST 31 2016........SUNRISE   632 AM PDT   SUNSET   726 PM PDT


-  INDICATES NEGATIVE NUMBERS.
R  INDICATES RECORD WAS SET OR TIED.
MM INDICATES DATA IS MISSING.
T  INDICATES TRACE AMOUNT.




$$
