000
CDUS46 KLOX 270918
CLISBA


CLIMATE REPORT
NATIONAL WEATHER SERVICE LOS ANGELES/OXNARD CA
118 AM PST MON FEB 27 2017


...................................

...THE SANTA BARBARA AIRPORT CA CLIMATE SUMMARY FOR FEBRUARY 26 2017...

CLIMATE NORMAL PERIOD 1981 TO 2010
CLIMATE RECORD PERIOD 1940 TO 2017


WEATHER ITEM   OBSERVED TIME   RECORD YEAR NORMAL DEPARTURE LAST
                VALUE   (LST)  VALUE       VALUE  FROM      YEAR
                                                  NORMAL
..................................................................
TEMPERATURE (F)
 YESTERDAY
  MAXIMUM         57   1234 PM  80    2002  64     -7       68
  MINIMUM         46    500 AM  33    1987  45      1       45
  AVERAGE         52                        54     -2       57

PRECIPITATION (IN)
  YESTERDAY        0.10          1.05 1983   0.14  -0.04     0.00
  MONTH TO DATE    8.97                      3.70   5.27     0.47
  SINCE OCT 1     22.74                     12.50  10.24     7.14
  SINCE JAN 1     17.93                      7.20  10.73     6.26

SNOWFALL (IN)
  YESTERDAY       MM
  MONTH TO DATE    0.0
  SINCE DEC 1      0.0
  SINCE JUL 1      0.0

DEGREE DAYS
 HEATING
  YESTERDAY       13                        10      3        8
  MONTH TO DATE  252                       297    -45      165
  SINCE DEC 1   1016                      1103    -87      805
  SINCE JUL 1   1345                      1581   -236     1047

 COOLING
  YESTERDAY        0                         0      0        0
  MONTH TO DATE    0                         0      0        2
  SINCE DEC 1      0                         0      0        2
  SINCE JAN 1      0                         0      0        2
..................................................................


WIND (MPH)
  HIGHEST WIND SPEED    14   HIGHEST WIND DIRECTION    SE (140)
  HIGHEST GUST SPEED    17   HIGHEST GUST DIRECTION    SE (140)
  AVERAGE WIND SPEED     6.5


SKY COVER
  POSSIBLE SUNSHINE  MM
  AVERAGE SKY COVER 0.8


WEATHER CONDITIONS
 THE FOLLOWING WEATHER WAS RECORDED YESTERDAY.
  LIGHT RAIN
  FOG


RELATIVE HUMIDITY (PERCENT)
 HIGHEST    93           500 AM
 LOWEST     66          1200 PM
 AVERAGE    80

..........................................................


THE SANTA BARBARA AIRPORT CA CLIMATE NORMALS FOR TODAY
                         NORMAL    RECORD    YEAR
 MAXIMUM TEMPERATURE (F)   64        85      1976
 MINIMUM TEMPERATURE (F)   45        30      1961


SUNRISE AND SUNSET
FEBRUARY 27 2017......SUNRISE   630 AM PST   SUNSET   554 PM PST
FEBRUARY 28 2017......SUNRISE   629 AM PST   SUNSET   555 PM PST


-  INDICATES NEGATIVE NUMBERS.
R  INDICATES RECORD WAS SET OR TIED.
MM INDICATES DATA IS MISSING.
T  INDICATES TRACE AMOUNT.




$$
