000
CDUS46 KLOX 150907
CLISBA


CLIMATE REPORT
NATIONAL WEATHER SERVICE LOS ANGELES/OXNARD CA
206 AM PDT MON SEP 15 2014


...................................

...THE SANTA BARBARA AIRPORT CA CLIMATE SUMMARY FOR SEPTEMBER 14 2014...

CLIMATE NORMAL PERIOD 1981 TO 2010
CLIMATE RECORD PERIOD 1940 TO 2014


WEATHER ITEM   OBSERVED TIME   RECORD YEAR NORMAL DEPARTURE LAST
                VALUE   (LST)  VALUE       VALUE  FROM      YEAR
                                                  NORMAL
..................................................................
TEMPERATURE (F)
 YESTERDAY
  MAXIMUM         87R   128 PM  86    1959  74     13       80
  MINIMUM         65    551 AM  46    2010  56      9       58
                                      1966
  AVERAGE         76                        65     11       69

PRECIPITATION (IN)
  YESTERDAY        0.00          T    2009   0.00   0.00     0.00
  MONTH TO DATE    T                         0.05  -0.05     0.00
  SINCE JUL 1      0.02                      0.20  -0.18     0.07
  SINCE JAN 1      5.22                     12.25  -7.03     3.42

SNOWFALL (IN)
  YESTERDAY        0.0
  MONTH TO DATE    0.0
  SINCE SEP 1      0.0
  SINCE JUL 1      0.0

DEGREE DAYS
 HEATING
  YESTERDAY        0                         1     -1        0
  MONTH TO DATE    1                        14    -13        0
  SINCE SEP 1      1                        14    -13        0
  SINCE JUL 1      1                        65    -64       30

 COOLING
  YESTERDAY       11                         2      9        4
  MONTH TO DATE   54                        28     26       59
  SINCE SEP 1     54                        28     26       59
  SINCE JAN 1    385                       155    230      257
..................................................................


WIND (MPH)
  HIGHEST WIND SPEED     9   HIGHEST WIND DIRECTION     W (250)
  HIGHEST GUST SPEED    13   HIGHEST GUST DIRECTION    SW (240)
  AVERAGE WIND SPEED     2.7


SKY COVER
  POSSIBLE SUNSHINE  MM
  AVERAGE SKY COVER 0.0


WEATHER CONDITIONS
 THE FOLLOWING WEATHER WAS RECORDED YESTERDAY.
  FOG


RELATIVE HUMIDITY (PERCENT)
 HIGHEST    93           300 AM
 LOWEST     47          1100 AM
 AVERAGE    70

..........................................................


THE SANTA BARBARA AIRPORT CA CLIMATE NORMALS FOR TODAY
                         NORMAL    RECORD    YEAR
 MAXIMUM TEMPERATURE (F)   74        93      1979
 MINIMUM TEMPERATURE (F)   56        45      1970


SUNRISE AND SUNSET
SEPTEMBER 15 2014.....SUNRISE   642 AM PDT   SUNSET   706 PM PDT
SEPTEMBER 16 2014.....SUNRISE   643 AM PDT   SUNSET   704 PM PDT


-  INDICATES NEGATIVE NUMBERS.
R  INDICATES RECORD WAS SET OR TIED.
MM INDICATES DATA IS MISSING.
T  INDICATES TRACE AMOUNT.




$$
