000
CDUS46 KLOX 280907
CLISBA


CLIMATE REPORT
NATIONAL WEATHER SERVICE LOS ANGELES/OXNARD CA
107 AM PST FRI NOV 28 2014


...................................

...THE SANTA BARBARA AIRPORT CA CLIMATE SUMMARY FOR NOVEMBER 27 2014...

CLIMATE NORMAL PERIOD 1981 TO 2010
CLIMATE RECORD PERIOD 1940 TO 2014


WEATHER ITEM   OBSERVED TIME   RECORD YEAR NORMAL DEPARTURE LAST
                VALUE   (LST)  VALUE       VALUE  FROM      YEAR
                                                  NORMAL
..................................................................
TEMPERATURE (F)
 YESTERDAY
  MAXIMUM         81    256 PM  90    1977  66     15       71
  MINIMUM         45    525 AM  32    1990  42      3       43
  AVERAGE         63                        54      9       57

PRECIPITATION (IN)
  YESTERDAY        0.00          0.78 1981   0.05  -0.05     0.00
  MONTH TO DATE    0.18                      1.40  -1.22     0.33
  SINCE JUL 1      1.36                      2.62  -1.26     0.79
  SINCE JAN 1      6.56                     14.67  -8.11     4.14

SNOWFALL (IN)
  YESTERDAY        0.0
  MONTH TO DATE    0.0
  SINCE SEP 1      0.0
  SINCE JUL 1      0.0

DEGREE DAYS
 HEATING
  YESTERDAY        2                        11     -9        8
  MONTH TO DATE   97                       227   -130      173
  SINCE SEP 1    114                       393   -279      325
  SINCE JUL 1    114                       444   -330      355

 COOLING
  YESTERDAY        0                         0      0        0
  MONTH TO DATE    4                         0      4        0
  SINCE SEP 1    198                        59    139       87
  SINCE JAN 1    529                       186    343      285
..................................................................


WIND (MPH)
  HIGHEST WIND SPEED    12   HIGHEST WIND DIRECTION     W (260)
  HIGHEST GUST SPEED    14   HIGHEST GUST DIRECTION     W (260)
  AVERAGE WIND SPEED     2.4


SKY COVER
  POSSIBLE SUNSHINE  MM
  AVERAGE SKY COVER 0.0


WEATHER CONDITIONS
 THE FOLLOWING WEATHER WAS RECORDED YESTERDAY.
  NO SIGNIFICANT WEATHER WAS OBSERVED.


RELATIVE HUMIDITY (PERCENT)
 HIGHEST    80           700 PM
 LOWEST     20           300 PM
 AVERAGE    50

..........................................................


THE SANTA BARBARA AIRPORT CA CLIMATE NORMALS FOR TODAY
                         NORMAL    RECORD    YEAR
 MAXIMUM TEMPERATURE (F)   66        90      1977
 MINIMUM TEMPERATURE (F)   42        32      1989


SUNRISE AND SUNSET
NOVEMBER 28 2014......SUNRISE   645 AM PST   SUNSET   450 PM PST
NOVEMBER 29 2014......SUNRISE   646 AM PST   SUNSET   449 PM PST


-  INDICATES NEGATIVE NUMBERS.
R  INDICATES RECORD WAS SET OR TIED.
MM INDICATES DATA IS MISSING.
T  INDICATES TRACE AMOUNT.




$$
