000
CDUS46 KLOX 290916
CLISBA


CLIMATE REPORT
NATIONAL WEATHER SERVICE LOS ANGELES/OXNARD CA
214 AM PDT FRI JUL 29 2016


...................................

...THE SANTA BARBARA AIRPORT CA CLIMATE SUMMARY FOR JULY 28 2016...

CLIMATE NORMAL PERIOD 1981 TO 2010
CLIMATE RECORD PERIOD 1940 TO 2016


WEATHER ITEM   OBSERVED TIME   RECORD YEAR NORMAL DEPARTURE LAST
                VALUE   (LST)  VALUE       VALUE  FROM      YEAR
                                                  NORMAL
..................................................................
TEMPERATURE (F)
 YESTERDAY
  MAXIMUM         78   1252 PM  86    1947  74      4       75
  MINIMUM         63    546 AM  49    2010  58      5       58
                                      1949
  AVERAGE         71                        66      5       67

PRECIPITATION (IN)
  YESTERDAY        0.00          0.01 2000   0.00   0.00     0.00
  MONTH TO DATE    0.00                      0.03  -0.03     0.01
  SINCE OCT 1     10.21                     17.38  -7.17     9.63
  SINCE JAN 1      9.33                     12.08  -2.75     3.34

SNOWFALL (IN)
  YESTERDAY        0.0
  MONTH TO DATE    0.0
  SINCE JUN 1      0.0
  SINCE JUL 1      0.0

DEGREE DAYS
 HEATING
  YESTERDAY        0                         1     -1        0
  MONTH TO DATE   15                        28    -13        0
  SINCE JUN 1     87                       118    -31       30
  SINCE JUL 1     15                        28    -13        0

 COOLING
  YESTERDAY        6                         2      4        2
  MONTH TO DATE   56                        44     12      105
  SINCE JUN 1     77                        58     19      129
  SINCE JAN 1     87                        72     15      167
..................................................................


WIND (MPH)
  HIGHEST WIND SPEED    15   HIGHEST WIND DIRECTION     W (260)
  HIGHEST GUST SPEED    19   HIGHEST GUST DIRECTION     W (270)
  AVERAGE WIND SPEED     6.2


SKY COVER
  POSSIBLE SUNSHINE  MM
  AVERAGE SKY COVER 0.0


WEATHER CONDITIONS
 THE FOLLOWING WEATHER WAS RECORDED YESTERDAY.
  HAZE


RELATIVE HUMIDITY (PERCENT)
 HIGHEST   100           400 AM
 LOWEST     60           100 PM
 AVERAGE    80

..........................................................


THE SANTA BARBARA AIRPORT CA CLIMATE NORMALS FOR TODAY
                         NORMAL    RECORD    YEAR
 MAXIMUM TEMPERATURE (F)   74        83      1995
 MINIMUM TEMPERATURE (F)   58        48      2010


SUNRISE AND SUNSET
JULY 29 2016..........SUNRISE   608 AM PDT   SUNSET   803 PM PDT
JULY 30 2016..........SUNRISE   609 AM PDT   SUNSET   802 PM PDT


-  INDICATES NEGATIVE NUMBERS.
R  INDICATES RECORD WAS SET OR TIED.
MM INDICATES DATA IS MISSING.
T  INDICATES TRACE AMOUNT.




$$
