000
CDUS46 KLOX 170915
CLISBA


CLIMATE REPORT
NATIONAL WEATHER SERVICE LOS ANGELES/OXNARD CA
112 AM PST TUE JAN 17 2017


...................................

...THE SANTA BARBARA AIRPORT CA CLIMATE SUMMARY FOR JANUARY 16 2017...

CLIMATE NORMAL PERIOD 1981 TO 2010
CLIMATE RECORD PERIOD 1940 TO 2017


WEATHER ITEM   OBSERVED TIME   RECORD YEAR NORMAL DEPARTURE LAST
                VALUE   (LST)  VALUE       VALUE  FROM      YEAR
                                                  NORMAL
..................................................................
TEMPERATURE (F)
 YESTERDAY
  MAXIMUM         62    247 PM  84    2014  64     -2       65
  MINIMUM         41    710 AM  24    2007  41      0       49
  AVERAGE         52                        52      0       57

PRECIPITATION (IN)
  YESTERDAY        0.00          2.66 1973   0.12  -0.12     0.00
  MONTH TO DATE    3.65                      1.91   1.74     4.15
  SINCE OCT 1      8.46                      7.21   1.25     5.03
  SINCE JAN 1      3.65                      1.91   1.74     4.15

SNOWFALL (IN)
  YESTERDAY        0.0
  MONTH TO DATE    0.0
  SINCE DEC 1      0.0
  SINCE JUL 1      0.0

DEGREE DAYS
 HEATING
  YESTERDAY       13                        13      0        8
  MONTH TO DATE  180                       208    -28      177
  SINCE DEC 1    553                       614    -61      529
  SINCE JUL 1    882                      1092   -210      771

 COOLING
  YESTERDAY        0                         0      0        0
  MONTH TO DATE    0                         0      0        0
  SINCE DEC 1      0                         0      0        0
  SINCE JAN 1      0                         0      0        0
..................................................................


WIND (MPH)
  HIGHEST WIND SPEED    14   HIGHEST WIND DIRECTION     W (270)
  HIGHEST GUST SPEED    17   HIGHEST GUST DIRECTION     W (280)
  AVERAGE WIND SPEED     3.3


SKY COVER
  POSSIBLE SUNSHINE  MM
  AVERAGE SKY COVER 0.1


WEATHER CONDITIONS
 THE FOLLOWING WEATHER WAS RECORDED YESTERDAY.
  NO SIGNIFICANT WEATHER WAS OBSERVED.


RELATIVE HUMIDITY (PERCENT)
 HIGHEST   100           100 AM
 LOWEST     60           400 PM
 AVERAGE    80

..........................................................


THE SANTA BARBARA AIRPORT CA CLIMATE NORMALS FOR TODAY
                         NORMAL    RECORD    YEAR
 MAXIMUM TEMPERATURE (F)   64        85      2014
 MINIMUM TEMPERATURE (F)   41        26      1987


SUNRISE AND SUNSET
JANUARY 17 2017.......SUNRISE   705 AM PST   SUNSET   515 PM PST
JANUARY 18 2017.......SUNRISE   705 AM PST   SUNSET   516 PM PST


-  INDICATES NEGATIVE NUMBERS.
R  INDICATES RECORD WAS SET OR TIED.
MM INDICATES DATA IS MISSING.
T  INDICATES TRACE AMOUNT.




$$
