000
CDUS46 KLOX 220902
CLISBA


CLIMATE REPORT
NATIONAL WEATHER SERVICE LOS ANGELES/OXNARD CA
202 AM PDT WED OCT 22 2014


...................................

...THE SANTA BARBARA AIRPORT CA CLIMATE SUMMARY FOR OCTOBER 21 2014...

CLIMATE NORMAL PERIOD 1981 TO 2010
CLIMATE RECORD PERIOD 1940 TO 2014


WEATHER ITEM   OBSERVED TIME   RECORD YEAR NORMAL DEPARTURE LAST
                VALUE   (LST)  VALUE       VALUE  FROM      YEAR
                                                  NORMAL
..................................................................
TEMPERATURE (F)
 YESTERDAY
  MAXIMUM         77    133 PM  93    1942  72      5       68
  MINIMUM         53    624 AM  38    1949  50      3       51
  AVERAGE         65                        61      4       60

PRECIPITATION (IN)
  YESTERDAY        0.00          0.56 1941   0.02  -0.02     0.00
  MONTH TO DATE    0.00                      0.44  -0.44     0.03
  SINCE JUL 1      0.02                      0.85  -0.83     0.10
  SINCE JAN 1      5.22                     12.90  -7.68     3.45

SNOWFALL (IN)
  YESTERDAY        0.0
  MONTH TO DATE    0.0
  SINCE SEP 1      0.0
  SINCE JUL 1      0.0

DEGREE DAYS
 HEATING
  YESTERDAY        0                         4     -4        5
  MONTH TO DATE    3                        70    -67       77
  SINCE SEP 1      4                       114   -110       91
  SINCE JUL 1      4                       165   -161      121

 COOLING
  YESTERDAY        0                         0      0        0
  MONTH TO DATE   57                        11     46        4
  SINCE SEP 1    190                        55    135       87
  SINCE JAN 1    521                       182    339      285
..................................................................


WIND (MPH)
  HIGHEST WIND SPEED    16   HIGHEST WIND DIRECTION     N (10)
  HIGHEST GUST SPEED    20   HIGHEST GUST DIRECTION     N (10)
  AVERAGE WIND SPEED     4.1


SKY COVER
  POSSIBLE SUNSHINE  MM
  AVERAGE SKY COVER 0.1


WEATHER CONDITIONS
 THE FOLLOWING WEATHER WAS RECORDED YESTERDAY.
  FOG


RELATIVE HUMIDITY (PERCENT)
 HIGHEST    93           600 AM
 LOWEST     50          1200 PM
 AVERAGE    72

..........................................................


THE SANTA BARBARA AIRPORT CA CLIMATE NORMALS FOR TODAY
                         NORMAL    RECORD    YEAR
 MAXIMUM TEMPERATURE (F)   72        93      1965
 MINIMUM TEMPERATURE (F)   50        40      1949


SUNRISE AND SUNSET
OCTOBER 22 2014.......SUNRISE   711 AM PDT   SUNSET   616 PM PDT
OCTOBER 23 2014.......SUNRISE   712 AM PDT   SUNSET   615 PM PDT


-  INDICATES NEGATIVE NUMBERS.
R  INDICATES RECORD WAS SET OR TIED.
MM INDICATES DATA IS MISSING.
T  INDICATES TRACE AMOUNT.




$$
