000
CDUS46 KLOX 261311
CLISBA


CLIMATE REPORT
NATIONAL WEATHER SERVICE LOS ANGELES/OXNARD CA
611 AM PDT MON SEP 26 2016


...................................

...THE SANTA BARBARA AIRPORT CA CLIMATE SUMMARY FOR SEPTEMBER 25 2016...

CLIMATE NORMAL PERIOD 1981 TO 2010
CLIMATE RECORD PERIOD 1940 TO 2016


WEATHER ITEM   OBSERVED TIME   RECORD YEAR NORMAL DEPARTURE LAST
                VALUE   (LST)  VALUE       VALUE  FROM      YEAR
                                                  NORMAL
..................................................................
TEMPERATURE (F)
 YESTERDAY
  MAXIMUM         96    227 PM  98    1978  74     22       81
  MINIMUM         53    501 AM  47    1941  55     -2       64
  AVERAGE         75                        64     11       73

PRECIPITATION (IN)
  YESTERDAY        0.00          0.51 1982   0.02  -0.02     0.00
  MONTH TO DATE    0.01                      0.19  -0.18     0.17
  SINCE OCT 1     10.22                     17.69  -7.47     9.80
  SINCE JAN 1      9.34                     12.39  -3.05     3.51

SNOWFALL (IN)
  YESTERDAY        0.0
  MONTH TO DATE    0.0
  SINCE SEP 1      0.0
  SINCE JUL 1      0.0

DEGREE DAYS
 HEATING
  YESTERDAY        0                         2     -2        0
  MONTH TO DATE   36                        31      5        0
  SINCE SEP 1     36                        31      5        0
  SINCE JUL 1     58                        82    -24        0

 COOLING
  YESTERDAY       10                         1      9        8
  MONTH TO DATE   40                        40      0      180
  SINCE SEP 1     40                        40      0      180
  SINCE JAN 1    188                       167     21      558
..................................................................


WIND (MPH)
  HIGHEST WIND SPEED    13   HIGHEST WIND DIRECTION     W (270)
  HIGHEST GUST SPEED    15   HIGHEST GUST DIRECTION     W (270)
  AVERAGE WIND SPEED     3.6


SKY COVER
  POSSIBLE SUNSHINE  MM
  AVERAGE SKY COVER 0.0


WEATHER CONDITIONS
 THE FOLLOWING WEATHER WAS RECORDED YESTERDAY.
  NO SIGNIFICANT WEATHER WAS OBSERVED.


RELATIVE HUMIDITY (PERCENT)
 HIGHEST    90          1200 AM
 LOWEST      9           200 PM
 AVERAGE    50

..........................................................


THE SANTA BARBARA AIRPORT CA CLIMATE NORMALS FOR TODAY
                         NORMAL    RECORD    YEAR
 MAXIMUM TEMPERATURE (F)   74       103      1963
 MINIMUM TEMPERATURE (F)   55        43      1948


SUNRISE AND SUNSET
SEPTEMBER 26 2016.....SUNRISE   651 AM PDT   SUNSET   650 PM PDT
SEPTEMBER 27 2016.....SUNRISE   651 AM PDT   SUNSET   648 PM PDT


-  INDICATES NEGATIVE NUMBERS.
R  INDICATES RECORD WAS SET OR TIED.
MM INDICATES DATA IS MISSING.
T  INDICATES TRACE AMOUNT.




$$
