000
CDUS46 KLOX 170927
CLISBA


CLIMATE REPORT
NATIONAL WEATHER SERVICE LOS ANGELES/OXNARD CA
227 AM PDT THU AUG 17 2017


...................................

...THE SANTA BARBARA AIRPORT CA CLIMATE SUMMARY FOR AUGUST 16 2017...

CLIMATE NORMAL PERIOD 1981 TO 2010
CLIMATE RECORD PERIOD 1940 TO 2017


WEATHER ITEM   OBSERVED TIME   RECORD YEAR NORMAL DEPARTURE LAST
                VALUE   (LST)  VALUE       VALUE  FROM      YEAR
                                                  NORMAL
..................................................................
TEMPERATURE (F)
 YESTERDAY
  MAXIMUM         74    137 PM  84    1962  74      0       73
  MINIMUM         58    329 AM  50    1986  58      0       59
  AVERAGE         66                        66      0       66

PRECIPITATION (IN)
  YESTERDAY        0.00          T    1989   0.00   0.00     0.00
  MONTH TO DATE    0.01                      0.05  -0.04     0.00
  SINCE OCT 1     24.28                     17.43   6.85    10.21
  SINCE JAN 1     19.47                     12.13   7.34     9.33

SNOWFALL (IN)
  YESTERDAY        0.0
  MONTH TO DATE    0.0
  SINCE JUN 1      0.0
  SINCE JUL 1      0.0

DEGREE DAYS
 HEATING
  YESTERDAY        0                         1     -1        0
  MONTH TO DATE    0                        16    -16        0
  SINCE JUN 1     50                       133    -83       87
  SINCE JUL 1     11                        43    -32       15

 COOLING
  YESTERDAY        1                         2     -1        1
  MONTH TO DATE   62                        32     30       26
  SINCE JUN 1    149                        90     59      115
  SINCE JAN 1    176                       104     72      125
..................................................................


WIND (MPH)
  HIGHEST WIND SPEED    14   HIGHEST WIND DIRECTION     W (270)
  HIGHEST GUST SPEED    17   HIGHEST GUST DIRECTION     W (260)
  AVERAGE WIND SPEED     5.3


SKY COVER
  POSSIBLE SUNSHINE  MM
  AVERAGE SKY COVER 0.3


WEATHER CONDITIONS
 THE FOLLOWING WEATHER WAS RECORDED YESTERDAY.
  NO SIGNIFICANT WEATHER WAS OBSERVED.


RELATIVE HUMIDITY (PERCENT)
 HIGHEST    90           500 AM
 LOWEST     57           100 PM
 AVERAGE    74

..........................................................


THE SANTA BARBARA AIRPORT CA CLIMATE NORMALS FOR TODAY
                         NORMAL    RECORD    YEAR
 MAXIMUM TEMPERATURE (F)   74        85      1992
 MINIMUM TEMPERATURE (F)   58        51      1978


SUNRISE AND SUNSET
AUGUST 17 2017........SUNRISE   622 AM PDT   SUNSET   744 PM PDT
AUGUST 18 2017........SUNRISE   623 AM PDT   SUNSET   743 PM PDT


-  INDICATES NEGATIVE NUMBERS.
R  INDICATES RECORD WAS SET OR TIED.
MM INDICATES DATA IS MISSING.
T  INDICATES TRACE AMOUNT.




$$
