000
CDUS43 KIWX 280526
CLISBN


CLIMATE REPORT
NATIONAL WEATHER SERVICE NORTHERN INDIANA
1225 AM EST SUN DEC 28 2014


...................................

...THE SOUTH BEND CLIMATE SUMMARY FOR DECEMBER 27 2014...

CLIMATE NORMAL PERIOD 1981 TO 2010
CLIMATE RECORD PERIOD 1893 TO 2014


WEATHER ITEM   OBSERVED TIME   RECORD YEAR NORMAL DEPARTURE LAST
                VALUE   (LST)  VALUE       VALUE  FROM      YEAR
                                                  NORMAL
..................................................................
TEMPERATURE (F)
 YESTERDAY
  MAXIMUM         49    334 PM  62    2008  33     16       41
  MINIMUM         35   1159 PM  -7    1903  19     16       27
  AVERAGE         42                        26     16       34

PRECIPITATION (IN)
  YESTERDAY        0.04          0.97 1942   0.08  -0.04     0.00
  MONTH TO DATE    1.46                      2.29  -0.83     2.11
  SINCE DEC 1      1.46                      2.29  -0.83     2.11
  SINCE JAN 1     41.43                     37.68   3.75    40.13

SNOWFALL (IN)
  YESTERDAY        0.0           3.4  1970   0.7   -0.7      0.0
  MONTH TO DATE    T                        14.7  -14.7      6.7
  SINCE DEC 1      T                        14.7  -14.7      6.7
  SINCE JUL 1     19.3                      19.9   -0.6     15.9
  SNOW DEPTH       0

DEGREE DAYS
 HEATING
  YESTERDAY       23                        39    -16       31
  MONTH TO DATE  808                       964   -156     1042
  SINCE DEC 1    808                       964   -156     1042
  SINCE JUL 1   2250                      2233     17     2331

 COOLING
  YESTERDAY        0                         0      0        0
  MONTH TO DATE    0                         0      0        0
  SINCE DEC 1      0                         0      0        0
  SINCE JAN 1    771                       773     -2      828
..................................................................


WIND (MPH)
  HIGHEST WIND SPEED    26   HIGHEST WIND DIRECTION     W (270)
  HIGHEST GUST SPEED    31   HIGHEST GUST DIRECTION    SW (210)
  AVERAGE WIND SPEED    13.6


SKY COVER
  AVERAGE SKY COVER 1.0


WEATHER CONDITIONS
 THE FOLLOWING WEATHER WAS RECORDED YESTERDAY.
  LIGHT RAIN
  FOG


RELATIVE HUMIDITY (PERCENT)
 HIGHEST   100           900 AM
 LOWEST     75          1100 PM
 AVERAGE    88

..........................................................


THE SOUTH BEND CLIMATE NORMALS FOR TODAY
                         NORMAL    RECORD    YEAR
 MAXIMUM TEMPERATURE (F)   32        66      1984
 MINIMUM TEMPERATURE (F)   19       -18      1924


SUNRISE AND SUNSET
DECEMBER 28 2014......SUNRISE   812 AM EST   SUNSET   522 PM EST
DECEMBER 29 2014......SUNRISE   812 AM EST   SUNSET   523 PM EST


-  INDICATES NEGATIVE NUMBERS.
R  INDICATES RECORD WAS SET OR TIED.
MM INDICATES DATA IS MISSING.
T  INDICATES TRACE AMOUNT.




$$
