000
CDUS43 KIWX 190021
CLISBN


CLIMATE REPORT
NATIONAL WEATHER SERVICE NORTHERN INDIANA
820 PM EDT THU SEP 18 2014


...................................

...THE SOUTH BEND CLIMATE SUMMARY FOR SEPTEMBER 18 2014...
VALID AS OF 0800 PM LOCAL TIME.

CLIMATE NORMAL PERIOD 1981 TO 2010
CLIMATE RECORD PERIOD 1893 TO 2014


WEATHER ITEM   OBSERVED TIME   RECORD YEAR NORMAL DEPARTURE LAST
                VALUE   (LST)  VALUE       VALUE  FROM      YEAR
                                                  NORMAL
..................................................................
TEMPERATURE (F)
 TODAY
  MAXIMUM         73    412 PM  94    1906  73      0       81
                                      1895
  MINIMUM         43    647 AM  35    1900  53    -10       57
  AVERAGE         58                        63     -5       69

PRECIPITATION (IN)
  TODAY            0.00          2.14 1927   0.11  -0.11     0.15
  MONTH TO DATE    2.35                      2.10   0.25     0.43
  SINCE SEP 1      2.35                      2.10   0.25     0.43
  SINCE JAN 1     30.56                     27.37   3.19    27.35

DEGREE DAYS
 HEATING
  TODAY            7                         4      3        0
  MONTH TO DATE   82                        41     41       38
  SINCE SEP 1     82                        41     41       38
  SINCE JUL 1    110                        59     51       67

 COOLING
  TODAY            0                         2     -2        4
  MONTH TO DATE   64                        64      0      107
  SINCE SEP 1     64                        64      0      107
  SINCE JAN 1    757                       746     11      787
..................................................................


WIND (MPH)
  RESULTANT WIND SPEED   2   RESULTANT WIND DIRECTION   E (70)
  HIGHEST WIND SPEED     9   HIGHEST WIND DIRECTION     E (80)
  HIGHEST GUST SPEED    13   HIGHEST GUST DIRECTION     E (70)
  AVERAGE WIND SPEED     2.9


SKY COVER
  POSSIBLE SUNSHINE  MM
  AVERAGE SKY COVER 0.1


WEATHER CONDITIONS
 THE FOLLOWING WEATHER WAS RECORDED TODAY.
  FOG


RELATIVE HUMIDITY (PERCENT)
 HIGHEST    89           400 AM
 LOWEST     41           200 PM
 AVERAGE    65

..........................................................


THE SOUTH BEND CLIMATE NORMALS FOR TOMORROW
                         NORMAL    RECORD    YEAR
 MAXIMUM TEMPERATURE (F)   73        95      1906
 MINIMUM TEMPERATURE (F)   52        34      1929


SUNRISE AND SUNSET
SEPTEMBER 18 2014.....SUNRISE   729 AM EDT   SUNSET   749 PM EDT
SEPTEMBER 19 2014.....SUNRISE   730 AM EDT   SUNSET   748 PM EDT


-  INDICATES NEGATIVE NUMBERS.
R  INDICATES RECORD WAS SET OR TIED.
MM INDICATES DATA IS MISSING.
T  INDICATES TRACE AMOUNT.




$$
