000
CDUS43 KIWX 250523
CLISBN


CLIMATE REPORT
NATIONAL WEATHER SERVICE NORTHERN INDIANA
123 AM EDT FRI APR 25 2014


...................................

...THE SOUTH BEND CLIMATE SUMMARY FOR APRIL 24 2014...

CLIMATE NORMAL PERIOD 1981 TO 2010
CLIMATE RECORD PERIOD 1893 TO 2014


WEATHER ITEM   OBSERVED TIME   RECORD YEAR NORMAL DEPARTURE LAST
                VALUE   (LST)  VALUE       VALUE  FROM      YEAR
                                                  NORMAL
..................................................................
TEMPERATURE (F)
 YESTERDAY
  MAXIMUM         61    103 PM  85    2009  63     -2       46
                                      1994
                                      1990
  MINIMUM         46   1221 AM  25    1930  42      4       36
  AVERAGE         54                        52      2       41

PRECIPITATION (IN)
  YESTERDAY        0.05          1.64 1976   0.11  -0.06     0.03
  MONTH TO DATE    1.94                      2.55  -0.61     5.16
  SINCE MAR 1      3.63                      4.97  -1.34     6.42
  SINCE JAN 1      9.57                      9.21   0.36    13.91

DEGREE DAYS
 HEATING
  YESTERDAY       11                        13     -2       24
  MONTH TO DATE  400                       416    -16      474
  SINCE MAR 1   1476                      1271    205     1488
  SINCE JUL 1   6659                      5960    699     5885

 COOLING
  YESTERDAY        0                         0      0        0
  MONTH TO DATE    2                         0      2        0
  SINCE MAR 1      2                         1      1        0
  SINCE JAN 1      2                         1      1        0
..................................................................


WIND (MPH)
  HIGHEST WIND SPEED    28   HIGHEST WIND DIRECTION    SE (130)
  HIGHEST GUST SPEED    35   HIGHEST GUST DIRECTION    SE (130)
  AVERAGE WIND SPEED    15.4


SKY COVER
  AVERAGE SKY COVER 0.7


WEATHER CONDITIONS
 THE FOLLOWING WEATHER WAS RECORDED YESTERDAY.
  LIGHT RAIN


RELATIVE HUMIDITY (PERCENT)
 HIGHEST    54           200 AM
 LOWEST     23          1200 PM
 AVERAGE    39

..........................................................


THE SOUTH BEND CLIMATE NORMALS FOR TODAY
                         NORMAL    RECORD    YEAR
 MAXIMUM TEMPERATURE (F)   63        87      1990
 MINIMUM TEMPERATURE (F)   42        23      1919


SUNRISE AND SUNSET
APRIL 25 2014.........SUNRISE   650 AM EDT   SUNSET   837 PM EDT
APRIL 26 2014.........SUNRISE   649 AM EDT   SUNSET   838 PM EDT


-  INDICATES NEGATIVE NUMBERS.
R  INDICATES RECORD WAS SET OR TIED.
MM INDICATES DATA IS MISSING.
T  INDICATES TRACE AMOUNT.




$$
