518
CDUS43 KIWX 220524
CLISBN


CLIMATE REPORT
NATIONAL WEATHER SERVICE NORTHERN INDIANA
123 AM EDT FRI MAY 22 2015


...................................

...THE SOUTH BEND CLIMATE SUMMARY FOR MAY 21 2015...

CLIMATE NORMAL PERIOD 1981 TO 2010
CLIMATE RECORD PERIOD 1893 TO 2015


WEATHER ITEM   OBSERVED TIME   RECORD YEAR NORMAL DEPARTURE LAST
                VALUE   (LST)  VALUE       VALUE  FROM      YEAR
                                                  NORMAL
..................................................................
TEMPERATURE (F)
 YESTERDAY
  MAXIMUM         65    617 PM  93    1934  72     -7       82
  MINIMUM         44    615 AM  30    2002  50     -6       64
                                      1895
  AVERAGE         55                        61     -6       73

PRECIPITATION (IN)
  YESTERDAY        T             1.02 2010   0.13  -0.13     0.86
  MONTH TO DATE    3.05                      2.53   0.52     3.79
  SINCE MAR 1      6.23                      8.18  -1.95     7.83
  SINCE JAN 1     10.13                     12.42  -2.29    13.77

SNOWFALL (IN)
  YESTERDAY        0.0           0.0  2002   0.0    0.0      0.0
                                      2001
  MONTH TO DATE    0.0                       0.0    0.0      0.0
  SINCE MAR 1      6.1                       8.5   -2.4     12.9
  SINCE JUL 1     83.9                      66.6   17.3    106.9
  SNOW DEPTH       0

DEGREE DAYS
 HEATING
  YESTERDAY       10                         6      4        0
  MONTH TO DATE  112                       176    -64      190
  SINCE MAR 1   1487                      1518    -31     1735
  SINCE JUL 1   6584                      6207    377     6918

 COOLING
  YESTERDAY        0                         2     -2        8
  MONTH TO DATE   47                        24     23       39
  SINCE MAR 1     49                        34     15       41
  SINCE JAN 1     49                        34     15       41
..................................................................


WIND (MPH)
  HIGHEST WIND SPEED    22   HIGHEST WIND DIRECTION     W (280)
  HIGHEST GUST SPEED    28   HIGHEST GUST DIRECTION     W (280)
  AVERAGE WIND SPEED     8.3


SKY COVER
  AVERAGE SKY COVER 0.4


WEATHER CONDITIONS
 THE FOLLOWING WEATHER WAS RECORDED YESTERDAY.
  LIGHT RAIN


RELATIVE HUMIDITY (PERCENT)
 HIGHEST    83           200 AM
 LOWEST     26           600 PM
 AVERAGE    55

..........................................................


THE SOUTH BEND CLIMATE NORMALS FOR TODAY
                         NORMAL    RECORD    YEAR
 MAXIMUM TEMPERATURE (F)   72        92      1925
 MINIMUM TEMPERATURE (F)   51        32      1997


SUNRISE AND SUNSET
MAY 22 2015...........SUNRISE   620 AM EDT   SUNSET   905 PM EDT
MAY 23 2015...........SUNRISE   619 AM EDT   SUNSET   906 PM EDT


-  INDICATES NEGATIVE NUMBERS.
R  INDICATES RECORD WAS SET OR TIED.
MM INDICATES DATA IS MISSING.
T  INDICATES TRACE AMOUNT.




$$
