000
CDUS43 KIWX 280532
CLISBN


CLIMATE REPORT
NATIONAL WEATHER SERVICE NORTHERN INDIANA
132 AM EDT WED JUN 28 2017


...................................

...THE SOUTH BEND CLIMATE SUMMARY FOR JUNE 27 2017...

CLIMATE NORMAL PERIOD 1981 TO 2010
CLIMATE RECORD PERIOD 1893 TO 2017


WEATHER ITEM   OBSERVED TIME   RECORD YEAR NORMAL DEPARTURE LAST
                VALUE   (LST)  VALUE       VALUE  FROM      YEAR
                                                  NORMAL
..................................................................
TEMPERATURE (F)
 YESTERDAY
  MAXIMUM         72    526 PM 102    1933  82    -10       89
  MINIMUM         47    530 AM  41    1905  62    -15       63
  AVERAGE         60                        72    -12       76

PRECIPITATION (IN)
  YESTERDAY        0.00          1.55 1973   0.12  -0.12     0.00
  MONTH TO DATE    1.38                      3.46  -2.08     3.25
  SINCE JUN 1      1.38                      3.46  -2.08     3.25
  SINCE JAN 1     20.61                     17.18   3.43    18.36

DEGREE DAYS
 HEATING
  YESTERDAY        5                         0      5        0
  MONTH TO DATE   25                        43    -18       24
  SINCE JUN 1     25                        43    -18       24
  SINCE JUL 1   5527                      6297   -770     5629

 COOLING
  YESTERDAY        0                         8     -8       11
  MONTH TO DATE  153                       141     12      175
  SINCE JUN 1    153                       141     12      175
  SINCE JAN 1    193                       197     -4      244
..................................................................


WIND (MPH)
  HIGHEST WIND SPEED    20   HIGHEST WIND DIRECTION     W (290)
  HIGHEST GUST SPEED    26   HIGHEST GUST DIRECTION     W (290)
  AVERAGE WIND SPEED     5.8


SKY COVER
  AVERAGE SKY COVER 0.1


WEATHER CONDITIONS
 THE FOLLOWING WEATHER WAS RECORDED YESTERDAY.
  NO SIGNIFICANT WEATHER WAS OBSERVED.


RELATIVE HUMIDITY (PERCENT)
 HIGHEST   100           600 AM
 LOWEST     35           500 PM
 AVERAGE    68

..........................................................


THE SOUTH BEND CLIMATE NORMALS FOR TODAY
                         NORMAL    RECORD    YEAR
 MAXIMUM TEMPERATURE (F)   83       103      1934
 MINIMUM TEMPERATURE (F)   62        42      1992


SUNRISE AND SUNSET
JUNE 28 2017..........SUNRISE   613 AM EDT   SUNSET   924 PM EDT
JUNE 29 2017..........SUNRISE   614 AM EDT   SUNSET   924 PM EDT


-  INDICATES NEGATIVE NUMBERS.
R  INDICATES RECORD WAS SET OR TIED.
MM INDICATES DATA IS MISSING.
T  INDICATES TRACE AMOUNT.




$$
