000
CDUS43 KIWX 170526
CLISBN


CLIMATE REPORT
NATIONAL WEATHER SERVICE NORTHERN INDIANA
1224 AM EST SUN DEC 17 2017


...................................

...THE SOUTH BEND CLIMATE SUMMARY FOR DECEMBER 16 2017...

CLIMATE NORMAL PERIOD 1981 TO 2010
CLIMATE RECORD PERIOD 1893 TO 2017


WEATHER ITEM   OBSERVED TIME   RECORD YEAR NORMAL DEPARTURE LAST
                VALUE   (LST)  VALUE       VALUE  FROM      YEAR
                                                  NORMAL
..................................................................
TEMPERATURE (F)
 YESTERDAY
  MAXIMUM         42    423 PM  65    1984  35      7       19
  MINIMUM         26   1047 PM -16    1951  22      4        4
  AVERAGE         34                        28      6       12

PRECIPITATION (IN)
  YESTERDAY        0.00          0.41 1994   0.08  -0.08     0.05
  MONTH TO DATE    0.66                      1.40  -0.74     1.26
  SINCE DEC 1      0.66                      1.40  -0.74     1.26
  SINCE JAN 1     42.82                     36.79   6.03    45.87

SNOWFALL (IN)
  YESTERDAY        0.0           7.6  1953   0.6   -0.6      0.9
  MONTH TO DATE   13.4                       7.9    5.5     16.0
  SINCE DEC 1     13.4                       7.9    5.5     16.0
  SINCE JUL 1     13.4                      13.1    0.3     16.5
  SNOW DEPTH       4

DEGREE DAYS
 HEATING
  YESTERDAY       31                        37     -6       53
  MONTH TO DATE  557                       546     11      652
  SINCE DEC 1    557                       546     11      652
  SINCE JUL 1   1740                      1815    -75     1553

 COOLING
  YESTERDAY        0                         0      0        0
  MONTH TO DATE    0                         0      0        0
  SINCE DEC 1      0                         0      0        0
  SINCE JAN 1    692                       773    -81      950
..................................................................


WIND (MPH)
  HIGHEST WIND SPEED    18   HIGHEST WIND DIRECTION    SW (220)
  HIGHEST GUST SPEED    24   HIGHEST GUST DIRECTION    SW (230)
  AVERAGE WIND SPEED     9.2


SKY COVER
  AVERAGE SKY COVER 0.4


WEATHER CONDITIONS
 THE FOLLOWING WEATHER WAS RECORDED YESTERDAY.
  NO SIGNIFICANT WEATHER WAS OBSERVED.


RELATIVE HUMIDITY (PERCENT)
 HIGHEST    92          1100 PM
 LOWEST     59           200 PM
 AVERAGE    76

..........................................................


THE SOUTH BEND CLIMATE NORMALS FOR TODAY
                         NORMAL    RECORD    YEAR
 MAXIMUM TEMPERATURE (F)   34        55      2006
 MINIMUM TEMPERATURE (F)   22       -10      1951


SUNRISE AND SUNSET
DECEMBER 17 2017......SUNRISE   807 AM EST   SUNSET   516 PM EST
DECEMBER 18 2017......SUNRISE   807 AM EST   SUNSET   517 PM EST


-  INDICATES NEGATIVE NUMBERS.
R  INDICATES RECORD WAS SET OR TIED.
MM INDICATES DATA IS MISSING.
T  INDICATES TRACE AMOUNT.




$$
