916
CDUS41 KAKQ 230545
CLISBY


CLIMATE REPORT
NATIONAL WEATHER SERVICE WAKEFIELD, VA
145 AM EDT SUN APR 23 2017


...................................

...THE SALISBURY MD CLIMATE SUMMARY FOR APRIL 22 2017...

CLIMATE NORMAL PERIOD 1981 TO 2010
CLIMATE RECORD PERIOD 1900 TO 2017


WEATHER ITEM   OBSERVED TIME   RECORD YEAR NORMAL DEPARTURE LAST
                VALUE   (LST)  VALUE       VALUE  FROM      YEAR
                                                  NORMAL
..................................................................
TEMPERATURE (F)
 YESTERDAY
  MAXIMUM         57   1153 AM  94    1985  67    -10       80
  MINIMUM         52   1159 PM  30    1975  45      7       61
  AVERAGE         55                        56     -1       71

PRECIPITATION (IN)
  YESTERDAY        0.32          1.93 2012   0.10   0.22     0.18
  MONTH TO DATE    0.96                      2.72  -1.76     3.15
  SINCE MAR 1      5.59                      7.14  -1.55     4.93
  SINCE JAN 1     10.39                     14.10  -3.71    11.78

SNOWFALL (IN)
  YESTERDAY        0.0           0.0  2002   0.0    0.0
                                      2001
  MONTH TO DATE    0.0                       0.2   -0.2
  SINCE NOV 1      9.6                       9.3    0.3
  SINCE JUL 1      9.6                       9.3    0.3
  SNOW DEPTH       0

DEGREE DAYS
 HEATING
  YESTERDAY       10                        10      0        0
  MONTH TO DATE  147                       277   -130      295
  SINCE MAR 1    771                       907   -136      739
  SINCE JUL 1   3522                      4212   -690     3410

 COOLING
  YESTERDAY        0                         1     -1        6
  MONTH TO DATE   28                         9     19       13
  SINCE MAR 1     30                        11     19       16
  SINCE JAN 1     30                        11     19       16
..................................................................


WIND (MPH)
  HIGHEST WIND SPEED    15   HIGHEST WIND DIRECTION    NW (310)
  HIGHEST GUST SPEED    20   HIGHEST GUST DIRECTION    NW (320)
  AVERAGE WIND SPEED     7.5


SKY COVER
  POSSIBLE SUNSHINE  MM
  AVERAGE SKY COVER 1.0


WEATHER CONDITIONS
 THE FOLLOWING WEATHER WAS RECORDED YESTERDAY.
  THUNDERSTORM
  HEAVY RAIN
  RAIN
  LIGHT RAIN
  FOG


RELATIVE HUMIDITY (PERCENT)
 HIGHEST   100          1200 AM
 LOWEST     93           100 AM
 AVERAGE    97

..........................................................


THE SALISBURY MD CLIMATE NORMALS FOR TODAY
                         NORMAL    RECORD    YEAR
 MAXIMUM TEMPERATURE (F)   67        91      1960
 MINIMUM TEMPERATURE (F)   45        30      1936


SUNRISE AND SUNSET
APRIL 23 2017.........SUNRISE   615 AM EDT   SUNSET   746 PM EDT
APRIL 24 2017.........SUNRISE   614 AM EDT   SUNSET   747 PM EDT


-  INDICATES NEGATIVE NUMBERS.
R  INDICATES RECORD WAS SET OR TIED.
MM INDICATES DATA IS MISSING.
T  INDICATES TRACE AMOUNT.




$$
