000
CDUS41 KAKQ 220534
CLISBY


CLIMATE REPORT
NATIONAL WEATHER SERVICE WAKEFIELD, VA
133 AM EDT FRI SEP 22 2017


...................................

...THE SALISBURY MD CLIMATE SUMMARY FOR SEPTEMBER 21 2017...

CLIMATE NORMAL PERIOD 1981 TO 2010
CLIMATE RECORD PERIOD 1900 TO 2017


WEATHER ITEM   OBSERVED TIME   RECORD YEAR NORMAL DEPARTURE LAST
                VALUE   (LST)  VALUE       VALUE  FROM      YEAR
                                                  NORMAL
..................................................................
TEMPERATURE (F)
 YESTERDAY
  MAXIMUM         86    248 PM  95    1931  77      9       79
  MINIMUM         64    552 AM  34    1956  56      8       69
  AVERAGE         75                        66      9       74

PRECIPITATION (IN)
  YESTERDAY        0.00          2.03 1938   0.13  -0.13     0.01
  MONTH TO DATE    1.94                      2.77  -0.83     3.38
  SINCE SEP 1      1.94                      2.77  -0.83     3.38
  SINCE JAN 1     44.00                     33.84  10.16    37.44

SNOWFALL (IN)
  YESTERDAY        0.0           0.0  2002   0.0    0.0
                                      2001
  MONTH TO DATE    0.0                       0.0    0.0
  SINCE NOV 1      9.6                       9.3    0.3
  SINCE JUL 1      0.0                       0.0    0.0
  SNOW DEPTH       0

DEGREE DAYS
 HEATING
  YESTERDAY        0                         2     -2        0
  MONTH TO DATE    5                        17    -12        0
  SINCE SEP 1      5                        17    -12        0
  SINCE JUL 1      5                        19    -14        0

 COOLING
  YESTERDAY       10                         3      7        9
  MONTH TO DATE  110                       120    -10      190
  SINCE SEP 1    110                       120    -10      190
  SINCE JAN 1   1277                      1103    174     1379
..................................................................


WIND (MPH)
  HIGHEST WIND SPEED    14   HIGHEST WIND DIRECTION     N (350)
  HIGHEST GUST SPEED    18   HIGHEST GUST DIRECTION     N (10)
  AVERAGE WIND SPEED     4.1


SKY COVER
  POSSIBLE SUNSHINE  MM
  AVERAGE SKY COVER 0.1


WEATHER CONDITIONS
 THE FOLLOWING WEATHER WAS RECORDED YESTERDAY.
  FOG


RELATIVE HUMIDITY (PERCENT)
 HIGHEST   100          1200 AM
 LOWEST     48           200 PM
 AVERAGE    74

..........................................................


THE SALISBURY MD CLIMATE NORMALS FOR TODAY
                         NORMAL    RECORD    YEAR
 MAXIMUM TEMPERATURE (F)   76        96      1914
 MINIMUM TEMPERATURE (F)   56        37      1962


SUNRISE AND SUNSET
SEPTEMBER 22 2017.....SUNRISE   650 AM EDT   SUNSET   659 PM EDT
SEPTEMBER 23 2017.....SUNRISE   651 AM EDT   SUNSET   657 PM EDT


-  INDICATES NEGATIVE NUMBERS.
R  INDICATES RECORD WAS SET OR TIED.
MM INDICATES DATA IS MISSING.
T  INDICATES TRACE AMOUNT.




$$
