000
CDUS41 KAKQ 272127
CLISBY


CLIMATE REPORT
NATIONAL WEATHER SERVICE WAKEFIELD, VA
527 PM EDT TUE SEP 27 2016


...................................

...THE SALISBURY MD CLIMATE SUMMARY FOR SEPTEMBER 27 2016...
VALID TODAY AS OF 0500 PM LOCAL TIME.

CLIMATE NORMAL PERIOD 1981 TO 2010
CLIMATE RECORD PERIOD 1900 TO 2016


WEATHER ITEM   OBSERVED TIME   RECORD YEAR NORMAL DEPARTURE LAST
                VALUE   (LST)  VALUE       VALUE  FROM      YEAR
                                                  NORMAL
..................................................................
TEMPERATURE (F)
 TODAY
  MAXIMUM         70    359 PM  94    1998  75     -5       76
  MINIMUM         66    802 AM  38    2001  53     13       66
                                      1957
  AVERAGE         68

PRECIPITATION (IN)
  TODAY            1.18          3.29 1976   0.14   1.04     0.00
  MONTH TO DATE    4.58                      3.58   1.00     1.38
  SINCE SEP 1      4.58                      3.58   1.00     1.38
  SINCE JAN 1     38.64                     34.65   3.99    38.77

SNOWFALL (IN)
  TODAY            0.0
  MONTH TO DATE    0.0
  SINCE NOV 1     19.8
  SINCE JUL 1      0.0
  SNOW DEPTH       0

DEGREE DAYS
 HEATING
  TODAY            0
  MONTH TO DATE    4
  SINCE SEP 1      4
  SINCE JUL 1      4

 COOLING
  TODAY            3
  MONTH TO DATE  215
  SINCE SEP 1    215
  SINCE JAN 1   1404
..................................................................


WIND (MPH)
  RESULTANT WIND SPEED   2   RESULTANT WIND DIRECTION  SE (130)
  HIGHEST WIND SPEED    16   HIGHEST WIND DIRECTION    SW (240)
  HIGHEST GUST SPEED    22   HIGHEST GUST DIRECTION    SW (220)


SKY COVER
  POSSIBLE SUNSHINE  MM
  AVERAGE SKY COVER 0.9


WEATHER CONDITIONS
 THE FOLLOWING WEATHER WAS RECORDED TODAY.
  HEAVY RAIN
  RAIN
  LIGHT RAIN
  FOG


RELATIVE HUMIDITY (PERCENT)
 HIGHEST    97
 LOWEST     84
 AVERAGE    91

..........................................................


THE SALISBURY MD CLIMATE NORMALS FOR TOMORROW
                         NORMAL    RECORD    YEAR
 MAXIMUM TEMPERATURE (F)   74        90      1921
 MINIMUM TEMPERATURE (F)   53        38      1957


SUNRISE AND SUNSET
SEPTEMBER 27 2016.....SUNRISE   655 AM EDT   SUNSET   650 PM EDT
SEPTEMBER 28 2016.....SUNRISE   655 AM EDT   SUNSET   649 PM EDT


-  INDICATES NEGATIVE NUMBERS.
R  INDICATES RECORD WAS SET OR TIED.
MM INDICATES DATA IS MISSING.
T  INDICATES TRACE AMOUNT.




$$
