000
CDUS41 KAKQ 070550
CLISBY


CLIMATE REPORT
NATIONAL WEATHER SERVICE WAKEFIELD, VA
150 AM EDT TUE JUL 7 2015


...................................

...THE SALISBURY MD CLIMATE SUMMARY FOR JULY 6 2015...

CLIMATE NORMAL PERIOD 1981 TO 2010
CLIMATE RECORD PERIOD 1900 TO 2015


WEATHER ITEM   OBSERVED TIME   RECORD YEAR NORMAL DEPARTURE LAST
                VALUE   (LST)  VALUE       VALUE  FROM      YEAR
                                                  NORMAL
..................................................................
TEMPERATURE (F)
 YESTERDAY
  MAXIMUM         87    231 PM 102    2010  87      0       86
  MINIMUM         71    619 AM  52    1979  67      4       58
  AVERAGE         79                        77      2       72

PRECIPITATION (IN)
  YESTERDAY        0.34          2.03 1955   0.12   0.22     0.00
  MONTH TO DATE    1.33                      0.71   0.62     1.78
  SINCE JUN 1      9.59                      4.42   5.17     3.36
  SINCE JAN 1     26.80                     22.97   3.83    23.07

SNOWFALL (IN)
  YESTERDAY        0.0           0.0  2002   0.0    0.0
                                      2001
  MONTH TO DATE    0.0                       0.0    0.0
  SINCE NOV 1     15.7                       9.3    6.4
  SINCE JUL 1      0.0                       0.0    0.0
  SNOW DEPTH       0

DEGREE DAYS
 HEATING
  YESTERDAY        0                         0      0        0
  MONTH TO DATE    0                         0      0        0
  SINCE JUN 1     15                        19     -4        5
  SINCE JUL 1      0                         0      0        0

 COOLING
  YESTERDAY       14                        12      2        7
  MONTH TO DATE   58                        67     -9       87
  SINCE JUN 1    343                       294     49      380
  SINCE JAN 1    499                       378    121      515
..................................................................


WIND (MPH)
  HIGHEST WIND SPEED    24   HIGHEST WIND DIRECTION     W (260)
  HIGHEST GUST SPEED    34   HIGHEST GUST DIRECTION     W (250)
  AVERAGE WIND SPEED     5.8


SKY COVER
  POSSIBLE SUNSHINE  MM
  AVERAGE SKY COVER 0.3


WEATHER CONDITIONS
 THE FOLLOWING WEATHER WAS RECORDED YESTERDAY.
  THUNDERSTORM
  HEAVY RAIN
  LIGHT RAIN
  FOG


RELATIVE HUMIDITY (PERCENT)
 HIGHEST   100           300 AM
 LOWEST     63           200 PM
 AVERAGE    82

..........................................................


THE SALISBURY MD CLIMATE NORMALS FOR TODAY
                         NORMAL    RECORD    YEAR
 MAXIMUM TEMPERATURE (F)   87       102      2012
 MINIMUM TEMPERATURE (F)   67        48      2002


SUNRISE AND SUNSET
JULY  7 2015..........SUNRISE   545 AM EDT   SUNSET   828 PM EDT
JULY  8 2015..........SUNRISE   546 AM EDT   SUNSET   828 PM EDT


-  INDICATES NEGATIVE NUMBERS.
R  INDICATES RECORD WAS SET OR TIED.
MM INDICATES DATA IS MISSING.
T  INDICATES TRACE AMOUNT.




$$
