000
CDUS41 KAKQ 010839
CLISBY


CLIMATE REPORT
NATIONAL WEATHER SERVICE WAKEFIELD, VA
338 AM EST SUN FEB 1 2015


...................................

...THE SALISBURY MD CLIMATE SUMMARY FOR JANUARY 31 2015...

CLIMATE NORMAL PERIOD 1981 TO 2010
CLIMATE RECORD PERIOD 1900 TO 2015


WEATHER ITEM   OBSERVED TIME   RECORD YEAR NORMAL DEPARTURE LAST
                VALUE   (LST)  VALUE       VALUE  FROM      YEAR
                                                  NORMAL
..................................................................
TEMPERATURE (F)
 YESTERDAY
  MAXIMUM         34    314 PM  70    1914  45    -11       48
  MINIMUM         19   1159 PM   4    1948  27     -8        7
  AVERAGE         27                        36     -9       28

PRECIPITATION (IN)
  YESTERDAY        0.00          0.90 2000   0.12  -0.12     0.00
  MONTH TO DATE    4.56                      3.61   0.95     2.13
  SINCE DEC 1      6.25                      7.32  -1.07     5.31
  SINCE JAN 1      4.56                      3.61   0.95     2.13

SNOWFALL (IN)
  YESTERDAY        0.0           2.0  1963   0.1   -0.1
  MONTH TO DATE    T                         3.2   -3.2
  SINCE NOV 1      T                         5.0   -5.0
  SINCE JUL 1      T                         5.0   -5.0
  SNOW DEPTH       0

DEGREE DAYS
 HEATING
  YESTERDAY       38                        29      9       37
  MONTH TO DATE  888                       920    -32     1010
  SINCE DEC 1   1532                      1723   -191     1680
  SINCE JUL 1   2204                      2541   -337     2385

 COOLING
  YESTERDAY        0                         0      0        0
  MONTH TO DATE    0                         0      0        0
  SINCE DEC 1      0                         0      0        5
  SINCE JAN 1      0                         0      0        0
..................................................................


WIND (MPH)
  HIGHEST WIND SPEED    25   HIGHEST WIND DIRECTION    NW (320)
  HIGHEST GUST SPEED    34   HIGHEST GUST DIRECTION    NW (320)
  AVERAGE WIND SPEED    12.3


SKY COVER
  POSSIBLE SUNSHINE  MM
  AVERAGE SKY COVER 0.0


WEATHER CONDITIONS
 THE FOLLOWING WEATHER WAS RECORDED YESTERDAY.
  NO SIGNIFICANT WEATHER WAS OBSERVED.


RELATIVE HUMIDITY (PERCENT)
 HIGHEST    73          1100 PM
 LOWEST     32           200 PM
 AVERAGE    53

..........................................................


THE SALISBURY MD CLIMATE NORMALS FOR TODAY
                         NORMAL    RECORD    YEAR
 MAXIMUM TEMPERATURE (F)   45        76      2002
 MINIMUM TEMPERATURE (F)   27        -1      1940


SUNRISE AND SUNSET
FEBRUARY  1 2015......SUNRISE   707 AM EST   SUNSET   524 PM EST
FEBRUARY  2 2015......SUNRISE   706 AM EST   SUNSET   525 PM EST


-  INDICATES NEGATIVE NUMBERS.
R  INDICATES RECORD WAS SET OR TIED.
MM INDICATES DATA IS MISSING.
T  INDICATES TRACE AMOUNT.




$$
