000
CDUS41 KAKQ 290829
CLISBY


CLIMATE REPORT
NATIONAL WEATHER SERVICE WAKEFIELD, VA
429 AM EDT SUN MAR 29 2015


...................................

...THE SALISBURY MD CLIMATE SUMMARY FOR MARCH 28 2015...

CLIMATE NORMAL PERIOD 1981 TO 2010
CLIMATE RECORD PERIOD 1900 TO 2015


WEATHER ITEM   OBSERVED TIME   RECORD YEAR NORMAL DEPARTURE LAST
                VALUE   (LST)  VALUE       VALUE  FROM      YEAR
                                                  NORMAL
..................................................................
TEMPERATURE (F)
 YESTERDAY
  MAXIMUM         40    147 AM  89    1907  59    -19       68
  MINIMUM         29   1159 PM  20    1915  38     -9       41
  AVERAGE         35                        48    -13       55

PRECIPITATION (IN)
  YESTERDAY        T             1.32 1934   0.15  -0.15      T
  MONTH TO DATE    3.90                      3.98  -0.08     2.53
  SINCE MAR 1      3.90                      3.98  -0.08     2.53
  SINCE JAN 1     11.62                     10.94   0.68     9.75

SNOWFALL (IN)
  YESTERDAY        T             3.0  1947   0.0    0.0
  MONTH TO DATE    5.2                       0.8    4.4
  SINCE NOV 1     15.7                       9.1    6.6
  SINCE JUL 1     15.7                       9.1    6.6
  SNOW DEPTH       0

DEGREE DAYS
 HEATING
  YESTERDAY       30                        17     13       10
  MONTH TO DATE  603                       582     21      660
  SINCE MAR 1    603                       582     21      660
  SINCE JUL 1   3816                      3887    -71     3800

 COOLING
  YESTERDAY        0                         0      0        0
  MONTH TO DATE    0                         0      0        0
  SINCE MAR 1      0                         0      0        0
  SINCE JAN 1      0                         0      0        0
..................................................................


WIND (MPH)
  HIGHEST WIND SPEED    24   HIGHEST WIND DIRECTION    NW (320)
  HIGHEST GUST SPEED    33   HIGHEST GUST DIRECTION     W (270)
  AVERAGE WIND SPEED    14.6


SKY COVER
  POSSIBLE SUNSHINE  MM
  AVERAGE SKY COVER 0.7


WEATHER CONDITIONS
 THE FOLLOWING WEATHER WAS RECORDED YESTERDAY.
  LIGHT SNOW
  FOG


RELATIVE HUMIDITY (PERCENT)
 HIGHEST    92          1200 AM
 LOWEST     43          1000 PM
 AVERAGE    68

..........................................................


THE SALISBURY MD CLIMATE NORMALS FOR TODAY
                         NORMAL    RECORD    YEAR
 MAXIMUM TEMPERATURE (F)   59        93      1907
 MINIMUM TEMPERATURE (F)   38        18      1923


SUNRISE AND SUNSET
MARCH 29 2015.........SUNRISE   652 AM EDT   SUNSET   722 PM EDT
MARCH 30 2015.........SUNRISE   650 AM EDT   SUNSET   723 PM EDT


-  INDICATES NEGATIVE NUMBERS.
R  INDICATES RECORD WAS SET OR TIED.
MM INDICATES DATA IS MISSING.
T  INDICATES TRACE AMOUNT.




$$
