000
CDUS41 KAKQ 230630
CLISBY


CLIMATE REPORT
NATIONAL WEATHER SERVICE WAKEFIELD, VA
129 AM EST THU NOV 23 2017


...................................

...THE SALISBURY MD CLIMATE SUMMARY FOR NOVEMBER 22 2017...

CLIMATE NORMAL PERIOD 1981 TO 2010
CLIMATE RECORD PERIOD 1900 TO 2017


WEATHER ITEM   OBSERVED TIME   RECORD YEAR NORMAL DEPARTURE LAST
                VALUE   (LST)  VALUE       VALUE  FROM      YEAR
                                                  NORMAL
..................................................................
TEMPERATURE (F)
 YESTERDAY
  MAXIMUM         60   1217 PM  78    1931  56      4       46
  MINIMUM         38   1159 PM  15    1969  36      2       27
  AVERAGE         49                        46      3       37

PRECIPITATION (IN)
  YESTERDAY        0.62          1.84 2006   0.12   0.50     0.00
  MONTH TO DATE    1.95                      2.47  -0.52     0.39
  SINCE SEP 1      7.94                      9.94  -2.00    17.29
  SINCE JAN 1     50.00                     41.01   8.99    51.35

SNOWFALL (IN)
  YESTERDAY        0.0           2.0  1989   0.0    0.0
  MONTH TO DATE    0.0                       0.1   -0.1
  SINCE NOV 1      0.0                       0.1   -0.1
  SINCE JUL 1      0.0                       0.1   -0.1
  SNOW DEPTH       0

DEGREE DAYS
 HEATING
  YESTERDAY       16                        19     -3       28
  MONTH TO DATE  333                       343    -10      350
  SINCE SEP 1    501                       654   -153      525
  SINCE JUL 1    501                       656   -155      525

 COOLING
  YESTERDAY        0                         0      0        0
  MONTH TO DATE    1                         0      1        4
  SINCE SEP 1    248                       167     81      290
  SINCE JAN 1   1415                      1150    265     1479
..................................................................


WIND (MPH)
  HIGHEST WIND SPEED    25   HIGHEST WIND DIRECTION    NW (330)
  HIGHEST GUST SPEED    32   HIGHEST GUST DIRECTION    NW (320)
  AVERAGE WIND SPEED    11.1


SKY COVER
  POSSIBLE SUNSHINE  MM
  AVERAGE SKY COVER 0.5


WEATHER CONDITIONS
 THE FOLLOWING WEATHER WAS RECORDED YESTERDAY.
  THUNDERSTORM
  HEAVY RAIN
  RAIN
  LIGHT RAIN
  FOG


RELATIVE HUMIDITY (PERCENT)
 HIGHEST   100           400 AM
 LOWEST     47           100 PM
 AVERAGE    74

..........................................................


THE SALISBURY MD CLIMATE NORMALS FOR TODAY
                         NORMAL    RECORD    YEAR
 MAXIMUM TEMPERATURE (F)   56        77      1979
 MINIMUM TEMPERATURE (F)   36        15      2008
                                             1989


SUNRISE AND SUNSET
NOVEMBER 23 2017......SUNRISE   652 AM EST   SUNSET   444 PM EST
NOVEMBER 24 2017......SUNRISE   653 AM EST   SUNSET   444 PM EST


-  INDICATES NEGATIVE NUMBERS.
R  INDICATES RECORD WAS SET OR TIED.
MM INDICATES DATA IS MISSING.
T  INDICATES TRACE AMOUNT.




$$
