000
CDUS41 KAKQ 260845
CLISBY


CLIMATE REPORT
NATIONAL WEATHER SERVICE WAKEFIELD, VA
345 AM EST FRI DEC 26 2014


...................................

...THE SALISBURY MD CLIMATE SUMMARY FOR DECEMBER 25 2014...

CLIMATE NORMAL PERIOD 1981 TO 2010
CLIMATE RECORD PERIOD 1900 TO 2014


WEATHER ITEM   OBSERVED TIME   RECORD YEAR NORMAL DEPARTURE LAST
                VALUE   (LST)  VALUE       VALUE  FROM      YEAR
                                                  NORMAL
..................................................................
TEMPERATURE (F)
 YESTERDAY
  MAXIMUM         68   1201 AM  73    1932  46     22       36
  MINIMUM         36   1159 PM   2    1989  28      8       23
  AVERAGE         52                        37     15       30

PRECIPITATION (IN)
  YESTERDAY        0.09          1.93 1924   0.11  -0.02     0.00
  MONTH TO DATE    2.05                      3.08  -1.03     2.46
  SINCE DEC 1      2.05                      3.08  -1.03     2.46
  SINCE JAN 1     30.26                     45.05 -14.79    48.07

SNOWFALL (IN)
  YESTERDAY       MM             3.0  1962   0.1   MM
  MONTH TO DATE    T                         1.3   -1.3
  SINCE NOV 1      T                         1.5   -1.5
  SINCE JUL 1      T                         1.5   -1.5
  SNOW DEPTH       0

DEGREE DAYS
 HEATING
  YESTERDAY       13                        28    -15       35
  MONTH TO DATE  510                       633   -123      533
  SINCE DEC 1    510                       633   -123      533
  SINCE JUL 1   1182                      1451   -269     1238

 COOLING
  YESTERDAY        0                         0      0        0
  MONTH TO DATE    0                         0      0        5
  SINCE DEC 1      0                         0      0        5
  SINCE JAN 1   1379                      1153    226     1633
..................................................................


WIND (MPH)
  HIGHEST WIND SPEED    28   HIGHEST WIND DIRECTION    NW (310)
  HIGHEST GUST SPEED    37   HIGHEST GUST DIRECTION     W (290)
  AVERAGE WIND SPEED     9.9


SKY COVER
  POSSIBLE SUNSHINE  MM
  AVERAGE SKY COVER 0.4


WEATHER CONDITIONS
 THE FOLLOWING WEATHER WAS RECORDED YESTERDAY.
  LIGHT RAIN


RELATIVE HUMIDITY (PERCENT)
 HIGHEST    90           600 AM
 LOWEST     38          1200 PM
 AVERAGE    64

..........................................................


THE SALISBURY MD CLIMATE NORMALS FOR TODAY
                         NORMAL    RECORD    YEAR
 MAXIMUM TEMPERATURE (F)   46        70      1964
 MINIMUM TEMPERATURE (F)   28         0      1980


SUNRISE AND SUNSET
DECEMBER 26 2014......SUNRISE   717 AM EST   SUNSET   448 PM EST
DECEMBER 27 2014......SUNRISE   718 AM EST   SUNSET   449 PM EST


-  INDICATES NEGATIVE NUMBERS.
R  INDICATES RECORD WAS SET OR TIED.
MM INDICATES DATA IS MISSING.
T  INDICATES TRACE AMOUNT.




$$
