000
CDUS41 KAKQ 270845
CLISBY


CLIMATE REPORT
NATIONAL WEATHER SERVICE WAKEFIELD, VA
345 AM EST THU NOV 27 2014


...................................

...THE SALISBURY MD CLIMATE SUMMARY FOR NOVEMBER 26 2014...

CLIMATE NORMAL PERIOD 1981 TO 2010
CLIMATE RECORD PERIOD 1900 TO 2014


WEATHER ITEM   OBSERVED TIME   RECORD YEAR NORMAL DEPARTURE LAST
                VALUE   (LST)  VALUE       VALUE  FROM      YEAR
                                                  NORMAL
..................................................................
TEMPERATURE (F)
 YESTERDAY
  MAXIMUM         50    253 AM  74    1946  55     -5       64
  MINIMUM         39    814 PM  15    1938  35      4       35
  AVERAGE         45                        45      0       50

PRECIPITATION (IN)
  YESTERDAY        0.86          1.41 1996   0.12   0.74     0.40
  MONTH TO DATE    1.83                      2.94  -1.11     0.83
  SINCE SEP 1      7.93                     10.41  -2.48     5.28
  SINCE JAN 1     28.21                     41.48 -13.27    44.96

SNOWFALL (IN)
  YESTERDAY       MM             T    1939   0.0   MM
                                      1955
  MONTH TO DATE    0.0                       0.1   -0.1
  SINCE NOV 1      0.0                       0.1   -0.1
  SINCE JUL 1      0.0                       0.1   -0.1
  SNOW DEPTH       0

DEGREE DAYS
 HEATING
  YESTERDAY       20                        20      0       15
  MONTH TO DATE  440                       421     19      416
  SINCE SEP 1    573                       732   -159      604
  SINCE JUL 1    573                       734   -161      604

 COOLING
  YESTERDAY        0                         0      0        0
  MONTH TO DATE    4                         0      4        8
  SINCE SEP 1    257                       167     90      265
  SINCE JAN 1   1379                      1150    229     1628
..................................................................


WIND (MPH)
  HIGHEST WIND SPEED    24   HIGHEST WIND DIRECTION    NW (320)
  HIGHEST GUST SPEED    32   HIGHEST GUST DIRECTION    NW (310)
  AVERAGE WIND SPEED    12.2


SKY COVER
  POSSIBLE SUNSHINE  MM
  AVERAGE SKY COVER 1.0


WEATHER CONDITIONS
 THE FOLLOWING WEATHER WAS RECORDED YESTERDAY.
  HEAVY RAIN
  RAIN
  LIGHT RAIN
  FOG


RELATIVE HUMIDITY (PERCENT)
 HIGHEST    92          1000 AM
 LOWEST     71          1200 AM
 AVERAGE    82

..........................................................


THE SALISBURY MD CLIMATE NORMALS FOR TODAY
                         NORMAL    RECORD    YEAR
 MAXIMUM TEMPERATURE (F)   54        72      2011
                                             1990
 MINIMUM TEMPERATURE (F)   35        16      1974


SUNRISE AND SUNSET
NOVEMBER 27 2014......SUNRISE   656 AM EST   SUNSET   443 PM EST
NOVEMBER 28 2014......SUNRISE   657 AM EST   SUNSET   443 PM EST


-  INDICATES NEGATIVE NUMBERS.
R  INDICATES RECORD WAS SET OR TIED.
MM INDICATES DATA IS MISSING.
T  INDICATES TRACE AMOUNT.




$$
