000
CDUS41 KAKQ 250545
CLISBY


CLIMATE REPORT
NATIONAL WEATHER SERVICE WAKEFIELD, VA
145 AM EDT THU MAY 25 2017


...................................

...THE SALISBURY MD CLIMATE SUMMARY FOR MAY 24 2017...

CLIMATE NORMAL PERIOD 1981 TO 2010
CLIMATE RECORD PERIOD 1900 TO 2017


WEATHER ITEM   OBSERVED TIME   RECORD YEAR NORMAL DEPARTURE LAST
                VALUE   (LST)  VALUE       VALUE  FROM      YEAR
                                                  NORMAL
..................................................................
TEMPERATURE (F)
 YESTERDAY
  MAXIMUM         63    317 PM  91    1992  76    -13       80
                                      1964
                                      1936
  MINIMUM         55   1159 PM  38    1926  54      1       55
  AVERAGE         59                        65     -6       68

PRECIPITATION (IN)
  YESTERDAY        0.35          1.48 1978   0.13   0.22     0.00
  MONTH TO DATE    4.38                      2.73   1.65     4.50
  SINCE MAR 1     11.03                     10.70   0.33     9.95
  SINCE JAN 1     15.83                     17.66  -1.83    16.80

SNOWFALL (IN)
  YESTERDAY        0.0           0.0  2002   0.0    0.0
                                      2001
  MONTH TO DATE    0.0                       0.0    0.0
  SINCE NOV 1      9.6                       9.3    0.3
  SINCE JUL 1      9.6                       9.3    0.3
  SNOW DEPTH       0

DEGREE DAYS
 HEATING
  YESTERDAY        6                         3      3        0
  MONTH TO DATE  131                       124      7      159
  SINCE MAR 1    935                      1099   -164      965
  SINCE JUL 1   3686                      4404   -718     3636

 COOLING
  YESTERDAY        0                         3     -3        3
  MONTH TO DATE   49                        41      8        5
  SINCE MAR 1    119                        58     61       29
  SINCE JAN 1    119                        58     61       29
..................................................................


WIND (MPH)
  HIGHEST WIND SPEED    16   HIGHEST WIND DIRECTION     E (90)
  HIGHEST GUST SPEED    21   HIGHEST GUST DIRECTION     E (80)
  AVERAGE WIND SPEED     9.7


SKY COVER
  POSSIBLE SUNSHINE  MM
  AVERAGE SKY COVER 1.0


WEATHER CONDITIONS
 THE FOLLOWING WEATHER WAS RECORDED YESTERDAY.
  HEAVY RAIN
  RAIN
  LIGHT RAIN
  FOG


RELATIVE HUMIDITY (PERCENT)
 HIGHEST   100          1200 AM
 LOWEST     84           100 PM
 AVERAGE    92

..........................................................


THE SALISBURY MD CLIMATE NORMALS FOR TODAY
                         NORMAL    RECORD    YEAR
 MAXIMUM TEMPERATURE (F)   76        92      1995
 MINIMUM TEMPERATURE (F)   54        37      1956
                                             1923


SUNRISE AND SUNSET
MAY 25 2017...........SUNRISE   543 AM EDT   SUNSET   815 PM EDT
MAY 26 2017...........SUNRISE   543 AM EDT   SUNSET   816 PM EDT


-  INDICATES NEGATIVE NUMBERS.
R  INDICATES RECORD WAS SET OR TIED.
MM INDICATES DATA IS MISSING.
T  INDICATES TRACE AMOUNT.




$$
