000
CDUS46 KSTO 250841
CLISCK


CLIMATE REPORT
NATIONAL WEATHER SERVICE SACRAMENTO, CA
141 AM PDT TUE APR 25 2017


...................................

...THE STOCKTON AIRPORT CA CLIMATE SUMMARY FOR APRIL 24 2017...

CLIMATE NORMAL PERIOD 1981 TO 2010
CLIMATE RECORD PERIOD 1948 TO 2017


WEATHER ITEM   OBSERVED TIME   RECORD YEAR NORMAL DEPARTURE LAST
                VALUE   (LST)  VALUE       VALUE  FROM      YEAR
                                                  NORMAL
..................................................................
TEMPERATURE (F)
 YESTERDAY
  MAXIMUM         65   1239 PM  90    1966  75    -10       74
  MINIMUM         52   1159 PM  32    1964  47      5       50
  AVERAGE         59

PRECIPITATION (IN)
  YESTERDAY        T             0.25 1978   0.02  -0.02     0.00
  MONTH TO DATE    1.86                      0.83   1.03     2.27
  SINCE OCT 1     21.68                     13.00   8.68    15.78
  SINCE JAN 1     15.52                      8.27   7.25    11.21

SNOWFALL (IN)
  YESTERDAY        0.0          MM      MM
  MONTH TO DATE    0.0
  SINCE MAR 1      0.0
  SINCE JUL 1      0.0
  SNOW DEPTH       0

DEGREE DAYS
 HEATING
  YESTERDAY        6                         5      1        3
  MONTH TO DATE  136                       164    -28       61
  SINCE MAR 1    363                       488   -125      293
  SINCE JUL 1   2072                      2550   -478     2011

 COOLING
  YESTERDAY        0                         1     -1        0
  MONTH TO DATE    0                         7     -7       22
  SINCE MAR 1      1                         7     -6       22
  SINCE JAN 1      1                         7     -6       22
..................................................................


WIND (MPH)
  RESULTANT WIND SPEED  11   RESULTANT WIND DIRECTION   W (270)
  HIGHEST WIND SPEED    17   HIGHEST WIND DIRECTION     W (260)
  HIGHEST GUST SPEED    21   HIGHEST GUST DIRECTION     W (270)


SKY COVER
  POSSIBLE SUNSHINE  MM
  AVERAGE SKY COVER 0.6


WEATHER CONDITIONS
 THE FOLLOWING WEATHER WAS RECORDED YESTERDAY.
  NO SIGNIFICANT WEATHER WAS OBSERVED.


RELATIVE HUMIDITY (PERCENT)
 HIGHEST    83           100 AM
 LOWEST     67           900 AM
 AVERAGE    75

..........................................................


THE STOCKTON AIRPORT CA CLIMATE NORMALS FOR TODAY
                         NORMAL    RECORD    YEAR
 MAXIMUM TEMPERATURE (F)   75        92      2004
 MINIMUM TEMPERATURE (F)   48        38      1983
                                             1971
                                             1964


SUNRISE AND SUNSET
APRIL 25 2017.........SUNRISE   616 AM PDT   SUNSET   750 PM PDT
APRIL 26 2017.........SUNRISE   615 AM PDT   SUNSET   751 PM PDT


-  INDICATES NEGATIVE NUMBERS.
R  INDICATES RECORD WAS SET OR TIED.
MM INDICATES DATA IS MISSING.
T  INDICATES TRACE AMOUNT.




$$
