000
CDUS46 KSTO 250841
CLISCK


CLIMATE REPORT
NATIONAL WEATHER SERVICE SACRAMENTO, CA
140 AM PDT THU MAY 25 2017


...................................

...THE STOCKTON AIRPORT CA CLIMATE SUMMARY FOR MAY 24 2017...

CLIMATE NORMAL PERIOD 1981 TO 2010
CLIMATE RECORD PERIOD 1948 TO 2017


WEATHER ITEM   OBSERVED TIME   RECORD YEAR NORMAL DEPARTURE LAST
                VALUE   (LST)  VALUE       VALUE  FROM      YEAR
                                                  NORMAL
..................................................................
TEMPERATURE (F)
 YESTERDAY
  MAXIMUM         91    101 PM 104    1982  83      8       76
  MINIMUM         56   1159 PM  41    1953  53      3       50
  AVERAGE         74

PRECIPITATION (IN)
  YESTERDAY        0.00          0.23 1993   0.01  -0.01     0.00
  MONTH TO DATE    T                         0.44  -0.44     0.35
  SINCE OCT 1     21.68                     13.59   8.09    16.69
  SINCE JAN 1     15.52                      8.86   6.66    12.12

SNOWFALL (IN)
  YESTERDAY        0.0          MM      MM
  MONTH TO DATE    0.0
  SINCE MAR 1      0.0
  SINCE JUL 1      0.0
  SNOW DEPTH       0

DEGREE DAYS
 HEATING
  YESTERDAY        0                         1     -1        2
  MONTH TO DATE   24                        52    -28       37
  SINCE MAR 1    399                       566   -167      348
  SINCE JUL 1   2108                      2628   -520     2066

 COOLING
  YESTERDAY        9                         4      5        0
  MONTH TO DATE  134                        69     65       63
  SINCE MAR 1    136                        86     50       89
  SINCE JAN 1    136                        86     50       89
..................................................................


WIND (MPH)
  RESULTANT WIND SPEED   7   RESULTANT WIND DIRECTION  NW (330)
  HIGHEST WIND SPEED    17   HIGHEST WIND DIRECTION     N (340)
  HIGHEST GUST SPEED    20   HIGHEST GUST DIRECTION     W (280)


SKY COVER
  POSSIBLE SUNSHINE  MM
  AVERAGE SKY COVER 0.0


WEATHER CONDITIONS
 THE FOLLOWING WEATHER WAS RECORDED YESTERDAY.
  NO SIGNIFICANT WEATHER WAS OBSERVED.


RELATIVE HUMIDITY (PERCENT)
 HIGHEST    80          1100 PM
 LOWEST     27           100 PM
 AVERAGE    54

..........................................................


THE STOCKTON AIRPORT CA CLIMATE NORMALS FOR TODAY
                         NORMAL    RECORD    YEAR
 MAXIMUM TEMPERATURE (F)   83       102      1979
 MINIMUM TEMPERATURE (F)   53        44      2010
                                             1962


SUNRISE AND SUNSET
MAY 25 2017...........SUNRISE   548 AM PDT   SUNSET   817 PM PDT
MAY 26 2017...........SUNRISE   547 AM PDT   SUNSET   818 PM PDT


-  INDICATES NEGATIVE NUMBERS.
R  INDICATES RECORD WAS SET OR TIED.
MM INDICATES DATA IS MISSING.
T  INDICATES TRACE AMOUNT.




$$
