000
CDUS46 KSTO 060839
CLISCK


CLIMATE REPORT
NATIONAL WEATHER SERVICE SACRAMENTO, CA
139 AM PDT FRI MAY 6 2016


...................................

...THE STOCKTON AIRPORT CA CLIMATE SUMMARY FOR MAY 5 2016...

CLIMATE NORMAL PERIOD 1981 TO 2010
CLIMATE RECORD PERIOD 1948 TO 2016


WEATHER ITEM   OBSERVED TIME   RECORD YEAR NORMAL DEPARTURE LAST
                VALUE   (LST)  VALUE       VALUE  FROM      YEAR
                                                  NORMAL
..................................................................
TEMPERATURE (F)
 YESTERDAY
  MAXIMUM         69    218 PM  97    1987  78     -9       79
  MINIMUM         56   1159 PM  40    1965  50      6       49
  AVERAGE         63

PRECIPITATION (IN)
  YESTERDAY        T             0.16 1983   0.02  -0.02     0.00
  MONTH TO DATE    T                         0.12  -0.12     0.00
  SINCE OCT 1     16.34                     13.27   3.07    10.60
  SINCE JAN 1     11.77                      8.54   3.23     2.76

SNOWFALL (IN)
  YESTERDAY        0.0          MM      MM
  MONTH TO DATE    0.0
  SINCE MAR 1      0.0
  SINCE JUL 1      0.0
  SNOW DEPTH       0

DEGREE DAYS
 HEATING
  YESTERDAY        2                         3     -1        1
  MONTH TO DATE    2                        16    -14        2
  SINCE MAR 1    313                       530   -217      234
  SINCE JUL 1   2031                      2592   -561     1673

 COOLING
  YESTERDAY        0                         2     -2        0
  MONTH TO DATE   12                        10      2       16
  SINCE MAR 1     38                        27     11       65
  SINCE JAN 1     38                        27     11       65
..................................................................


WIND (MPH)
  RESULTANT WIND SPEED   3   RESULTANT WIND DIRECTION  NW (310)
  HIGHEST WIND SPEED    16   HIGHEST WIND DIRECTION     N (340)
  HIGHEST GUST SPEED    29   HIGHEST GUST DIRECTION    NW (330)


SKY COVER
  POSSIBLE SUNSHINE  MM
  AVERAGE SKY COVER 0.6


WEATHER CONDITIONS
 THE FOLLOWING WEATHER WAS RECORDED YESTERDAY.
  LIGHT RAIN


RELATIVE HUMIDITY (PERCENT)
 HIGHEST    83           500 AM
 LOWEST     53           200 PM
 AVERAGE    68

..........................................................


THE STOCKTON AIRPORT CA CLIMATE NORMALS FOR TODAY
                         NORMAL    RECORD    YEAR
 MAXIMUM TEMPERATURE (F)   79       100      1987
 MINIMUM TEMPERATURE (F)   50        39      1983


SUNRISE AND SUNSET
MAY  6 2016...........SUNRISE   603 AM PDT   SUNSET   801 PM PDT
MAY  7 2016...........SUNRISE   602 AM PDT   SUNSET   802 PM PDT


-  INDICATES NEGATIVE NUMBERS.
R  INDICATES RECORD WAS SET OR TIED.
MM INDICATES DATA IS MISSING.
T  INDICATES TRACE AMOUNT.




$$
