000
CDUS46 KLOX 250116
CLISDB


CLIMATE REPORT
NATIONAL WEATHER SERVICE LOS ANGELES/OXNARD CA
616 PM PDT TUE MAY 24 2016


...................................

...THE SANDBERG CA CLIMATE SUMMARY FOR MAY 24 2016...
VALID TODAY AS OF 0600 PM LOCAL TIME.

CLIMATE NORMAL PERIOD 1981 TO 2010
CLIMATE RECORD PERIOD 1934 TO 2016


WEATHER ITEM   OBSERVED TIME   RECORD YEAR NORMAL DEPARTURE LAST
                VALUE   (LST)  VALUE       VALUE  FROM      YEAR
                                                  NORMAL
..................................................................
TEMPERATURE (F)
 TODAY
  MAXIMUM         60    247 PM  87    1936  70    -10       71
  MINIMUM         44    442 AM  30    1980  51     -7       48
  AVERAGE         52                        60     -8       60

PRECIPITATION (IN)
  TODAY            0.00          0.18 1941   0.01  -0.01     0.03
  MONTH TO DATE    0.29                      0.36  -0.07     0.26
  SINCE OCT 1      6.93                     12.00  -5.07     7.28
  SINCE JAN 1      5.23                      8.37  -3.14     2.38

DEGREE DAYS
 HEATING
  TODAY           13                         6      7        5
  MONTH TO DATE  158                       212    -54      239
  SINCE MAR 1    767                      1228   -461      745
  SINCE JUL 1   3027                      3987   -960     2376

 COOLING
  TODAY            0                         2     -2        0
  MONTH TO DATE   30                        24      6       10
  SINCE MAR 1     49                        32     17       65
  SINCE JAN 1     49                        32     17       68
..................................................................


WIND (MPH)
  HIGHEST WIND SPEED    18   HIGHEST WIND DIRECTION     S (170)
  HIGHEST GUST SPEED    25   HIGHEST GUST DIRECTION    SE (150)
  AVERAGE WIND SPEED    11.9


SKY COVER
  POSSIBLE SUNSHINE  MM
  AVERAGE SKY COVER 0.9


WEATHER CONDITIONS
 THE FOLLOWING WEATHER WAS RECORDED TODAY.
  FOG
  FOG W/VISIBILITY <= 1/4 MILE
  HAZE


RELATIVE HUMIDITY (PERCENT)
 HIGHEST    92           400 AM
 LOWEST     53           300 PM
 AVERAGE    73

..........................................................


THE SANDBERG CA CLIMATE NORMALS FOR TOMORROW
                         NORMAL    RECORD    YEAR
 MAXIMUM TEMPERATURE (F)   70        94      1951
 MINIMUM TEMPERATURE (F)   51        32      1953


SUNRISE AND SUNSET
MAY 24 2016...........SUNRISE   546 AM PDT   SUNSET   758 PM PDT
MAY 25 2016...........SUNRISE   545 AM PDT   SUNSET   759 PM PDT


-  INDICATES NEGATIVE NUMBERS.
R  INDICATES RECORD WAS SET OR TIED.
MM INDICATES DATA IS MISSING.
T  INDICATES TRACE AMOUNT.




$$
