000
CDUS46 KLOX 290900
CLISDB


CLIMATE REPORT
NATIONAL WEATHER SERVICE LOS ANGELES/OXNARD CA
200 AM PDT WED JUL 29 2015


...................................

...THE SANDBERG CA CLIMATE SUMMARY FOR JULY 28 2015...

CLIMATE NORMAL PERIOD 1981 TO 2010
CLIMATE RECORD PERIOD 1934 TO 2015


WEATHER ITEM   OBSERVED TIME   RECORD YEAR NORMAL DEPARTURE LAST
                VALUE   (LST)  VALUE       VALUE  FROM      YEAR
                                                  NORMAL
..................................................................
TEMPERATURE (F)
 YESTERDAY
  MAXIMUM         91    100 PM 103    1995  86      5       92
  MINIMUM         65    444 AM  50    1941  65      0       69
  AVERAGE         78                        75      3       81

PRECIPITATION (IN)
  YESTERDAY        0.00          0.05 1968   0.00   0.00     0.01
  MONTH TO DATE    1.02                      0.02   1.00     0.01
  SINCE OCT 1      8.41                     12.13  -3.72     4.29
  SINCE JAN 1      3.51                      8.50  -4.99     3.59

DEGREE DAYS
 HEATING
  YESTERDAY        0                         0      0        0
  MONTH TO DATE   10                         4      6        0
  SINCE JUN 1     29                        88    -59        7
  SINCE JUL 1     10                         4      6        0

 COOLING
  YESTERDAY       13                        10      3       16
  MONTH TO DATE  201                       255    -54      373
  SINCE JUN 1    541                       386    155      613
  SINCE JAN 1    654                       431    223      763
..................................................................


WIND (MPH)
  HIGHEST WIND SPEED    21   HIGHEST WIND DIRECTION     E (90)
  HIGHEST GUST SPEED    28   HIGHEST GUST DIRECTION     N (340)
  AVERAGE WIND SPEED    12.3


SKY COVER
  POSSIBLE SUNSHINE  MM
  AVERAGE SKY COVER 0.0


WEATHER CONDITIONS
 THE FOLLOWING WEATHER WAS RECORDED YESTERDAY.
  NO SIGNIFICANT WEATHER WAS OBSERVED.


RELATIVE HUMIDITY (PERCENT)
 HIGHEST    35           800 PM
 LOWEST     15          1100 AM
 AVERAGE    25

..........................................................


THE SANDBERG CA CLIMATE NORMALS FOR TODAY
                         NORMAL    RECORD    YEAR
 MAXIMUM TEMPERATURE (F)   86       100      1995
 MINIMUM TEMPERATURE (F)   65        55      1950


SUNRISE AND SUNSET
JULY 29 2015..........SUNRISE   603 AM PDT   SUNSET   800 PM PDT
JULY 30 2015..........SUNRISE   603 AM PDT   SUNSET   759 PM PDT


-  INDICATES NEGATIVE NUMBERS.
R  INDICATES RECORD WAS SET OR TIED.
MM INDICATES DATA IS MISSING.
T  INDICATES TRACE AMOUNT.




$$
