000
CDUS46 KLOX 200113
CLISDB


CLIMATE REPORT
NATIONAL WEATHER SERVICE LOS ANGELES/OXNARD CA
613 PM PDT SUN OCT 19 2014


...................................

...THE SANDBERG CA CLIMATE SUMMARY FOR OCTOBER 19 2014...
VALID TODAY AS OF 0600 PM LOCAL TIME.

CLIMATE NORMAL PERIOD 1981 TO 2010
CLIMATE RECORD PERIOD 1934 TO 2014


WEATHER ITEM   OBSERVED TIME   RECORD YEAR NORMAL DEPARTURE LAST
                VALUE   (LST)  VALUE       VALUE  FROM      YEAR
                                                  NORMAL
..................................................................
TEMPERATURE (F)
 TODAY
  MAXIMUM         81   1156 AM  84    2003  66     15       80
  MINIMUM         63    621 AM  27    1949  51     12       59
  AVERAGE         72                        58     14       70

PRECIPITATION (IN)
  TODAY            0.00          1.49 2010   0.03  -0.03     0.00
  MONTH TO DATE    0.00                      0.31  -0.31     0.20
  SINCE JUL 1      0.17                      0.53  -0.36     0.28
  SINCE JAN 1      3.75                      9.01  -5.26     3.19

DEGREE DAYS
 HEATING
  TODAY            0                         8     -8        0
  MONTH TO DATE   20                       111    -91      103
  SINCE SEP 1     41                       172   -131      150
  SINCE JUL 1     41                       189   -148      150

 COOLING
  TODAY            7                         1      6        5
  MONTH TO DATE  139                        41     98       15
  SINCE SEP 1    470                       230    240      293
  SINCE JAN 1   1650                       987    663     1525
..................................................................


WIND (MPH)
  HIGHEST WIND SPEED    15   HIGHEST WIND DIRECTION     S (180)
  HIGHEST GUST SPEED    20   HIGHEST GUST DIRECTION     S (180)
  AVERAGE WIND SPEED     5.2


SKY COVER
  POSSIBLE SUNSHINE  MM
  AVERAGE SKY COVER 0.0


WEATHER CONDITIONS
 THE FOLLOWING WEATHER WAS RECORDED TODAY.
  NO SIGNIFICANT WEATHER WAS OBSERVED.


RELATIVE HUMIDITY (PERCENT)
 HIGHEST    40           500 PM
 LOWEST     21          1000 AM
 AVERAGE    31

..........................................................


THE SANDBERG CA CLIMATE NORMALS FOR TOMORROW
                         NORMAL    RECORD    YEAR
 MAXIMUM TEMPERATURE (F)   66        87      2003
 MINIMUM TEMPERATURE (F)   50        31      1949


SUNRISE AND SUNSET
OCTOBER 19 2014.......SUNRISE   704 AM PDT   SUNSET   615 PM PDT
OCTOBER 20 2014.......SUNRISE   705 AM PDT   SUNSET   614 PM PDT


-  INDICATES NEGATIVE NUMBERS.
R  INDICATES RECORD WAS SET OR TIED.
MM INDICATES DATA IS MISSING.
T  INDICATES TRACE AMOUNT.




$$
