000
CDUS46 KLOX 250130
CLISDB


CLIMATE REPORT
NATIONAL WEATHER SERVICE LOS ANGELES/OXNARD CA
530 PM PST WED DEC 24 2014


...................................

...THE SANDBERG CA CLIMATE SUMMARY FOR DECEMBER 24 2014...
VALID TODAY AS OF 0500 PM LOCAL TIME.

CLIMATE NORMAL PERIOD 1981 TO 2010
CLIMATE RECORD PERIOD 1934 TO 2014


WEATHER ITEM   OBSERVED TIME   RECORD YEAR NORMAL DEPARTURE LAST
                VALUE   (LST)  VALUE       VALUE  FROM      YEAR
                                                  NORMAL
..................................................................
TEMPERATURE (F)
 TODAY
  MAXIMUM         61   1243 PM  64    1950  47     14       63
  MINIMUM         49    439 AM  18    1987  36     13       47
  AVERAGE         55                        42     13       55

PRECIPITATION (IN)
  TODAY            0.00          2.20 1971   0.08  -0.08     0.00
  MONTH TO DATE    4.28                      1.58   2.70     0.08
  SINCE JUL 1      5.05                      3.18   1.87     0.78
  SINCE JAN 1      8.63                     11.66  -3.03     3.69

DEGREE DAYS
 HEATING
  TODAY           10                        23    -13       10
  MONTH TO DATE  377                       540   -163      454
  SINCE DEC 1    377                       540   -163      454
  SINCE JUL 1    767                      1319   -552     1008

 COOLING
  TODAY            0                         0      0        0
  MONTH TO DATE    0                         0      0        0
  SINCE DEC 1      0                         0      0        0
  SINCE JAN 1   1689                       998    691     1565
..................................................................


WIND (MPH)
  HIGHEST WIND SPEED    16   HIGHEST WIND DIRECTION     S (190)
  HIGHEST GUST SPEED    23   HIGHEST GUST DIRECTION     S (180)
  AVERAGE WIND SPEED     9.1


SKY COVER
  POSSIBLE SUNSHINE  MM
  AVERAGE SKY COVER 0.0


WEATHER CONDITIONS
 THE FOLLOWING WEATHER WAS RECORDED TODAY.
  NO SIGNIFICANT WEATHER WAS OBSERVED.


RELATIVE HUMIDITY (PERCENT)
 HIGHEST    50          1200 AM
 LOWEST     32          1100 AM
 AVERAGE    41

..........................................................


THE SANDBERG CA CLIMATE NORMALS FOR TOMORROW
                         NORMAL    RECORD    YEAR
 MAXIMUM TEMPERATURE (F)   47        63      2012
                                             2005
 MINIMUM TEMPERATURE (F)   36        18      1987


SUNRISE AND SUNSET
DECEMBER 24 2014......SUNRISE   700 AM PST   SUNSET   449 PM PST
DECEMBER 25 2014......SUNRISE   700 AM PST   SUNSET   450 PM PST


-  INDICATES NEGATIVE NUMBERS.
R  INDICATES RECORD WAS SET OR TIED.
MM INDICATES DATA IS MISSING.
T  INDICATES TRACE AMOUNT.




$$
