000
CDUS46 KLOX 210127
CLISDB


CLIMATE REPORT
NATIONAL WEATHER SERVICE LOS ANGELES/OXNARD CA
627 PM PDT FRI OCT 20 2017


...................................

...THE SANDBERG CA CLIMATE SUMMARY FOR OCTOBER 20 2017...
VALID TODAY AS OF 0600 PM LOCAL TIME.

CLIMATE NORMAL PERIOD 1981 TO 2010
CLIMATE RECORD PERIOD 1934 TO 2017


WEATHER ITEM   OBSERVED TIME   RECORD YEAR NORMAL DEPARTURE LAST
                VALUE   (LST)  VALUE       VALUE  FROM      YEAR
                                                  NORMAL
..................................................................
TEMPERATURE (F)
 TODAY
  MAXIMUM         53    139 PM  87    2003  66    -13       77
  MINIMUM         47    459 PM  31    1949  50     -3       59
  AVERAGE         50                        58     -8       68

PRECIPITATION (IN)
  TODAY            T             0.11 1957   0.02  -0.02     0.00
  MONTH TO DATE    T                         0.33  -0.33     0.01
  SINCE OCT 1      T                         0.33  -0.33     0.01
  SINCE JAN 1     10.05                      9.03   1.02     5.24

DEGREE DAYS
 HEATING
  TODAY           15                         8      7        0
  MONTH TO DATE   53                       119    -66       76
  SINCE SEP 1    104                       180    -76      109
  SINCE JUL 1    105                       197    -92      109

 COOLING
  TODAY            0                         1     -1        3
  MONTH TO DATE   49                        42      7       40
  SINCE SEP 1    252                       231     21      280
  SINCE JAN 1   1724                       988    736     1624
..................................................................


WIND (MPH)
  HIGHEST WIND SPEED    37   HIGHEST WIND DIRECTION     N (340)
  HIGHEST GUST SPEED    49   HIGHEST GUST DIRECTION    NW (330)
  AVERAGE WIND SPEED    21.1


SKY COVER
  POSSIBLE SUNSHINE  MM
  AVERAGE SKY COVER 0.5


WEATHER CONDITIONS
 THE FOLLOWING WEATHER WAS RECORDED TODAY.
  FOG
  HAZE


RELATIVE HUMIDITY (PERCENT)
 HIGHEST    93           900 AM
 LOWEST     59           200 PM
 AVERAGE    76

..........................................................


THE SANDBERG CA CLIMATE NORMALS FOR TOMORROW
                         NORMAL    RECORD    YEAR
 MAXIMUM TEMPERATURE (F)   66        85      2003
 MINIMUM TEMPERATURE (F)   50        33      1957


SUNRISE AND SUNSET
OCTOBER 20 2017.......SUNRISE   705 AM PDT   SUNSET   614 PM PDT
OCTOBER 21 2017.......SUNRISE   706 AM PDT   SUNSET   612 PM PDT


-  INDICATES NEGATIVE NUMBERS.
R  INDICATES RECORD WAS SET OR TIED.
MM INDICATES DATA IS MISSING.
T  INDICATES TRACE AMOUNT.




$$
