000
CDUS46 KLOX 240902
CLISDB


CLIMATE REPORT
NATIONAL WEATHER SERVICE LOS ANGELES/OXNARD CA
102 AM PST SAT FEB 24 2018


...................................

...THE SANDBERG CA CLIMATE SUMMARY FOR FEBRUARY 23 2018...

CLIMATE NORMAL PERIOD 1981 TO 2010
CLIMATE RECORD PERIOD 1934 TO 2018


WEATHER ITEM   OBSERVED TIME   RECORD YEAR NORMAL DEPARTURE LAST
                VALUE   (LST)  VALUE       VALUE  FROM      YEAR
                                                  NORMAL
..................................................................
TEMPERATURE (F)
 YESTERDAY
  MAXIMUM         30   1233 AM  69    2014  51    -21       37
  MINIMUM         24   1047 AM  21    1987  38    -14       29
  AVERAGE         27                        44    -17       33

PRECIPITATION (IN)
  YESTERDAY        0.01          2.72 1998   0.14  -0.13      T
  MONTH TO DATE    0.11                      2.58  -2.47     5.20
  SINCE OCT 1      3.23                      8.62  -5.39    12.27
  SINCE JAN 1      3.18                      4.99  -1.81     8.43

DEGREE DAYS
 HEATING
  YESTERDAY       38                        21     17       32
  MONTH TO DATE  372                       495   -123      381
  SINCE DEC 1   1098                      1881   -783     1679
  SINCE JUL 1   1456                      2660  -1204     2128

 COOLING
  YESTERDAY        0                         0      0        0
  MONTH TO DATE    2                         0      2        0
  SINCE DEC 1      2                         0      2        0
  SINCE JAN 1      2                         0      2        0
..................................................................


WIND (MPH)
  HIGHEST WIND SPEED    37   HIGHEST WIND DIRECTION     N (340)
  HIGHEST GUST SPEED    44   HIGHEST GUST DIRECTION     N (340)
  AVERAGE WIND SPEED    15.2


SKY COVER
  POSSIBLE SUNSHINE  MM
  AVERAGE SKY COVER 0.7


WEATHER CONDITIONS
 THE FOLLOWING WEATHER WAS RECORDED YESTERDAY.
  LIGHT SNOW
  FOG
  FOG W/VISIBILITY <= 1/4 MILE


RELATIVE HUMIDITY (PERCENT)
 HIGHEST   100           100 AM
 LOWEST     63          1100 PM
 AVERAGE    82

..........................................................


THE SANDBERG CA CLIMATE NORMALS FOR TODAY
                         NORMAL    RECORD    YEAR
 MAXIMUM TEMPERATURE (F)   51        71      2014
 MINIMUM TEMPERATURE (F)   38        17      1987


SUNRISE AND SUNSET
FEBRUARY 24 2018......SUNRISE   630 AM PST   SUNSET   546 PM PST
FEBRUARY 25 2018......SUNRISE   629 AM PST   SUNSET   547 PM PST


-  INDICATES NEGATIVE NUMBERS.
R  INDICATES RECORD WAS SET OR TIED.
MM INDICATES DATA IS MISSING.
T  INDICATES TRACE AMOUNT.




$$
