827
CDUS46 KLOX 140926
CLISDB


CLIMATE REPORT
NATIONAL WEATHER SERVICE LOS ANGELES/OXNARD CA
126 AM PST SUN FEB 14 2016


...................................

...THE SANDBERG CA CLIMATE SUMMARY FOR FEBRUARY 13 2016...

CLIMATE NORMAL PERIOD 1981 TO 2010
CLIMATE RECORD PERIOD 1934 TO 2016


WEATHER ITEM   OBSERVED TIME   RECORD YEAR NORMAL DEPARTURE LAST
                VALUE   (LST)  VALUE       VALUE  FROM      YEAR
                                                  NORMAL
..................................................................
TEMPERATURE (F)
 YESTERDAY
  MAXIMUM         69   1156 AM  78    2014  49     20       72
  MINIMUM         50    602 PM  19    1949  38     12       54
  AVERAGE         60                        44     16       63

PRECIPITATION (IN)
  YESTERDAY        0.00          1.77 1954   0.13  -0.13     0.00
  MONTH TO DATE    0.01                      1.17  -1.16     0.01
  SINCE OCT 1      4.72                      7.21  -2.49     6.41
  SINCE JAN 1      3.02                      3.58  -0.56     1.51

DEGREE DAYS
 HEATING
  YESTERDAY        5                        21    -16        2
  MONTH TO DATE  186                       285    -99       85
  SINCE DEC 1   1502                      1671   -169     1075
  SINCE JUL 1   2118                      2450   -332     1465

 COOLING
  YESTERDAY        0                         0      0        0
  MONTH TO DATE    0                         0      0        1
  SINCE DEC 1      0                         0      0        1
  SINCE JAN 1      0                         0      0        1
..................................................................


WIND (MPH)
  HIGHEST WIND SPEED    29   HIGHEST WIND DIRECTION     N (340)
  HIGHEST GUST SPEED    39   HIGHEST GUST DIRECTION    NW (320)
  AVERAGE WIND SPEED    16.4


SKY COVER
  POSSIBLE SUNSHINE  MM
  AVERAGE SKY COVER 0.0


WEATHER CONDITIONS
 THE FOLLOWING WEATHER WAS RECORDED YESTERDAY.
  HAZE


RELATIVE HUMIDITY (PERCENT)
 HIGHEST    71           600 PM
 LOWEST     14           100 AM
 AVERAGE    43

..........................................................


THE SANDBERG CA CLIMATE NORMALS FOR TODAY
                         NORMAL    RECORD    YEAR
 MAXIMUM TEMPERATURE (F)   49        76      2014
 MINIMUM TEMPERATURE (F)   38        16      1990


SUNRISE AND SUNSET
FEBRUARY 14 2016......SUNRISE   642 AM PST   SUNSET   537 PM PST
FEBRUARY 15 2016......SUNRISE   641 AM PST   SUNSET   538 PM PST


-  INDICATES NEGATIVE NUMBERS.
R  INDICATES RECORD WAS SET OR TIED.
MM INDICATES DATA IS MISSING.
T  INDICATES TRACE AMOUNT.




$$
