000
CDUS46 KLOX 220904
CLISDB


CLIMATE REPORT
NATIONAL WEATHER SERVICE LOS ANGELES/OXNARD CA
204 AM PDT TUE AUG 22 2017


...................................

...THE SANDBERG CA CLIMATE SUMMARY FOR AUGUST 21 2017...

CLIMATE NORMAL PERIOD 1981 TO 2010
CLIMATE RECORD PERIOD 1934 TO 2017


WEATHER ITEM   OBSERVED TIME   RECORD YEAR NORMAL DEPARTURE LAST
                VALUE   (LST)  VALUE       VALUE  FROM      YEAR
                                                  NORMAL
..................................................................
TEMPERATURE (F)
 YESTERDAY
  MAXIMUM         84    236 PM  93    1961  84      0       90
  MINIMUM         63    338 AM  41    1968  64     -1       68
  AVERAGE         74                        74      0       79

PRECIPITATION (IN)
  YESTERDAY        0.00          0.01 1949   0.00   0.00     0.00
  MONTH TO DATE    0.29                      0.02   0.27     0.00
  SINCE OCT 1     13.08                     12.15   0.93     6.93
  SINCE JAN 1      9.24                      8.52   0.72     5.23

DEGREE DAYS
 HEATING
  YESTERDAY        0                         0      0        0
  MONTH TO DATE    1                         0      1        0
  SINCE JUN 1     41                        92    -51       21
  SINCE JUL 1      1                         8     -7        0

 COOLING
  YESTERDAY        9                         9      0       14
  MONTH TO DATE  259                       205     54      321
  SINCE JUN 1   1124                       623    501     1123
  SINCE JAN 1   1269                       668    601     1204
..................................................................


WIND (MPH)
  HIGHEST WIND SPEED    23   HIGHEST WIND DIRECTION     S (170)
  HIGHEST GUST SPEED    31   HIGHEST GUST DIRECTION     S (190)
  AVERAGE WIND SPEED    10.9


SKY COVER
  POSSIBLE SUNSHINE  MM
  AVERAGE SKY COVER 0.0


WEATHER CONDITIONS
 THE FOLLOWING WEATHER WAS RECORDED YESTERDAY.
  NO SIGNIFICANT WEATHER WAS OBSERVED.


RELATIVE HUMIDITY (PERCENT)
 HIGHEST    52           300 AM
 LOWEST     17           200 PM
 AVERAGE    35

..........................................................


THE SANDBERG CA CLIMATE NORMALS FOR TODAY
                         NORMAL    RECORD    YEAR
 MAXIMUM TEMPERATURE (F)   84        93      2013
                                             2006
 MINIMUM TEMPERATURE (F)   64        40      1968


SUNRISE AND SUNSET
AUGUST 22 2017........SUNRISE   621 AM PDT   SUNSET   734 PM PDT
AUGUST 23 2017........SUNRISE   622 AM PDT   SUNSET   733 PM PDT


-  INDICATES NEGATIVE NUMBERS.
R  INDICATES RECORD WAS SET OR TIED.
MM INDICATES DATA IS MISSING.
T  INDICATES TRACE AMOUNT.




$$
