000
CDUS43 KLMK 170628
CLISDF


CLIMATE REPORT
NATIONAL WEATHER SERVICE LOUISVILLE KY
128 AM EST TUE JAN 17 2017


...................................

...THE LOUISVILLE KY CLIMATE SUMMARY FOR JANUARY 16 2017...

CLIMATE NORMAL PERIOD 1981 TO 2010
CLIMATE RECORD PERIOD 1871 TO 2017


WEATHER ITEM   OBSERVED TIME   RECORD YEAR NORMAL DEPARTURE LAST
                VALUE   (LST)  VALUE       VALUE  FROM      YEAR
                                                  NORMAL
..................................................................
TEMPERATURE (F)
 YESTERDAY
  MAXIMUM         57   1159 PM  71    1990  43     14       35
  MINIMUM         41    144 AM -10    1977  27     14       32
  AVERAGE         49                        35     14       34

PRECIPITATION (IN)
  YESTERDAY        0.19          1.35 1885   0.11   0.08      T
  MONTH TO DATE    2.62                      1.69   0.93     0.55
  SINCE DEC 1      7.92                      5.52   2.40     7.13
  SINCE JAN 1      2.62                      1.69   0.93     0.55

SNOWFALL (IN)
  YESTERDAY        0.0           8.3  1978   0.1   -0.1       T
  MONTH TO DATE    2.3                       1.7    0.6      2.6
  SINCE DEC 1      2.4                       4.3   -1.9      2.6
  SINCE JUL 1      2.4                       4.5   -2.1      2.6
  SNOW DEPTH       0

DEGREE DAYS
 HEATING
  YESTERDAY       16                        30    -14       31
  MONTH TO DATE  437                       480    -43      453
  SINCE DEC 1   1268                      1321    -53      911
  SINCE JUL 1   1735                      2056   -321     1435

 COOLING
  YESTERDAY        0                         0      0        0
  MONTH TO DATE    0                         0      0        0
  SINCE DEC 1      1                         1      0        3
  SINCE JAN 1      0                         0      0        0
..................................................................


WIND (MPH)
  HIGHEST WIND SPEED     7   HIGHEST WIND DIRECTION    SE (130)
  HIGHEST GUST SPEED    11   HIGHEST GUST DIRECTION    SE (150)
  AVERAGE WIND SPEED     3.0


SKY COVER
  POSSIBLE SUNSHINE  MM
  AVERAGE SKY COVER 0.9


WEATHER CONDITIONS
 THE FOLLOWING WEATHER WAS RECORDED YESTERDAY.
  LIGHT RAIN
  FOG


RELATIVE HUMIDITY (PERCENT)
 HIGHEST    93           700 PM
 LOWEST     82          1200 AM
 AVERAGE    88

..........................................................


THE LOUISVILLE KY CLIMATE NORMALS FOR TODAY
                         NORMAL    RECORD    YEAR
 MAXIMUM TEMPERATURE (F)   43        69      1952
                                             1894
 MINIMUM TEMPERATURE (F)   27       -13      1977


SUNRISE AND SUNSET
JANUARY 17 2017.......SUNRISE   757 AM EST   SUNSET   549 PM EST
JANUARY 18 2017.......SUNRISE   757 AM EST   SUNSET   550 PM EST


-  INDICATES NEGATIVE NUMBERS.
R  INDICATES RECORD WAS SET OR TIED.
MM INDICATES DATA IS MISSING.
T  INDICATES TRACE AMOUNT.




$$
