000
CDUS43 KLMK 180627
CLISDF


CLIMATE REPORT
NATIONAL WEATHER SERVICE LOUISVILLE KY
227 AM EDT THU SEP 18 2014


...................................

...THE LOUISVILLE KY CLIMATE SUMMARY FOR SEPTEMBER 17 2014...

CLIMATE NORMAL PERIOD 1981 TO 2010
CLIMATE RECORD PERIOD 1871 TO 2014


WEATHER ITEM   OBSERVED TIME   RECORD YEAR NORMAL DEPARTURE LAST
                VALUE   (LST)  VALUE       VALUE  FROM      YEAR
                                                  NORMAL
..................................................................
TEMPERATURE (F)
 YESTERDAY
  MAXIMUM         73    322 PM  96    1955  81     -8       79
  MINIMUM         53    259 AM  43    2000  60     -7       57
  AVERAGE         63                        71     -8       68

PRECIPITATION (IN)
  YESTERDAY        0.00          1.43 1942   0.10  -0.10     0.00
  MONTH TO DATE    3.31                      1.69   1.62     0.80
  SINCE SEP 1      3.31                      1.69   1.62     0.80
  SINCE JAN 1     34.48                     32.91   1.57    32.61

SNOWFALL (IN)
  YESTERDAY        0.0          MM      MM   0.0    0.0      0.0
  MONTH TO DATE    0.0                       0.0    0.0      0.0
  SINCE SEP 1      0.0                       0.0    0.0      0.0
  SINCE JUL 1      0.0                       0.0    0.0      0.0
  SNOW DEPTH       0

DEGREE DAYS
 HEATING
  YESTERDAY        2                         1      1        0
  MONTH TO DATE    8                         3      5        2
  SINCE SEP 1      8                         3      5        2
  SINCE JUL 1      8                         3      5        2

 COOLING
  YESTERDAY        0                         6     -6        3
  MONTH TO DATE  138                       151    -13      172
  SINCE SEP 1    138                       151    -13      172
  SINCE JAN 1   1530                      1508     22     1512
..................................................................


WIND (MPH)
  HIGHEST WIND SPEED    10   HIGHEST WIND DIRECTION    NW (300)
  HIGHEST GUST SPEED    13   HIGHEST GUST DIRECTION    NW (330)
  AVERAGE WIND SPEED     3.6


SKY COVER
  POSSIBLE SUNSHINE  MM
  AVERAGE SKY COVER 0.5


WEATHER CONDITIONS
 THE FOLLOWING WEATHER WAS RECORDED YESTERDAY.
  FOG
  HAZE


RELATIVE HUMIDITY (PERCENT)
 HIGHEST    93           200 AM
 LOWEST     49           300 PM
 AVERAGE    71

..........................................................


THE LOUISVILLE KY CLIMATE NORMALS FOR TODAY
                         NORMAL    RECORD    YEAR
 MAXIMUM TEMPERATURE (F)   81        99      1953
 MINIMUM TEMPERATURE (F)   60        42      1903


SUNRISE AND SUNSET
SEPTEMBER 18 2014.....SUNRISE   727 AM EDT   SUNSET   746 PM EDT
SEPTEMBER 19 2014.....SUNRISE   728 AM EDT   SUNSET   745 PM EDT


-  INDICATES NEGATIVE NUMBERS.
R  INDICATES RECORD WAS SET OR TIED.
MM INDICATES DATA IS MISSING.
T  INDICATES TRACE AMOUNT.




$$
