000
CDUS43 KLMK 280627
CLISDF


CLIMATE REPORT
NATIONAL WEATHER SERVICE LOUISVILLE KY
227 AM EDT TUE MAR 28 2017


...................................

...THE LOUISVILLE KY CLIMATE SUMMARY FOR MARCH 27 2017...

CLIMATE NORMAL PERIOD 1981 TO 2010
CLIMATE RECORD PERIOD 1871 TO 2017


WEATHER ITEM   OBSERVED TIME   RECORD YEAR NORMAL DEPARTURE LAST
                VALUE   (LST)  VALUE       VALUE  FROM      YEAR
                                                  NORMAL
..................................................................
TEMPERATURE (F)
 YESTERDAY
  MAXIMUM         73    302 PM  87    1910  62     11       79
  MINIMUM         51    549 AM  14    1947  41     10       47
  AVERAGE         62                        52     10       63

PRECIPITATION (IN)
  YESTERDAY        0.44          1.65 1939   0.14   0.30     0.79
  MONTH TO DATE    3.42                      3.61  -0.19     4.25
  SINCE MAR 1      3.42                      3.61  -0.19     4.25
  SINCE JAN 1      9.69                     10.03  -0.34    10.07

SNOWFALL (IN)
  YESTERDAY        0.0           6.7  1947   0.0    0.0      0.0
  MONTH TO DATE    T                         1.3   -1.3      0.5
  SINCE MAR 1      T                         1.3   -1.3      0.5
  SINCE JUL 1      2.7                      12.3   -9.6     14.9
  SNOW DEPTH       0

DEGREE DAYS
 HEATING
  YESTERDAY        3                        14    -11        2
  MONTH TO DATE  441                       486    -45      307
  SINCE MAR 1    441                       486    -45      307
  SINCE JUL 1   2906                      3727   -821     2929

 COOLING
  YESTERDAY        0                         0      0        0
  MONTH TO DATE    8                         0      8        6
  SINCE MAR 1      8                         0      8        6
  SINCE JAN 1     13                         0     13        6
..................................................................


WIND (MPH)
  HIGHEST WIND SPEED    22   HIGHEST WIND DIRECTION     S (180)
  HIGHEST GUST SPEED    25   HIGHEST GUST DIRECTION     S (170)
  AVERAGE WIND SPEED     5.5


SKY COVER
  POSSIBLE SUNSHINE  MM
  AVERAGE SKY COVER 0.8


WEATHER CONDITIONS
 THE FOLLOWING WEATHER WAS RECORDED YESTERDAY.
  THUNDERSTORM
  RAIN
  LIGHT RAIN
  FOG


RELATIVE HUMIDITY (PERCENT)
 HIGHEST    86           900 PM
 LOWEST     57           300 PM
 AVERAGE    72

..........................................................


THE LOUISVILLE KY CLIMATE NORMALS FOR TODAY
                         NORMAL    RECORD    YEAR
 MAXIMUM TEMPERATURE (F)   62        87      1910
 MINIMUM TEMPERATURE (F)   41         8      1947


SUNRISE AND SUNSET
MARCH 28 2017.........SUNRISE   734 AM EDT   SUNSET   803 PM EDT
MARCH 29 2017.........SUNRISE   732 AM EDT   SUNSET   804 PM EDT


-  INDICATES NEGATIVE NUMBERS.
R  INDICATES RECORD WAS SET OR TIED.
MM INDICATES DATA IS MISSING.
T  INDICATES TRACE AMOUNT.




$$
