000
CDUS43 KLMK 212126 RRA
CLISDF

CLIMATE REPORT
NATIONAL WEATHER SERVICE LOUISVILLE KY
425 PM EST TUE NOV 21 2017


...................................

...THE LOUISVILLE KY CLIMATE SUMMARY FOR NOVEMBER 21 2017...
VALID TODAY AS OF 0400 PM LOCAL TIME.

CLIMATE NORMAL PERIOD 1981 TO 2010
CLIMATE RECORD PERIOD 1871 TO 2017


WEATHER ITEM   OBSERVED TIME   RECORD YEAR NORMAL DEPARTURE LAST
                VALUE   (LST)  VALUE       VALUE  FROM      YEAR
                                                  NORMAL
..................................................................
TEMPERATURE (F)
 TODAY
  MAXIMUM         59    328 PM  77    1934  55      4       47
  MINIMUM         41   1220 AM  13    1887  38      3       28
                                      1880
  AVERAGE         50                        46      4       38

PRECIPITATION (IN)
  TODAY            0.00          2.65 1883   0.13  -0.13     0.00
  MONTH TO DATE    2.03                      2.43  -0.40     0.44
  SINCE SEP 1     12.39                      8.70   3.69     3.37
  SINCE JAN 1     41.80                     39.92   1.88    37.04

SNOWFALL (IN)
  TODAY            0.0           1.2  1926   0.0    0.0      0.0
  MONTH TO DATE    0.0                       0.0    0.0      0.0
  SINCE SEP 1      T                         0.1   -0.1      0.0
  SINCE JUL 1      T                         0.1   -0.1      0.0
  SNOW DEPTH       0

DEGREE DAYS
 HEATING
  TODAY           15                        19     -4       27
  MONTH TO DATE  316                       306     10      231
  SINCE SEP 1    511                       548    -37      316
  SINCE JUL 1    511                       548    -37      316

 COOLING
  TODAY            0                         0      0        0
  MONTH TO DATE    8                         0      8       19
  SINCE SEP 1    295                       252     43      474
  SINCE JAN 1   1789                      1609    180     2082
..................................................................


WIND (MPH)
  HIGHEST WIND SPEED    21   HIGHEST WIND DIRECTION    SW (220)
  HIGHEST GUST SPEED    29   HIGHEST GUST DIRECTION    SW (230)
  AVERAGE WIND SPEED    12.1


SKY COVER
  POSSIBLE SUNSHINE  MM
  AVERAGE SKY COVER 0.4


WEATHER CONDITIONS
 THE FOLLOWING WEATHER WAS RECORDED TODAY.
  NO SIGNIFICANT WEATHER WAS OBSERVED.


RELATIVE HUMIDITY (PERCENT)
 HIGHEST    53           900 AM
 LOWEST     33           100 PM
 AVERAGE    43

..........................................................


THE LOUISVILLE KY CLIMATE NORMALS FOR TOMORROW
                         NORMAL    RECORD    YEAR
 MAXIMUM TEMPERATURE (F)   55        77      1900
 MINIMUM TEMPERATURE (F)   37         8      1880


SUNRISE AND SUNSET
NOVEMBER 21 2017......SUNRISE   731 AM EST   SUNSET   527 PM EST
NOVEMBER 22 2017......SUNRISE   732 AM EST   SUNSET   526 PM EST


-  INDICATES NEGATIVE NUMBERS.
R  INDICATES RECORD WAS SET OR TIED.
MM INDICATES DATA IS MISSING.
T  INDICATES TRACE AMOUNT.




$$
