000
CDUS43 KLMK 202052
CLISDF


CLIMATE REPORT
NATIONAL WEATHER SERVICE LOUISVILLE KY
452 PM EDT WED SEP 20 2017


...................................

...THE LOUISVILLE KY CLIMATE SUMMARY FOR SEPTEMBER 20 2017...
VALID TODAY AS OF 0400 PM LOCAL TIME.

CLIMATE NORMAL PERIOD 1981 TO 2010
CLIMATE RECORD PERIOD 1871 TO 2017


WEATHER ITEM   OBSERVED TIME   RECORD YEAR NORMAL DEPARTURE LAST
                VALUE   (LST)  VALUE       VALUE  FROM      YEAR
                                                  NORMAL
..................................................................
TEMPERATURE (F)
 TODAY
  MAXIMUM         88    349 PM  96    1895  80      8       90
  MINIMUM         66    620 AM  43    1956  59      7       63
                                      1896
  AVERAGE         77                        69      8       77

PRECIPITATION (IN)
  TODAY            0.00          3.95 2009   0.10  -0.10     0.00
  MONTH TO DATE    5.47                      1.98   3.49     0.68
  SINCE SEP 1      5.47                      1.98   3.49     0.68
  SINCE JAN 1     34.88                     33.20   1.68    34.35

SNOWFALL (IN)
  TODAY            0.0          MM      MM   0.0    0.0      0.0
  MONTH TO DATE    0.0                       0.0    0.0      0.0
  SINCE SEP 1      0.0                       0.0    0.0      0.0
  SINCE JUL 1      0.0                       0.0    0.0      0.0
  SNOW DEPTH       0

DEGREE DAYS
 HEATING
  TODAY            0                         1     -1        0
  MONTH TO DATE   12                         6      6        0
  SINCE SEP 1     12                         6      6        0
  SINCE JUL 1     12                         6      6        0

 COOLING
  TODAY           12                         6      6       12
  MONTH TO DATE   95                       169    -74      257
  SINCE SEP 1     95                       169    -74      257
  SINCE JAN 1   1589                      1526     63     1865
..................................................................


WIND (MPH)
  HIGHEST WIND SPEED    10   HIGHEST WIND DIRECTION    SW (240)
  HIGHEST GUST SPEED    13   HIGHEST GUST DIRECTION    SW (220)
  AVERAGE WIND SPEED    MM


SKY COVER
  POSSIBLE SUNSHINE  MM
  AVERAGE SKY COVER  MM


WEATHER CONDITIONS
 THE FOLLOWING WEATHER WAS RECORDED TODAY.
  FOG


RELATIVE HUMIDITY (PERCENT)
 HIGHEST    MM
 LOWEST     MM
 AVERAGE    MM

..........................................................


THE LOUISVILLE KY CLIMATE NORMALS FOR TOMORROW
                         NORMAL    RECORD    YEAR
 MAXIMUM TEMPERATURE (F)   79        98      2010
 MINIMUM TEMPERATURE (F)   58        42      1962
                                             1897


SUNRISE AND SUNSET
SEPTEMBER 20 2017.....SUNRISE   729 AM EDT   SUNSET   743 PM EDT
SEPTEMBER 21 2017.....SUNRISE   730 AM EDT   SUNSET   741 PM EDT


-  INDICATES NEGATIVE NUMBERS.
R  INDICATES RECORD WAS SET OR TIED.
MM INDICATES DATA IS MISSING.
T  INDICATES TRACE AMOUNT.




$$
