000
CDUS46 KSEW 250830
CLISEA


CLIMATE REPORT
NATIONAL WEATHER SERVICE SEATTLE WA
1230 AM PST THU DEC 25 2014


...................................

...THE SEATTLE-TACOMA WA AIRPORT CLIMATE SUMMARY FOR DECEMBER 24 2014...

CLIMATE NORMAL PERIOD 1981 TO 2010
CLIMATE RECORD PERIOD 1945 TO 2014


WEATHER ITEM   OBSERVED TIME   RECORD YEAR NORMAL DEPARTURE LAST
                VALUE   (LST)  VALUE       VALUE  FROM      YEAR
                                                  NORMAL
..................................................................
TEMPERATURE (F)
 YESTERDAY
  MAXIMUM         45    343 PM  62    2005  45      0       47
  MINIMUM         39    842 AM  16    1948  35      4       37
  AVERAGE         42                        40      2       42

PRECIPITATION (IN)
  YESTERDAY        0.21          0.75 1980   0.17   0.04     0.00
  MONTH TO DATE    4.50                      4.20   0.30     1.62
  SINCE OCT 1     16.09                     14.25   1.84     6.95
  SINCE JAN 1     48.21                     36.34  11.87    32.52

SNOWFALL (IN)
  YESTERDAY        0.0           2.6  2008                   0.0
  MONTH TO DATE    0.0                                       1.1
  SINCE OCT 1      0.8                                       1.1
  SINCE JUL 1      0.8                                       1.1
  SNOW DEPTH       0

DEGREE DAYS
 HEATING
  YESTERDAY       23                        25     -2       23
  MONTH TO DATE  419                       585   -166      614
  SINCE DEC 1    419                       585   -166      614
  SINCE JUL 1   1259                      1768   -509     1636

 COOLING
  YESTERDAY        0                         0      0        0
  MONTH TO DATE    0                         0      0        0
  SINCE DEC 1      0                         0      0        0
  SINCE JAN 1    369                       189    180      385
..................................................................


WIND (MPH)
  RESULTANT WIND SPEED   4   RESULTANT WIND DIRECTION   S (160)
  HIGHEST WIND SPEED     9   HIGHEST WIND DIRECTION     S (170)
  HIGHEST GUST SPEED    13   HIGHEST GUST DIRECTION     S (190)
  AVERAGE WIND SPEED     4.1


SKY COVER
  AVERAGE SKY COVER 0.9


WEATHER CONDITIONS
 THE FOLLOWING WEATHER WAS RECORDED YESTERDAY.
  LIGHT RAIN
  FOG


RELATIVE HUMIDITY (PERCENT)
 HIGHEST    93          1100 PM
 LOWEST     70           400 PM
 AVERAGE    82

..........................................................


THE SEATTLE-TACOMA WA AIRPORT CLIMATE NORMALS FOR TODAY
                         NORMAL    RECORD    YEAR
 MAXIMUM TEMPERATURE (F)   45        60      1980
 MINIMUM TEMPERATURE (F)   35        24      1995


SUNRISE AND SUNSET
DECEMBER 25 2014......SUNRISE   756 AM PST   SUNSET   423 PM PST
DECEMBER 26 2014......SUNRISE   756 AM PST   SUNSET   424 PM PST


-  INDICATES NEGATIVE NUMBERS.
R  INDICATES RECORD WAS SET OR TIED.
MM INDICATES DATA IS MISSING.
T  INDICATES TRACE AMOUNT.




$$
