000
CDUS46 KMTR 260845
CLISFD


CLIMATE REPORT
NATIONAL WEATHER SERVICE SAN FRANCISCO BAY AREA
145 AM PDT TUE MAY 26 2015


...................................

...THE SAN FRANCISCO DWTN CA CLIMATE SUMMARY FOR MAY 25 2015...

CLIMATE NORMAL PERIOD 1981 TO 2010
CLIMATE RECORD PERIOD 1850 TO 2015


WEATHER ITEM   OBSERVED TIME   RECORD YEAR NORMAL DEPARTURE LAST
                VALUE   (LST)  VALUE       VALUE  FROM      YEAR
                                                  NORMAL
..................................................................
TEMPERATURE (F)
 YESTERDAY
  MAXIMUM         59    243 PM  87    1896  65     -6       70
  MINIMUM         51    643 AM  47    1899  52     -1       52
  AVERAGE         55                        58     -3       61

PRECIPITATION (IN)
  YESTERDAY        0.01          1.05 1866   0.02  -0.01     0.00
  MONTH TO DATE    0.07                      0.61  -0.54     0.03
  SINCE OCT 1     17.41                     23.13  -5.72    12.10
  SINCE JAN 1      2.96                     14.29 -11.33    10.45

DEGREE DAYS
 HEATING
  YESTERDAY       10                        MM     MM        4
  MONTH TO DATE  219                        MM     MM      131
  SINCE MAR 1    616                        MM     MM      552
  SINCE JUL 1   1690                        MM     MM     2215

 COOLING
  YESTERDAY        0                        MM     MM        0
  MONTH TO DATE    0                         0      0       32
  SINCE MAR 1     14                         0     14       49
  SINCE JAN 1     14                         0     14       49
..................................................................







THE SAN FRANCISCO DWTN CA CLIMATE NORMALS FOR TODAY
                         NORMAL    RECORD    YEAR
 MAXIMUM TEMPERATURE (F)   65        91      1896
 MINIMUM TEMPERATURE (F)   52        47      1893


SUNRISE AND SUNSET
MAY 26 2015...........SUNRISE   552 AM PDT   SUNSET   822 PM PDT
MAY 27 2015...........SUNRISE   552 AM PDT   SUNSET   822 PM PDT


-  INDICATES NEGATIVE NUMBERS.
R  INDICATES RECORD WAS SET OR TIED.
MM INDICATES DATA IS MISSING.
T  INDICATES TRACE AMOUNT.




$$
