226
CDUS46 KMTR 260837
CLISFD


CLIMATE REPORT
NATIONAL WEATHER SERVICE SAN FRANCISCO BAY AREA
1237 AM PST SUN FEB 26 2017


...................................

...THE SAN FRANCISCO DWTN CA CLIMATE SUMMARY FOR FEBRUARY 25 2017...

CLIMATE NORMAL PERIOD 1981 TO 2010
CLIMATE RECORD PERIOD 1850 TO 2017


WEATHER ITEM   OBSERVED TIME   RECORD YEAR NORMAL DEPARTURE LAST
                VALUE   (LST)  VALUE       VALUE  FROM      YEAR
                                                  NORMAL
..................................................................
TEMPERATURE (F)
 YESTERDAY
  MAXIMUM         56    243 PM  80    1992  61     -5       73
  MINIMUM         44    543 AM  38    1887  48     -4       54
  AVERAGE         50                        55     -5       64

PRECIPITATION (IN)
  YESTERDAY        0.02          2.01 2004   0.15  -0.13     0.00
  MONTH TO DATE    7.38                      4.01   3.37     0.98
  SINCE OCT 1     25.83                     17.35   8.48    14.62
  SINCE JAN 1     16.80                      8.51   8.29     8.01

DEGREE DAYS
 HEATING
  YESTERDAY       15                        MM     MM        1
  MONTH TO DATE  247                        MM     MM      160
  SINCE DEC 1   1086                        MM     MM      911
  SINCE JUL 1   1802                        MM     MM     1302

 COOLING
  YESTERDAY        0                        MM     MM        0
  MONTH TO DATE    0                         0      0        3
  SINCE DEC 1      0                         0      0        3
  SINCE JAN 1      0                         0      0        3
..................................................................







THE SAN FRANCISCO DWTN CA CLIMATE NORMALS FOR TODAY
                         NORMAL    RECORD    YEAR
 MAXIMUM TEMPERATURE (F)   61        81      1986
 MINIMUM TEMPERATURE (F)   48        37      2011
                                             1962


SUNRISE AND SUNSET
FEBRUARY 26 2017......SUNRISE   645 AM PST   SUNSET   601 PM PST
FEBRUARY 27 2017......SUNRISE   643 AM PST   SUNSET   602 PM PST


-  INDICATES NEGATIVE NUMBERS.
R  INDICATES RECORD WAS SET OR TIED.
MM INDICATES DATA IS MISSING.
T  INDICATES TRACE AMOUNT.




$$
