000
CDUS46 KMTR 270828
CLISFD


CLIMATE REPORT
NATIONAL WEATHER SERVICE SAN FRANCISCO BAY AREA
128 AM PDT FRI MAY 27 2016


...................................

...THE SAN FRANCISCO DWTN CA CLIMATE SUMMARY FOR MAY 26 2016...

CLIMATE NORMAL PERIOD 1981 TO 2010
CLIMATE RECORD PERIOD 1850 TO 2016


WEATHER ITEM   OBSERVED TIME   RECORD YEAR NORMAL DEPARTURE LAST
                VALUE   (LST)  VALUE       VALUE  FROM      YEAR
                                                  NORMAL
..................................................................
TEMPERATURE (F)
 YESTERDAY
  MAXIMUM         64   1143 AM  91    1896  65     -1       61
  MINIMUM         53    543 AM  47    1893  52      1       52
  AVERAGE         59                        58      1       57

PRECIPITATION (IN)
  YESTERDAY        0.00          0.32 1947   0.01  -0.01     0.02
  MONTH TO DATE    0.15                      0.62  -0.47     0.09
  SINCE OCT 1     23.06                     23.14  -0.08    17.43
  SINCE JAN 1     16.45                     14.30   2.15     2.98

DEGREE DAYS
 HEATING
  YESTERDAY        6                        MM     MM        8
  MONTH TO DATE  166                        MM     MM      227
  SINCE MAR 1    590                        MM     MM      624
  SINCE JUL 1   1915                        MM     MM     1698

 COOLING
  YESTERDAY        0                        MM     MM        0
  MONTH TO DATE    4                         0      4        0
  SINCE MAR 1     23                         0     23       14
  SINCE JAN 1     26                         0     26       14
..................................................................







THE SAN FRANCISCO DWTN CA CLIMATE NORMALS FOR TODAY
                         NORMAL    RECORD    YEAR
 MAXIMUM TEMPERATURE (F)   65        93      1984
 MINIMUM TEMPERATURE (F)   52        47      1893


SUNRISE AND SUNSET
MAY 27 2016...........SUNRISE   551 AM PDT   SUNSET   823 PM PDT
MAY 28 2016...........SUNRISE   551 AM PDT   SUNSET   824 PM PDT


-  INDICATES NEGATIVE NUMBERS.
R  INDICATES RECORD WAS SET OR TIED.
MM INDICATES DATA IS MISSING.
T  INDICATES TRACE AMOUNT.




$$
