000
CDUS46 KMTR 270839
CLISFD


CLIMATE REPORT
NATIONAL WEATHER SERVICE SAN FRANCISCO BAY AREA
139 AM PDT TUE JUN 27 2017


...................................

...THE SAN FRANCISCO DWTN CA CLIMATE SUMMARY FOR JUNE 26 2017...

CLIMATE NORMAL PERIOD 1981 TO 2010
CLIMATE RECORD PERIOD 1850 TO 2017


WEATHER ITEM   OBSERVED TIME   RECORD YEAR NORMAL DEPARTURE LAST
                VALUE   (LST)  VALUE       VALUE  FROM      YEAR
                                                  NORMAL
..................................................................
TEMPERATURE (F)
 YESTERDAY
  MAXIMUM         68   1243 PM  96    2003  67      1       69
  MINIMUM         57    543 AM  48    1901  53      4       53
  AVERAGE         63                        60      3       61

PRECIPITATION (IN)
  YESTERDAY        0.00          0.01 1906   0.00   0.00     0.00
                                      1906
                                      2014
  MONTH TO DATE    0.10                      0.15  -0.05     0.00
  SINCE OCT 1     32.33                     23.37   8.96    23.06
  SINCE JAN 1     23.30                     14.53   8.77    16.45

DEGREE DAYS
 HEATING
  YESTERDAY        2                        MM     MM        4
  MONTH TO DATE  113                        MM     MM      110
  SINCE JUN 1    113                        MM     MM      110
  SINCE JUL 1   2626                        MM     MM     2045

 COOLING
  YESTERDAY        0                        MM     MM        0
  MONTH TO DATE   15                         0     15        5
  SINCE JUN 1     15                         0     15        5
  SINCE JAN 1     23                         0     23       31
..................................................................







THE SAN FRANCISCO DWTN CA CLIMATE NORMALS FOR TODAY
                         NORMAL    RECORD    YEAR
 MAXIMUM TEMPERATURE (F)   67        94      1976
 MINIMUM TEMPERATURE (F)   53        48      1893


SUNRISE AND SUNSET
JUNE 27 2017..........SUNRISE   550 AM PDT   SUNSET   836 PM PDT
JUNE 28 2017..........SUNRISE   550 AM PDT   SUNSET   836 PM PDT


-  INDICATES NEGATIVE NUMBERS.
R  INDICATES RECORD WAS SET OR TIED.
MM INDICATES DATA IS MISSING.
T  INDICATES TRACE AMOUNT.




$$
