000
CDUS46 KMTR 240034
CLISFD


CLIMATE REPORT
NATIONAL WEATHER SERVICE SAN FRANCISCO BAY AREA
533 PM PDT TUE SEP 23 2014


...................................

...THE SAN FRANCISCO DWTN CA CLIMATE SUMMARY FOR SEPTEMBER 23 2014...
VALID TODAY AS OF 0500 PM LOCAL TIME.

CLIMATE NORMAL PERIOD 1981 TO 2010
CLIMATE RECORD PERIOD 1850 TO 2014


WEATHER ITEM   OBSERVED TIME   RECORD YEAR NORMAL DEPARTURE LAST
                VALUE   (LST)  VALUE       VALUE  FROM      YEAR
                                                  NORMAL
..................................................................
TEMPERATURE (F)
 TODAY
  MAXIMUM         70    143 PM  97    1997  70      0       76
  MINIMUM         61    243 AM  48    1899  55      6       57
  AVERAGE         66                        63      3       67

PRECIPITATION (IN)
  TODAY            0.00          3.09 1904   0.01  -0.01     0.00
  MONTH TO DATE    0.09                      0.13  -0.04     0.39
  SINCE JUL 1      0.18                      0.19  -0.01     0.43
  SINCE JAN 1     10.64                     14.73  -4.09     3.94

DEGREE DAYS
 HEATING
  TODAY            0                        MM     MM        0
  MONTH TO DATE   25                        MM     MM       39
  SINCE SEP 1     25                        MM     MM       39
  SINCE JUL 1    155                        MM     MM      309

 COOLING
  TODAY            1                        MM     MM        2
  MONTH TO DATE   22                         0     22       16
  SINCE SEP 1     22                         0     22       16
  SINCE JAN 1     89                         0     89       44
..................................................................







THE SAN FRANCISCO DWTN CA CLIMATE NORMALS FOR TOMORROW
                         NORMAL    RECORD    YEAR
 MAXIMUM TEMPERATURE (F)   70        95      1997
 MINIMUM TEMPERATURE (F)   55        50      1899


SUNRISE AND SUNSET
SEPTEMBER 23 2014.....SUNRISE   658 AM PDT   SUNSET   705 PM PDT
SEPTEMBER 24 2014.....SUNRISE   659 AM PDT   SUNSET   703 PM PDT


-  INDICATES NEGATIVE NUMBERS.
R  INDICATES RECORD WAS SET OR TIED.
MM INDICATES DATA IS MISSING.
T  INDICATES TRACE AMOUNT.




$$
