000
CDUS46 KOTX 300847
CLISFF


CLIMATE REPORT
NATIONAL WEATHER SERVICE SPOKANE, WA
147 AM PDT SUN APR 30 2017


...................................

...THE SPOKANE WA FELTS AIRPORT CLIMATE SUMMARY FOR APRIL 29 2017...

CLIMATE NORMAL PERIOD 1981 TO 2010
CLIMATE RECORD PERIOD 9999 TO 9999


WEATHER ITEM   OBSERVED TIME   RECORD YEAR NORMAL DEPARTURE LAST
                VALUE   (LST)  VALUE       VALUE  FROM      YEAR
                                                  NORMAL
..................................................................
TEMPERATURE (F)
 YESTERDAY
  MAXIMUM         61    256 PM  MM      MM  63     -2       55
  MINIMUM         46    516 AM  MM      MM  37      9       48
  AVERAGE         54                        50      4       52

PRECIPITATION (IN)
  YESTERDAY        T            MM      MM   0.03  -0.03     0.19
  MONTH TO DATE    1.89                      1.20   0.69     0.63
  SINCE OCT 1     19.60                     12.30   7.30    12.51
  SINCE JAN 1     10.51                      6.10   4.41     6.97

SNOWFALL (IN)
  YESTERDAY       MM

DEGREE DAYS
 HEATING
  YESTERDAY       11                        15     -4       13
  MONTH TO DATE  502                       518    -16      279
  SINCE MAR 1   1185                      1268    -83      922
  SINCE JUL 1   5781                      5839    -58     4827

 COOLING
  YESTERDAY        0                         0      0        0
  MONTH TO DATE    0                         0      0        5
  SINCE MAR 1      0                         0      0        5
  SINCE JAN 1      0                         0      0        5
..................................................................


WIND (MPH)
  HIGHEST WIND SPEED    20   HIGHEST WIND DIRECTION    SW (230)
  HIGHEST GUST SPEED    24   HIGHEST GUST DIRECTION    SW (220)
  AVERAGE WIND SPEED     7.8


SKY COVER
  POSSIBLE SUNSHINE  MM
  AVERAGE SKY COVER 0.7


WEATHER CONDITIONS
 THE FOLLOWING WEATHER WAS RECORDED YESTERDAY.
  NO SIGNIFICANT WEATHER WAS OBSERVED.


RELATIVE HUMIDITY (PERCENT)
 HIGHEST    65           500 AM
 LOWEST     32           700 PM
 AVERAGE    49

..........................................................


THE SPOKANE WA FELTS AIRPORT CLIMATE NORMALS FOR TODAY
                         NORMAL    RECORD    YEAR
 MAXIMUM TEMPERATURE (F)   63        MM        MM
 MINIMUM TEMPERATURE (F)   37        MM        MM


SUNRISE AND SUNSET
APRIL 30 2017.........SUNRISE   533 AM PDT   SUNSET   801 PM PDT
MAY  1 2017...........SUNRISE   532 AM PDT   SUNSET   802 PM PDT


-  INDICATES NEGATIVE NUMBERS.
R  INDICATES RECORD WAS SET OR TIED.
MM INDICATES DATA IS MISSING.
T  INDICATES TRACE AMOUNT.




$$
