000
CDUS46 KOTX 020823
CLISFF


CLIMATE REPORT
NATIONAL WEATHER SERVICE SPOKANE, WA
123 AM PDT THU OCT 2 2014


...................................

...THE SPOKANE WA FELTS AIRPORT CLIMATE SUMMARY FOR OCTOBER 1 2014...

CLIMATE NORMAL PERIOD 1981 TO 2010
CLIMATE RECORD PERIOD 9999 TO 9999


WEATHER ITEM   OBSERVED TIME   RECORD YEAR NORMAL DEPARTURE LAST
                VALUE   (LST)  VALUE       VALUE  FROM      YEAR
                                                  NORMAL
..................................................................
TEMPERATURE (F)
 YESTERDAY
  MAXIMUM         65    254 PM  MM      MM  68     -3       56
  MINIMUM         38    536 AM  MM      MM  41     -3       41
  AVERAGE         52                        54     -2       49

PRECIPITATION (IN)
  YESTERDAY        0.00         MM      MM   0.03  -0.03     0.02
  MONTH TO DATE    0.00                      0.03  -0.03     0.02
  SINCE OCT 1      0.00                      0.03  -0.03     0.02
  SINCE JAN 1     11.41                     11.61  -0.20    11.70

SNOWFALL (IN)
  YESTERDAY       MM            MM      MM  MM     MM       MM
  MONTH TO DATE   MM                        MM     MM       MM
  SINCE SEP 1     MM                        MM     MM       MM
  SINCE JUL 1     MM                        MM     MM       MM
  SNOW DEPTH      MM

DEGREE DAYS
 HEATING
  YESTERDAY       13                        11      2       16
  MONTH TO DATE   13                        11      2       16
  SINCE SEP 1     99                       176    -77      145
  SINCE JUL 1    105                       222   -117      150

 COOLING
  YESTERDAY        0                         0      0        0
  MONTH TO DATE    0                         0      0        0
  SINCE SEP 1     33                        30      3      101
  SINCE JAN 1    638                       406    232      704
..................................................................


WIND (MPH)
  HIGHEST WIND SPEED    20   HIGHEST WIND DIRECTION    SW (230)
  HIGHEST GUST SPEED    25   HIGHEST GUST DIRECTION    SW (230)
  AVERAGE WIND SPEED     5.9


SKY COVER
  POSSIBLE SUNSHINE  MM
  AVERAGE SKY COVER 0.2


WEATHER CONDITIONS
 THE FOLLOWING WEATHER WAS RECORDED YESTERDAY.
  FOG


RELATIVE HUMIDITY (PERCENT)
 HIGHEST    93           200 AM
 LOWEST     31           300 PM
 AVERAGE    62

..........................................................


THE SPOKANE WA FELTS AIRPORT CLIMATE NORMALS FOR TODAY
                         NORMAL    RECORD    YEAR
 MAXIMUM TEMPERATURE (F)   67        MM        MM
 MINIMUM TEMPERATURE (F)   41        MM        MM


SUNRISE AND SUNSET
OCTOBER  2 2014.......SUNRISE   650 AM PDT   SUNSET   627 PM PDT
OCTOBER  3 2014.......SUNRISE   651 AM PDT   SUNSET   624 PM PDT


-  INDICATES NEGATIVE NUMBERS.
R  INDICATES RECORD WAS SET OR TIED.
MM INDICATES DATA IS MISSING.
T  INDICATES TRACE AMOUNT.




$$
