000
CDUS46 KOTX 300827
CLISFF


CLIMATE REPORT
NATIONAL WEATHER SERVICE SPOKANE, WA
127 AM PDT FRI SEP 30 2016


...................................

...THE SPOKANE WA FELTS AIRPORT CLIMATE SUMMARY FOR SEPTEMBER 29 2016...

CLIMATE NORMAL PERIOD 1981 TO 2010
CLIMATE RECORD PERIOD 9999 TO 9999


WEATHER ITEM   OBSERVED TIME   RECORD YEAR NORMAL DEPARTURE LAST
                VALUE   (LST)  VALUE       VALUE  FROM      YEAR
                                                  NORMAL
..................................................................
TEMPERATURE (F)
 YESTERDAY
  MAXIMUM         82    306 PM  MM      MM  69     13       78
  MINIMUM         50    631 AM  MM      MM  42      8       37
  AVERAGE         66                        55     11       58

PRECIPITATION (IN)
  YESTERDAY        T            MM      MM   0.04  -0.04     0.00
  MONTH TO DATE    0.34                      0.81  -0.47     0.47
  SINCE OCT 1     16.69                     17.75  -1.06    13.86
  SINCE JAN 1     11.15                     11.55  -0.40     9.13

SNOWFALL (IN)
  YESTERDAY       MM

DEGREE DAYS
 HEATING
  YESTERDAY        0                        10    -10        7
  MONTH TO DATE  128                       156    -28      172
  SINCE SEP 1    128                       156    -28      172
  SINCE JUL 1    144                       202    -58      180

 COOLING
  YESTERDAY        1                         0      1        0
  MONTH TO DATE    6                        29    -23       18
  SINCE SEP 1      6                        29    -23       18
  SINCE JAN 1    477                       405     72      842
..................................................................


WIND (MPH)
  HIGHEST WIND SPEED    13   HIGHEST WIND DIRECTION     E (70)
  HIGHEST GUST SPEED    14   HIGHEST GUST DIRECTION     E (80)
  AVERAGE WIND SPEED     0.7


SKY COVER
  POSSIBLE SUNSHINE  MM
  AVERAGE SKY COVER 0.1


WEATHER CONDITIONS
 THE FOLLOWING WEATHER WAS RECORDED YESTERDAY.
  THUNDERSTORM
  HAZE


RELATIVE HUMIDITY (PERCENT)
 HIGHEST    89           300 AM
 LOWEST     33           200 PM
 AVERAGE    61

..........................................................


THE SPOKANE WA FELTS AIRPORT CLIMATE NORMALS FOR TODAY
                         NORMAL    RECORD    YEAR
 MAXIMUM TEMPERATURE (F)   68        MM        MM
 MINIMUM TEMPERATURE (F)   41        MM        MM


SUNRISE AND SUNSET
SEPTEMBER 30 2016.....SUNRISE   648 AM PDT   SUNSET   630 PM PDT
OCTOBER  1 2016.......SUNRISE   649 AM PDT   SUNSET   627 PM PDT


-  INDICATES NEGATIVE NUMBERS.
R  INDICATES RECORD WAS SET OR TIED.
MM INDICATES DATA IS MISSING.
T  INDICATES TRACE AMOUNT.




$$
