000
CDUS43 KSGF 100628
CLISGF


CLIMATE REPORT
NATIONAL WEATHER SERVICE SPRINGFIELD MO
1228 AM CST WED FEB 10 2016


...................................

...THE SPRINGFIELD MO CLIMATE SUMMARY FOR FEBRUARY 9 2016...

CLIMATE NORMAL PERIOD 1981 TO 2010
CLIMATE RECORD PERIOD 1888 TO 2016


WEATHER ITEM   OBSERVED TIME   RECORD YEAR NORMAL DEPARTURE LAST
                VALUE   (LST)  VALUE       VALUE  FROM      YEAR
                                                  NORMAL
..................................................................
TEMPERATURE (F)
 YESTERDAY
  MAXIMUM         34    306 PM  76    1932  47    -13       45
  MINIMUM         22   1159 PM -17    1979  24     -2       33
  AVERAGE         28                        36     -8       39

PRECIPITATION (IN)
  YESTERDAY        0.00          3.12 1966   0.08  -0.08     0.00
  MONTH TO DATE    0.05                      0.70  -0.65     0.40
  SINCE DEC 1     12.40                      6.21   6.19     2.98
  SINCE JAN 1      0.97                      3.17  -2.20     1.21

SNOWFALL (IN)
  YESTERDAY        0.0
  MONTH TO DATE    T
  SINCE DEC 1      3.0
  SINCE JUL 1      3.0
  SNOW DEPTH       0

DEGREE DAYS
 HEATING
  YESTERDAY       37                        30      7       26
  MONTH TO DATE  247                       274    -27      249
  SINCE DEC 1   1841                      2208   -367     2007
  SINCE JUL 1   2486                      3087   -601     2957

 COOLING
  YESTERDAY        0                         0      0        0
  MONTH TO DATE    0                         0      0        0
  SINCE DEC 1      0                         0      0        0
  SINCE JAN 1      0                         0      0        0
..................................................................


WIND (MPH)
  HIGHEST WIND SPEED    32   HIGHEST WIND DIRECTION    NW (320)
  HIGHEST GUST SPEED    41   HIGHEST GUST DIRECTION    NW (310)
  AVERAGE WIND SPEED    17.4


SKY COVER
  AVERAGE SKY COVER 0.1


WEATHER CONDITIONS
 THE FOLLOWING WEATHER WAS RECORDED YESTERDAY.
  NO SIGNIFICANT WEATHER WAS OBSERVED.


RELATIVE HUMIDITY (PERCENT)
 HIGHEST    68           600 AM
 LOWEST     33           500 PM
 AVERAGE    51

..........................................................


THE SPRINGFIELD MO CLIMATE NORMALS FOR TODAY
                         NORMAL    RECORD    YEAR
 MAXIMUM TEMPERATURE (F)   47        74      1999
                                             1932
 MINIMUM TEMPERATURE (F)   25       -10      2011


SUNRISE AND SUNSET
FEBRUARY 10 2016......SUNRISE   708 AM CST   SUNSET   548 PM CST
FEBRUARY 11 2016......SUNRISE   707 AM CST   SUNSET   549 PM CST


-  INDICATES NEGATIVE NUMBERS.
R  INDICATES RECORD WAS SET OR TIED.
MM INDICATES DATA IS MISSING.
T  INDICATES TRACE AMOUNT.




$$
