000
CDUS43 KSGF 280630
CLISGF


CLIMATE REPORT
NATIONAL WEATHER SERVICE SPRINGFIELD MO
130 AM CDT FRI JUL 28 2017


...................................

...THE SPRINGFIELD MO CLIMATE SUMMARY FOR JULY 27 2017...

CLIMATE NORMAL PERIOD 1981 TO 2010
CLIMATE RECORD PERIOD 1888 TO 2017


WEATHER ITEM   OBSERVED TIME   RECORD YEAR NORMAL DEPARTURE LAST
                VALUE   (LST)  VALUE       VALUE  FROM      YEAR
                                                  NORMAL
..................................................................
TEMPERATURE (F)
 YESTERDAY
  MAXIMUM         87    502 PM 102    2012  90     -3       89
                                      1986
  MINIMUM         73   1012 AM  52    2004  68      5       73
  AVERAGE         80                        79      1       81

PRECIPITATION (IN)
  YESTERDAY        1.07          1.74 2016   0.10   0.97     1.74
  MONTH TO DATE    1.78                      3.29  -1.51     7.15
  SINCE JUN 1      6.77                      8.14  -1.37    11.57
  SINCE JAN 1     35.47                     26.17   9.30    22.82

SNOWFALL (IN)
  YESTERDAY        0.0
  MONTH TO DATE    0.0
  SINCE JUN 1      0.0
  SINCE JUL 1      0.0
  SNOW DEPTH       0

DEGREE DAYS
 HEATING
  YESTERDAY        0                         0      0        0
  MONTH TO DATE    0                         0      0        0
  SINCE JUN 1      0                         9     -9        0
  SINCE JUL 1      0                         0      0        0

 COOLING
  YESTERDAY       15                        14      1       16
  MONTH TO DATE  421                       355     66      421
  SINCE JUN 1    691                       618     73      817
  SINCE JAN 1    839                       733    106      937
..................................................................


WIND (MPH)
  HIGHEST WIND SPEED    18   HIGHEST WIND DIRECTION    SW (210)
  HIGHEST GUST SPEED    28   HIGHEST GUST DIRECTION     S (200)
  AVERAGE WIND SPEED     6.5


SKY COVER
  AVERAGE SKY COVER 0.6


WEATHER CONDITIONS
 THE FOLLOWING WEATHER WAS RECORDED YESTERDAY.
  THUNDERSTORM
  HEAVY RAIN
  RAIN
  LIGHT RAIN
  FOG


RELATIVE HUMIDITY (PERCENT)
 HIGHEST   100           800 AM
 LOWEST     65           300 PM
 AVERAGE    83

..........................................................


THE SPRINGFIELD MO CLIMATE NORMALS FOR TODAY
                         NORMAL    RECORD    YEAR
 MAXIMUM TEMPERATURE (F)   90       102      1986
 MINIMUM TEMPERATURE (F)   68        53      1994


SUNRISE AND SUNSET
JULY 28 2017..........SUNRISE   615 AM CDT   SUNSET   824 PM CDT
JULY 29 2017..........SUNRISE   616 AM CDT   SUNSET   823 PM CDT


-  INDICATES NEGATIVE NUMBERS.
R  INDICATES RECORD WAS SET OR TIED.
MM INDICATES DATA IS MISSING.
T  INDICATES TRACE AMOUNT.




$$
