000
CDUS45 KBYZ 020932
CLISHR


CLIMATE REPORT
NATIONAL WEATHER SERVICE BILLINGS MT
331 AM MDT SUN AUG 2 2015


...................................

...THE SHERIDAN WY CLIMATE SUMMARY FOR AUGUST 1 2015...

CLIMATE NORMAL PERIOD 1981 TO 2010
CLIMATE RECORD PERIOD 1907 TO 2015


WEATHER ITEM   OBSERVED TIME   RECORD YEAR NORMAL DEPARTURE LAST
                VALUE   (LST)  VALUE       VALUE  FROM      YEAR
                                                  NORMAL
..................................................................
TEMPERATURE (F)
 YESTERDAY
  MAXIMUM         98    330 PM 103    2008  89      9       92
  MINIMUM         52    455 AM  42    1968  54     -2       54
                                      1917
                                      1911
  AVERAGE         75                        72      3       73

PRECIPITATION (IN)
  YESTERDAY        0.00          0.59 1984   0.03  -0.03      T
  MONTH TO DATE    0.00                      0.03  -0.03      T
  SINCE OCT 1     15.26                     12.04   3.22    13.78
  SINCE JAN 1     12.87                      9.36   3.51    10.02

DEGREE DAYS
 HEATING
  YESTERDAY        0                         0      0        0
  MONTH TO DATE    0                         0      0        0
  SINCE JUN 1     64                       175   -111      191
  SINCE JUL 1     20                        26     -6        9

 COOLING
  YESTERDAY       10                         7      3        8
  MONTH TO DATE   10                         7      3        8
  SINCE JUN 1    236                       235      1      191
  SINCE JAN 1    236                       239     -3      199
..................................................................


WIND (MPH)
  HIGHEST WIND SPEED    16   HIGHEST WIND DIRECTION    NW (310)
  HIGHEST GUST SPEED    31   HIGHEST GUST DIRECTION    NW (330)
  AVERAGE WIND SPEED     6.2


SKY COVER
  POSSIBLE SUNSHINE  MM
  AVERAGE SKY COVER 0.0


WEATHER CONDITIONS
 THE FOLLOWING WEATHER WAS RECORDED YESTERDAY.
  NO SIGNIFICANT WEATHER WAS OBSERVED.


RELATIVE HUMIDITY (PERCENT)
 HIGHEST    71           500 AM
 LOWEST      8          1200 PM
 AVERAGE    40

..........................................................


THE SHERIDAN WY CLIMATE NORMALS FOR TODAY
                         NORMAL    RECORD    YEAR
 MAXIMUM TEMPERATURE (F)   89       100      2001
 MINIMUM TEMPERATURE (F)   54        43      1917


SUNRISE AND SUNSET
AUGUST  2 2015........SUNRISE   555 AM MDT   SUNSET   833 PM MDT
AUGUST  3 2015........SUNRISE   556 AM MDT   SUNSET   831 PM MDT


-  INDICATES NEGATIVE NUMBERS.
R  INDICATES RECORD WAS SET OR TIED.
MM INDICATES DATA IS MISSING.
T  INDICATES TRACE AMOUNT.




$$
