000
CDUS45 KBYZ 290934
CLISHR


CLIMATE REPORT
NATIONAL WEATHER SERVICE BILLINGS MT
333 AM MDT SAT AUG 29 2015


...................................

...THE SHERIDAN WY CLIMATE SUMMARY FOR AUGUST 28 2015...

CLIMATE NORMAL PERIOD 1981 TO 2010
CLIMATE RECORD PERIOD 1907 TO 2015


WEATHER ITEM   OBSERVED TIME   RECORD YEAR NORMAL DEPARTURE LAST
                VALUE   (LST)  VALUE       VALUE  FROM      YEAR
                                                  NORMAL
..................................................................
TEMPERATURE (F)
 YESTERDAY
  MAXIMUM         91    320 PM 100    1924  83      8       87
  MINIMUM         53    535 AM  31    1911  49      4       49
  AVERAGE         72                        66      6       68

PRECIPITATION (IN)
  YESTERDAY        0.00          0.45 1996   0.02  -0.02     0.00
  MONTH TO DATE    0.59                      0.63  -0.04     0.89
  SINCE OCT 1     15.85                     12.64   3.21    14.67
  SINCE JAN 1     13.46                      9.96   3.50    10.91

DEGREE DAYS
 HEATING
  YESTERDAY        0                         2     -2        0
  MONTH TO DATE   44                        27     17       34
  SINCE JUN 1    108                       202    -94      225
  SINCE JUL 1     64                        53     11       43

 COOLING
  YESTERDAY        7                         3      4        3
  MONTH TO DATE  162                       150     12      127
  SINCE JUN 1    388                       378     10      310
  SINCE JAN 1    388                       382      6      318
..................................................................


WIND (MPH)
  HIGHEST WIND SPEED    12   HIGHEST WIND DIRECTION    NW (330)
  HIGHEST GUST SPEED    14   HIGHEST GUST DIRECTION     N (350)
  AVERAGE WIND SPEED     2.2


SKY COVER
  POSSIBLE SUNSHINE  MM
  AVERAGE SKY COVER 0.0


WEATHER CONDITIONS
 THE FOLLOWING WEATHER WAS RECORDED YESTERDAY.
  HAZE


RELATIVE HUMIDITY (PERCENT)
 HIGHEST    71           600 AM
 LOWEST     16           300 PM
 AVERAGE    44

..........................................................


THE SHERIDAN WY CLIMATE NORMALS FOR TODAY
                         NORMAL    RECORD    YEAR
 MAXIMUM TEMPERATURE (F)   83       102      2012
 MINIMUM TEMPERATURE (F)   48        32      1920


SUNRISE AND SUNSET
AUGUST 29 2015........SUNRISE   626 AM MDT   SUNSET   750 PM MDT
AUGUST 30 2015........SUNRISE   628 AM MDT   SUNSET   749 PM MDT


-  INDICATES NEGATIVE NUMBERS.
R  INDICATES RECORD WAS SET OR TIED.
MM INDICATES DATA IS MISSING.
T  INDICATES TRACE AMOUNT.




$$
