000
CDUS45 KBYZ 260724
CLISHR


CLIMATE REPORT
NATIONAL WEATHER SERVICE BILLINGS MT
124 AM MDT WED JUL 26 2017


...................................

...THE SHERIDAN WY CLIMATE SUMMARY FOR JULY 25 2017...

CLIMATE NORMAL PERIOD 1981 TO 2010
CLIMATE RECORD PERIOD 1907 TO 2017


WEATHER ITEM   OBSERVED TIME   RECORD YEAR NORMAL DEPARTURE LAST
                VALUE   (LST)  VALUE       VALUE  FROM      YEAR
                                                  NORMAL
..................................................................
TEMPERATURE (F)
 YESTERDAY
  MAXIMUM         76   1130 AM 102    1933  89    -13       99
  MINIMUM         58   1055 PM  37    1911  54      4       53
  AVERAGE         67                        72     -5       76

PRECIPITATION (IN)
  YESTERDAY        0.02          0.98 1981   0.04  -0.02     0.00
                                      1923
  MONTH TO DATE    0.36                      0.98  -0.62     0.16
  SINCE OCT 1     17.17                     11.81   5.36    10.16
  SINCE JAN 1     13.44                      9.13   4.31     8.01

DEGREE DAYS
 HEATING
  YESTERDAY        0                         0      0        0
  MONTH TO DATE    0                        24    -24        6
  SINCE JUN 1     78                       173    -95       22
  SINCE JUL 1      0                        24    -24        6

 COOLING
  YESTERDAY        2                         7     -5       11
  MONTH TO DATE  240                       142     98      176
  SINCE JUN 1    274                       188     86      299
  SINCE JAN 1    274                       192     82      301
..................................................................


WIND (MPH)
  HIGHEST WIND SPEED    26   HIGHEST WIND DIRECTION    NW (320)
  HIGHEST GUST SPEED    33   HIGHEST GUST DIRECTION    NW (320)
  AVERAGE WIND SPEED     7.3


SKY COVER
  POSSIBLE SUNSHINE  MM
  AVERAGE SKY COVER 0.3


WEATHER CONDITIONS
 THE FOLLOWING WEATHER WAS RECORDED YESTERDAY.
  LIGHT RAIN


RELATIVE HUMIDITY (PERCENT)
 HIGHEST    93          1100 PM
 LOWEST     33          1100 AM
 AVERAGE    63

..........................................................


THE SHERIDAN WY CLIMATE NORMALS FOR TODAY
                         NORMAL    RECORD    YEAR
 MAXIMUM TEMPERATURE (F)   89       103      1929
 MINIMUM TEMPERATURE (F)   54        41      1971


SUNRISE AND SUNSET
JULY 26 2017..........SUNRISE   548 AM MDT   SUNSET   840 PM MDT
JULY 27 2017..........SUNRISE   549 AM MDT   SUNSET   839 PM MDT


-  INDICATES NEGATIVE NUMBERS.
R  INDICATES RECORD WAS SET OR TIED.
MM INDICATES DATA IS MISSING.
T  INDICATES TRACE AMOUNT.




$$
