750
CDUS45 KBYZ 232323
CLISHR


CLIMATE REPORT
NATIONAL WEATHER SERVICE BILLINGS MT
423 PM MST TUE JAN 23 2018


...................................

...THE SHERIDAN WY CLIMATE SUMMARY FOR JANUARY 23 2018...
VALID TODAY AS OF 0400 PM LOCAL TIME.

CLIMATE NORMAL PERIOD 1981 TO 2010
CLIMATE RECORD PERIOD 1907 TO 2018


WEATHER ITEM   OBSERVED TIME   RECORD YEAR NORMAL DEPARTURE LAST
                VALUE   (LST)  VALUE       VALUE  FROM      YEAR
                                                  NORMAL
..................................................................
TEMPERATURE (F)
 TODAY
  MAXIMUM         39    258 PM  65    2005  37      2       31
  MINIMUM         17    720 AM -27    1929  12      5       13
  AVERAGE         28                        24      4       22

PRECIPITATION (IN)
  TODAY            0.00          0.36 1938   0.02  -0.02     0.00
  MONTH TO DATE    0.48                      0.40   0.08     0.35
  SINCE OCT 1      3.47                      3.08   0.39     4.08
  SINCE JAN 1      0.48                      0.40   0.08     0.35

DEGREE DAYS
 HEATING
  TODAY           37                        41     -4       43
  MONTH TO DATE  957                       952      5     1201
  SINCE DEC 1   2230                      2257    -27     2729
  SINCE JUL 1   4020                      4135   -115     4206

 COOLING
  TODAY            0                         0      0        0
  MONTH TO DATE    0                         0      0        0
  SINCE DEC 1      0                         0      0        0
  SINCE JAN 1      0                         0      0        0
..................................................................


WIND (MPH)
  HIGHEST WIND SPEED    18   HIGHEST WIND DIRECTION    NW (320)
  HIGHEST GUST SPEED    20   HIGHEST GUST DIRECTION    NW (320)
  AVERAGE WIND SPEED     4.6


SKY COVER
  POSSIBLE SUNSHINE  MM
  AVERAGE SKY COVER 0.4


WEATHER CONDITIONS
 THE FOLLOWING WEATHER WAS RECORDED TODAY.
  NO SIGNIFICANT WEATHER WAS OBSERVED.


RELATIVE HUMIDITY (PERCENT)
 HIGHEST    81           100 AM
 LOWEST     40           300 PM
 AVERAGE    61

..........................................................


THE SHERIDAN WY CLIMATE NORMALS FOR TOMORROW
                         NORMAL    RECORD    YEAR
 MAXIMUM TEMPERATURE (F)   37        69      2005
 MINIMUM TEMPERATURE (F)   12       -29      1929


SUNRISE AND SUNSET
JANUARY 23 2018.......SUNRISE   736 AM MST   SUNSET   504 PM MST
JANUARY 24 2018.......SUNRISE   735 AM MST   SUNSET   505 PM MST


-  INDICATES NEGATIVE NUMBERS.
R  INDICATES RECORD WAS SET OR TIED.
MM INDICATES DATA IS MISSING.
T  INDICATES TRACE AMOUNT.




$$
