000
CDUS45 KBYZ 280935
CLISHR


CLIMATE REPORT
NATIONAL WEATHER SERVICE BILLINGS MT
333 AM MDT TUE MAR 28 2017


...................................

...THE SHERIDAN WY CLIMATE SUMMARY FOR MARCH 27 2017...

CLIMATE NORMAL PERIOD 1981 TO 2010
CLIMATE RECORD PERIOD 1907 TO 2017


WEATHER ITEM   OBSERVED TIME   RECORD YEAR NORMAL DEPARTURE LAST
                VALUE   (LST)  VALUE       VALUE  FROM      YEAR
                                                  NORMAL
..................................................................
TEMPERATURE (F)
 YESTERDAY
  MAXIMUM         62    227 PM  75    1986  52     10       58
  MINIMUM         34    647 AM  -3    1937  25      9       26
                                      1931
  AVERAGE         48                        38     10       42

PRECIPITATION (IN)
  YESTERDAY        0.00          0.97 1918   0.04  -0.04     0.00
  MONTH TO DATE    1.86                      0.82   1.04     0.85
  SINCE OCT 1      7.29                      4.60   2.69     4.45
  SINCE JAN 1      3.56                      1.92   1.64     2.30

DEGREE DAYS
 HEATING
  YESTERDAY       17                        26     -9       23
  MONTH TO DATE  646                       821   -175      663
  SINCE MAR 1    646                       821   -175      663
  SINCE JUL 1   6168                      6356   -188     5409

 COOLING
  YESTERDAY        0                         0      0        0
  MONTH TO DATE    0                         0      0        0
  SINCE MAR 1      0                         0      0        0
  SINCE JAN 1      0                         0      0        0
..................................................................


WIND (MPH)
  HIGHEST WIND SPEED    12   HIGHEST WIND DIRECTION    NE (40)
  HIGHEST GUST SPEED    15   HIGHEST GUST DIRECTION    NW (330)
  AVERAGE WIND SPEED     5.3


SKY COVER
  POSSIBLE SUNSHINE  MM
  AVERAGE SKY COVER 0.6


WEATHER CONDITIONS
 THE FOLLOWING WEATHER WAS RECORDED YESTERDAY.
  NO SIGNIFICANT WEATHER WAS OBSERVED.


RELATIVE HUMIDITY (PERCENT)
 HIGHEST    85           700 AM
 LOWEST     31           300 PM
 AVERAGE    58

..........................................................


THE SHERIDAN WY CLIMATE NORMALS FOR TODAY
                         NORMAL    RECORD    YEAR
 MAXIMUM TEMPERATURE (F)   52        80      2015
 MINIMUM TEMPERATURE (F)   25        -2      1987


SUNRISE AND SUNSET
MARCH 28 2017.........SUNRISE   655 AM MDT   SUNSET   731 PM MDT
MARCH 29 2017.........SUNRISE   654 AM MDT   SUNSET   732 PM MDT


-  INDICATES NEGATIVE NUMBERS.
R  INDICATES RECORD WAS SET OR TIED.
MM INDICATES DATA IS MISSING.
T  INDICATES TRACE AMOUNT.




$$
