000
CDUS44 KSHV 290832
CLISHV


CLIMATE REPORT
NATIONAL WEATHER SERVICE SHREVEPORT, LA
232 AM CST THU JAN 29 2015


...................................

...THE SHREVEPORT CLIMATE SUMMARY FOR JANUARY 28 2015...

CLIMATE NORMAL PERIOD 1981 TO 2010
CLIMATE RECORD PERIOD 1874 TO 2015


WEATHER ITEM   OBSERVED TIME   RECORD YEAR NORMAL DEPARTURE LAST
                VALUE   (LST)  VALUE       VALUE  FROM      YEAR
                                                  NORMAL
..................................................................
TEMPERATURE (F)
 YESTERDAY
  MAXIMUM         76    304 PM  81    1975  58     18       39
  MINIMUM         40    418 AM  15    1963  37      3       26
  AVERAGE         58                        48     10       33

PRECIPITATION (IN)
  YESTERDAY        0.00          4.34 1999   0.16  -0.16     0.00
  MONTH TO DATE    7.45                      3.74   3.71     0.82
  SINCE DEC 1     11.20                      8.51   2.69     5.80
  SINCE JAN 1      7.45                      3.74   3.71     0.82

SNOWFALL (IN)
  YESTERDAY        0.0
  MONTH TO DATE    0.0
  SINCE DEC 1      0.0
  SINCE JUL 1      T
  SNOW DEPTH       0

DEGREE DAYS
 HEATING
  YESTERDAY        7                        18    -11       32
  MONTH TO DATE  576                       521     55      591
  SINCE DEC 1   1017                      1052    -35     1150
  SINCE JUL 1   1421                      1423     -2     1561

 COOLING
  YESTERDAY        0                         0      0        0
  MONTH TO DATE    0                         0      0        0
  SINCE DEC 1      2                         7     -5       11
  SINCE JAN 1      0                         0      0        0
..................................................................


WIND (MPH)
  HIGHEST WIND SPEED    20   HIGHEST WIND DIRECTION     S (190)
  HIGHEST GUST SPEED    25   HIGHEST GUST DIRECTION     S (190)
  AVERAGE WIND SPEED     8.6


SKY COVER
  POSSIBLE SUNSHINE  MM
  AVERAGE SKY COVER 0.2


WEATHER CONDITIONS
 THE FOLLOWING WEATHER WAS RECORDED YESTERDAY.
  NO SIGNIFICANT WEATHER WAS OBSERVED.


RELATIVE HUMIDITY (PERCENT)
 HIGHEST    86           400 AM
 LOWEST     31           100 PM
 AVERAGE    59

..........................................................


THE SHREVEPORT CLIMATE NORMALS FOR TODAY
                         NORMAL    RECORD    YEAR
 MAXIMUM TEMPERATURE (F)   58        82      1975
 MINIMUM TEMPERATURE (F)   37        17      1900


SUNRISE AND SUNSET
JANUARY 29 2015.......SUNRISE   712 AM CST   SUNSET   545 PM CST
JANUARY 30 2015.......SUNRISE   711 AM CST   SUNSET   546 PM CST


-  INDICATES NEGATIVE NUMBERS.
R  INDICATES RECORD WAS SET OR TIED.
MM INDICATES DATA IS MISSING.
T  INDICATES TRACE AMOUNT.




$$
