000
CDUS44 KSHV 270731
CLISHV


CLIMATE REPORT
NATIONAL WEATHER SERVICE SHREVEPORT, LA
231 AM CDT TUE JUN 27 2017


...................................

...THE SHREVEPORT CLIMATE SUMMARY FOR JUNE 26 2017...

CLIMATE NORMAL PERIOD 1981 TO 2010
CLIMATE RECORD PERIOD 1874 TO 2017


WEATHER ITEM   OBSERVED TIME   RECORD YEAR NORMAL DEPARTURE LAST
                VALUE   (LST)  VALUE       VALUE  FROM      YEAR
                                                  NORMAL
..................................................................
TEMPERATURE (F)
 YESTERDAY
  MAXIMUM         88    346 PM 101    2012  92     -4       94
                                      1875
  MINIMUM         66    211 AM  60    1974  71     -5       78
  AVERAGE         77                        82     -5       86

PRECIPITATION (IN)
  YESTERDAY        0.00          4.04 1958   0.17  -0.17     0.42
  MONTH TO DATE    3.05                      4.74  -1.69     4.37
  SINCE DEC 1     23.64                     31.72  -8.08    41.49
  SINCE JAN 1     20.50                     26.95  -6.45    38.60

SNOWFALL (IN)
  YESTERDAY        0.0
  MONTH TO DATE    0.0
  SINCE JUN 1      0.0
  SINCE JUL 1      0.0
  SNOW DEPTH       0

DEGREE DAYS
 HEATING
  YESTERDAY        0                         0      0        0
  MONTH TO DATE    0                         0      0        0
  SINCE JUN 1      0                         0      0        0
  SINCE JUL 1   1201                      2226  -1025     1451

 COOLING
  YESTERDAY       12                        17     -5       21
  MONTH TO DATE  381                       377      4      446
  SINCE JUN 1    381                       377      4      446
  SINCE JAN 1    923                       775    148      906
..................................................................


WIND (MPH)
  HIGHEST WIND SPEED    13   HIGHEST WIND DIRECTION     E (70)
  HIGHEST GUST SPEED    17   HIGHEST GUST DIRECTION     E (70)
  AVERAGE WIND SPEED     4.1


SKY COVER
  POSSIBLE SUNSHINE  MM
  AVERAGE SKY COVER 0.6


WEATHER CONDITIONS
 THE FOLLOWING WEATHER WAS RECORDED YESTERDAY.
  NO SIGNIFICANT WEATHER WAS OBSERVED.


RELATIVE HUMIDITY (PERCENT)
 HIGHEST   100          1200 AM
 LOWEST     43           400 PM
 AVERAGE    72

..........................................................


THE SHREVEPORT CLIMATE NORMALS FOR TODAY
                         NORMAL    RECORD    YEAR
 MAXIMUM TEMPERATURE (F)   92       102      2009
                                             1875
 MINIMUM TEMPERATURE (F)   72        57      1974


SUNRISE AND SUNSET
JUNE 27 2017..........SUNRISE   610 AM CDT   SUNSET   826 PM CDT
JUNE 28 2017..........SUNRISE   611 AM CDT   SUNSET   827 PM CDT


-  INDICATES NEGATIVE NUMBERS.
R  INDICATES RECORD WAS SET OR TIED.
MM INDICATES DATA IS MISSING.
T  INDICATES TRACE AMOUNT.




$$
