000
CDUS44 KSHV 120855
CLISHV


CLIMATE REPORT
NATIONAL WEATHER SERVICE SHREVEPORT, LA
242 AM CST FRI FEB 12 2016


...................................

...THE SHREVEPORT CLIMATE SUMMARY FOR FEBRUARY 11 2016...

CLIMATE NORMAL PERIOD 1981 TO 2010
CLIMATE RECORD PERIOD 1874 TO 2016


WEATHER ITEM   OBSERVED TIME   RECORD YEAR NORMAL DEPARTURE LAST
                VALUE   (LST)  VALUE       VALUE  FROM      YEAR
                                                  NORMAL
..................................................................
TEMPERATURE (F)
 YESTERDAY
  MAXIMUM         79    429 PM  81    1999  61     18       70
  MINIMUM         51   1159 PM  13    1899  39     12       40
  AVERAGE         65                        50     15       55

PRECIPITATION (IN)
  YESTERDAY        0.00          3.08 1977   0.18  -0.18     0.00
  MONTH TO DATE    T                         1.85  -1.85     0.38
  SINCE DEC 1      5.76                     10.82  -5.06    11.58
  SINCE JAN 1      2.87                      6.05  -3.18     7.83

SNOWFALL (IN)
  YESTERDAY        0.0
  MONTH TO DATE    0.0
  SINCE DEC 1      T
  SINCE JUL 1      T
  SNOW DEPTH       0

DEGREE DAYS
 HEATING
  YESTERDAY        0                        16    -16       10
  MONTH TO DATE  149                       181    -32      166
  SINCE DEC 1    976                      1282   -306     1215
  SINCE JUL 1   1153                      1653   -500     1619

 COOLING
  YESTERDAY        0                         0      0        0
  MONTH TO DATE    3                         0      3        0
  SINCE DEC 1     45                        11     34        2
  SINCE JAN 1      9                         4      5        0
..................................................................


WIND (MPH)
  HIGHEST WIND SPEED    20   HIGHEST WIND DIRECTION     W (250)
  HIGHEST GUST SPEED    25   HIGHEST GUST DIRECTION    SW (220)
  AVERAGE WIND SPEED    10.5


SKY COVER
  POSSIBLE SUNSHINE  MM
  AVERAGE SKY COVER 0.2


WEATHER CONDITIONS
 THE FOLLOWING WEATHER WAS RECORDED YESTERDAY.
  NO SIGNIFICANT WEATHER WAS OBSERVED.


RELATIVE HUMIDITY (PERCENT)
 HIGHEST    63           600 AM
 LOWEST     19           200 PM
 AVERAGE    41

..........................................................


THE SHREVEPORT CLIMATE NORMALS FOR TODAY
                         NORMAL    RECORD    YEAR
 MAXIMUM TEMPERATURE (F)   61        82      1962
 MINIMUM TEMPERATURE (F)   39        -5      1899


SUNRISE AND SUNSET
FEBRUARY 12 2016......SUNRISE   701 AM CST   SUNSET   558 PM CST
FEBRUARY 13 2016......SUNRISE   700 AM CST   SUNSET   559 PM CST


-  INDICATES NEGATIVE NUMBERS.
R  INDICATES RECORD WAS SET OR TIED.
MM INDICATES DATA IS MISSING.
T  INDICATES TRACE AMOUNT.




$$
