000
CDUS44 KSHV 302245
CLISHV


CLIMATE REPORT
NATIONAL WEATHER SERVICE SHREVEPORT, LA
545 PM CDT MON MAR 30 2015


...................................

...THE SHREVEPORT CLIMATE SUMMARY FOR MARCH 30 2015...
VALID TODAY AS OF 0500 PM LOCAL TIME.

CLIMATE NORMAL PERIOD 1981 TO 2010
CLIMATE RECORD PERIOD 1874 TO 2015


WEATHER ITEM   OBSERVED TIME   RECORD YEAR NORMAL DEPARTURE LAST
                VALUE   (LST)  VALUE       VALUE  FROM      YEAR
                                                  NORMAL
..................................................................
TEMPERATURE (F)
 TODAY
  MAXIMUM         74    359 PM  91    1946  73      1       76
  MINIMUM         61    504 AM  32    1987  49     12       44
  AVERAGE         68                        61      7       60

PRECIPITATION (IN)
  TODAY            0.00          3.72 1932   0.14  -0.14     0.00
  MONTH TO DATE    8.02                      3.99   4.03     4.02
  SINCE DEC 1     23.50                     17.71   5.79    12.44
  SINCE JAN 1     19.75                     12.94   6.81     7.46

SNOWFALL (IN)
  TODAY            0.0
  MONTH TO DATE    0.4
  SINCE MAR 1      0.4
  SINCE JUL 1      4.5
  SNOW DEPTH       0

DEGREE DAYS
 HEATING
  TODAY            0                         5     -5        5
  MONTH TO DATE  254                       245      9      320
  SINCE MAR 1    254                       245      9      320
  SINCE JUL 1   2254                      2127    127     2431

 COOLING
  TODAY            3                         2      1        0
  MONTH TO DATE   19                        29    -10       13
  SINCE MAR 1     19                        29    -10       13
  SINCE JAN 1     19                        39    -20       19
..................................................................


WIND (MPH)
  HIGHEST WIND SPEED    12   HIGHEST WIND DIRECTION    SW (210)
  HIGHEST GUST SPEED    17   HIGHEST GUST DIRECTION     S (190)
  AVERAGE WIND SPEED     4.7


SKY COVER
  POSSIBLE SUNSHINE  MM
  AVERAGE SKY COVER 0.8


WEATHER CONDITIONS
 THE FOLLOWING WEATHER WAS RECORDED TODAY.
  NO SIGNIFICANT WEATHER WAS OBSERVED.


RELATIVE HUMIDITY (PERCENT)
 HIGHEST    93           600 AM
 LOWEST     68           200 PM
 AVERAGE    81

..........................................................


THE SHREVEPORT CLIMATE NORMALS FOR TOMORROW
                         NORMAL    RECORD    YEAR
 MAXIMUM TEMPERATURE (F)   74        92      1974
 MINIMUM TEMPERATURE (F)   49        24      1987


SUNRISE AND SUNSET
MARCH 30 2015.........SUNRISE   706 AM CDT   SUNSET   734 PM CDT
MARCH 31 2015.........SUNRISE   705 AM CDT   SUNSET   734 PM CDT


-  INDICATES NEGATIVE NUMBERS.
R  INDICATES RECORD WAS SET OR TIED.
MM INDICATES DATA IS MISSING.
T  INDICATES TRACE AMOUNT.




$$
