000
CDUS44 KSHV 272236
CLISHV


CLIMATE REPORT
NATIONAL WEATHER SERVICE SHREVEPORT, LA
432 PM CST MON FEB 27 2017


...................................

...THE SHREVEPORT CLIMATE SUMMARY FOR FEBRUARY 27 2017...
VALID TODAY AS OF 0400 PM LOCAL TIME.

CLIMATE NORMAL PERIOD 1981 TO 2010
CLIMATE RECORD PERIOD 1874 TO 2017


WEATHER ITEM   OBSERVED TIME   RECORD YEAR NORMAL DEPARTURE LAST
                VALUE   (LST)  VALUE       VALUE  FROM      YEAR
                                                  NORMAL
..................................................................
TEMPERATURE (F)
 TODAY
  MAXIMUM         70    359 PM  85    1918  65      5       72
  MINIMUM         58    732 AM  20    2002  43     15       34
  AVERAGE         64                        54     10       53

PRECIPITATION (IN)
  TODAY            0.15          1.71 1933   0.15   0.00     0.00
  MONTH TO DATE    1.58                      4.59  -3.01     2.15
  SINCE DEC 1      7.28                     13.56  -6.28     7.91
  SINCE JAN 1      4.14                      8.79  -4.65     5.02

SNOWFALL (IN)
  TODAY            0.0
  MONTH TO DATE    0.0
  SINCE DEC 1      0.0
  SINCE JUL 1      0.0
  SNOW DEPTH       0

DEGREE DAYS
 HEATING
  TODAY            1                        12    -11       12
  MONTH TO DATE  160                       398   -238      293
  SINCE DEC 1    878                      1499   -621     1120
  SINCE JUL 1   1032                      1870   -838     1297

 COOLING
  TODAY            0                         0      0        0
  MONTH TO DATE   38                         0     38       12
  SINCE DEC 1     85                        11     74       54
  SINCE JAN 1     60                         4     56       18
..................................................................


WIND (MPH)
  HIGHEST WIND SPEED    17   HIGHEST WIND DIRECTION     S (190)
  HIGHEST GUST SPEED    27   HIGHEST GUST DIRECTION     S (200)
  AVERAGE WIND SPEED     9.3


SKY COVER
  POSSIBLE SUNSHINE  MM
  AVERAGE SKY COVER 1.0


WEATHER CONDITIONS
 THE FOLLOWING WEATHER WAS RECORDED TODAY.
  THUNDERSTORM
  RAIN
  LIGHT RAIN
  FOG


RELATIVE HUMIDITY (PERCENT)
 HIGHEST   100          1000 AM
 LOWEST     78          1200 AM
 AVERAGE    89

..........................................................


THE SHREVEPORT CLIMATE NORMALS FOR TOMORROW
                         NORMAL    RECORD    YEAR
 MAXIMUM TEMPERATURE (F)   65        85      1932
                                             1918
 MINIMUM TEMPERATURE (F)   43        20      2002


SUNRISE AND SUNSET
FEBRUARY 27 2017......SUNRISE   645 AM CST   SUNSET   611 PM CST
FEBRUARY 28 2017......SUNRISE   644 AM CST   SUNSET   612 PM CST


-  INDICATES NEGATIVE NUMBERS.
R  INDICATES RECORD WAS SET OR TIED.
MM INDICATES DATA IS MISSING.
T  INDICATES TRACE AMOUNT.




$$
