000
CDUS44 KSHV 160831
CLISHV


CLIMATE REPORT
NATIONAL WEATHER SERVICE SHREVEPORT, LA
231 AM CST SAT DEC 16 2017


...................................

...THE SHREVEPORT CLIMATE SUMMARY FOR DECEMBER 15 2017...

CLIMATE NORMAL PERIOD 1981 TO 2010
CLIMATE RECORD PERIOD 1874 TO 2017


WEATHER ITEM   OBSERVED TIME   RECORD YEAR NORMAL DEPARTURE LAST
                VALUE   (LST)  VALUE       VALUE  FROM      YEAR
                                                  NORMAL
..................................................................
TEMPERATURE (F)
 YESTERDAY
  MAXIMUM         55    331 PM  78    1984  58     -3       50
                                      1924
  MINIMUM         34    814 PM  16    1901  38     -4       37
  AVERAGE         45                        48     -3       44

PRECIPITATION (IN)
  YESTERDAY        0.00          2.02 1872   0.16  -0.16     0.00
  MONTH TO DATE    0.27                      2.40  -2.13     2.78
  SINCE DEC 1      0.27                      2.40  -2.13     2.78
  SINCE JAN 1     32.93                     49.04 -16.11    58.65

SNOWFALL (IN)
  YESTERDAY        0.0
  MONTH TO DATE    0.0
  SINCE DEC 1      0.0
  SINCE JUL 1      0.0
  SNOW DEPTH       0

DEGREE DAYS
 HEATING
  YESTERDAY       20                        17      3       21
  MONTH TO DATE  218                       238    -20      233
  SINCE DEC 1    218                       238    -20      233
  SINCE JUL 1    491                       609   -118      387

 COOLING
  YESTERDAY        0                         0      0        0
  MONTH TO DATE    3                         0      3        0
  SINCE DEC 1      3                         0      3        0
  SINCE JAN 1   2755                      2474    281     3009
..................................................................


WIND (MPH)
  HIGHEST WIND SPEED    15   HIGHEST WIND DIRECTION     N (360)
  HIGHEST GUST SPEED    19   HIGHEST GUST DIRECTION     N (10)
  AVERAGE WIND SPEED     3.3


SKY COVER
  POSSIBLE SUNSHINE  MM
  AVERAGE SKY COVER 0.8


WEATHER CONDITIONS
 THE FOLLOWING WEATHER WAS RECORDED YESTERDAY.
  NO SIGNIFICANT WEATHER WAS OBSERVED.


RELATIVE HUMIDITY (PERCENT)
 HIGHEST    82           900 PM
 LOWEST     35           300 PM
 AVERAGE    59

..........................................................


THE SHREVEPORT CLIMATE NORMALS FOR TODAY
                         NORMAL    RECORD    YEAR
 MAXIMUM TEMPERATURE (F)   58        81      1924
 MINIMUM TEMPERATURE (F)   37        15      1989


SUNRISE AND SUNSET
DECEMBER 16 2017......SUNRISE   710 AM CST   SUNSET   512 PM CST
DECEMBER 17 2017......SUNRISE   711 AM CST   SUNSET   512 PM CST


-  INDICATES NEGATIVE NUMBERS.
R  INDICATES RECORD WAS SET OR TIED.
MM INDICATES DATA IS MISSING.
T  INDICATES TRACE AMOUNT.




$$
