000
CDUS44 KSHV 230735
CLISHV


CLIMATE REPORT
NATIONAL WEATHER SERVICE SHREVEPORT, LA
234 AM CDT THU OCT 23 2014


...................................

...THE SHREVEPORT CLIMATE SUMMARY FOR OCTOBER 22 2014...

CLIMATE NORMAL PERIOD 1981 TO 2010
CLIMATE RECORD PERIOD 1874 TO 2014


WEATHER ITEM   OBSERVED TIME   RECORD YEAR NORMAL DEPARTURE LAST
                VALUE   (LST)  VALUE       VALUE  FROM      YEAR
                                                  NORMAL
..................................................................
TEMPERATURE (F)
 YESTERDAY
  MAXIMUM         79    210 PM  94    1939  76      3       72
  MINIMUM         54    638 AM  38    1911  53      1       53
                                      1898
                                      1885
  AVERAGE         67                        64      3       63

PRECIPITATION (IN)
  YESTERDAY        0.00          3.87 1957   0.18  -0.18      T
  MONTH TO DATE    5.71                      3.44   2.27     3.90
  SINCE DEC 1     37.89                     45.36  -7.47    45.83
  SINCE JAN 1     32.91                     40.59  -7.68    40.17

SNOWFALL (IN)
  YESTERDAY        0.0
  MONTH TO DATE    T
  SINCE SEP 1      T
  SINCE JUL 1      T
  SNOW DEPTH       0

DEGREE DAYS
 HEATING
  YESTERDAY        0                         3     -3        2
  MONTH TO DATE    6                        41    -35       26
  SINCE SEP 1      6                        47    -41       26
  SINCE JUL 1      6                        47    -41       26

 COOLING
  YESTERDAY        2                         3     -1        0
  MONTH TO DATE  130                       104     26      117
  SINCE SEP 1    570                       467    103      633
  SINCE JAN 1   2462                      2429     33     2678
..................................................................


WIND (MPH)
  HIGHEST WIND SPEED    15   HIGHEST WIND DIRECTION    NE (40)
  HIGHEST GUST SPEED    19   HIGHEST GUST DIRECTION    NE (50)
  AVERAGE WIND SPEED     5.2


SKY COVER
  POSSIBLE SUNSHINE  MM
  AVERAGE SKY COVER 0.0


WEATHER CONDITIONS
 THE FOLLOWING WEATHER WAS RECORDED YESTERDAY.
  FOG


RELATIVE HUMIDITY (PERCENT)
 HIGHEST   100           700 AM
 LOWEST     35           300 PM
 AVERAGE    68

..........................................................


THE SHREVEPORT CLIMATE NORMALS FOR TODAY
                         NORMAL    RECORD    YEAR
 MAXIMUM TEMPERATURE (F)   76        92      1939
 MINIMUM TEMPERATURE (F)   52        35      1952


SUNRISE AND SUNSET
OCTOBER 23 2014.......SUNRISE   725 AM CDT   SUNSET   633 PM CDT
OCTOBER 24 2014.......SUNRISE   726 AM CDT   SUNSET   632 PM CDT


-  INDICATES NEGATIVE NUMBERS.
R  INDICATES RECORD WAS SET OR TIED.
MM INDICATES DATA IS MISSING.
T  INDICATES TRACE AMOUNT.




$$
