000
CDUS46 KMFR 020836
CLISIY


CLIMATE REPORT
NATIONAL WEATHER SERVICE MEDFORD, OR
1236 AM PST FRI DEC 2 2016


...................................

...THE MONTAGUE CA CLIMATE SUMMARY FOR DECEMBER 1 2016...

CLIMATE NORMAL PERIOD 1981 TO 2010
CLIMATE RECORD PERIOD 1948 TO 2016


WEATHER ITEM   OBSERVED TIME   RECORD YEAR NORMAL DEPARTURE LAST
                VALUE   (LST)  VALUE       VALUE  FROM      YEAR
                                                  NORMAL
..................................................................
TEMPERATURE (F)
 YESTERDAY
  MAXIMUM         45    147 PM  59    2008  45      0       43
                                      1959
  MINIMUM         23   1156 PM  12    2007  26     -3       15
  AVERAGE         34                        36     -2       29

PRECIPITATION (IN)
  YESTERDAY        0.00          1.08 1960   0.07  -0.07     0.01
  MONTH TO DATE    0.00                      0.07  -0.07     0.01
  SINCE OCT 1      5.98                      4.24   1.74     1.02
  SINCE JAN 1     16.21                     15.88   0.33     8.24

SNOWFALL (IN)
  YESTERDAY       MM                        MM     MM       MM
  MONTH TO DATE   MM                        MM     MM       MM
  SINCE JUL 1     MM                        MM     MM       MM
  SNOW DEPTH      MM

DEGREE DAYS
 HEATING
  YESTERDAY       31                        29      2       36
  MONTH TO DATE   31                        29      2       36
  SINCE DEC 1     31                        29      2       36
  SINCE JUL 1   1161                      1335   -174     1119

 COOLING
  YESTERDAY        0                         0      0        0
  MONTH TO DATE    0                         0      0        0
  SINCE DEC 1      0                         0      0        0
  SINCE JAN 1    689                       544    145      922
..................................................................


WIND (MPH)
  HIGHEST WIND SPEED    18   HIGHEST WIND DIRECTION    NW (330)
  HIGHEST GUST SPEED    22   HIGHEST GUST DIRECTION     N (340)
  AVERAGE WIND SPEED     4.9


SKY COVER
  POSSIBLE SUNSHINE  MM
  AVERAGE SKY COVER 0.0


WEATHER CONDITIONS
 THE FOLLOWING WEATHER WAS RECORDED YESTERDAY.
  NO SIGNIFICANT WEATHER WAS OBSERVED.


RELATIVE HUMIDITY (PERCENT)
 HIGHEST    96           800 AM
 LOWEST     49           300 PM

..........................................................


THE MONTAGUE CA CLIMATE NORMALS FOR TODAY
                         NORMAL    RECORD    YEAR
 MAXIMUM TEMPERATURE (F)   45        59      1958
 MINIMUM TEMPERATURE (F)   26        15      2011


SUNRISE AND SUNSET
DECEMBER  2 2016......SUNRISE   719 AM PST   SUNSET   440 PM PST
DECEMBER  3 2016......SUNRISE   720 AM PST   SUNSET   439 PM PST


-  INDICATES NEGATIVE NUMBERS.
R  INDICATES RECORD WAS SET OR TIED.
MM INDICATES DATA IS MISSING.
T  INDICATES TRACE AMOUNT.




$$
