000
CDUS46 KMFR 200035
CLISIY


CLIMATE REPORT
NATIONAL WEATHER SERVICE MEDFORD, OR
535 PM PDT TUE SEP 19 2017


...................................

...THE MONTAGUE CA CLIMATE SUMMARY FOR SEPTEMBER 19 2017...
VALID TODAY AS OF 0500 PM LOCAL TIME.

CLIMATE NORMAL PERIOD 1981 TO 2010
CLIMATE RECORD PERIOD 1948 TO 2017


WEATHER ITEM   OBSERVED TIME   RECORD YEAR NORMAL DEPARTURE LAST
                VALUE   (LST)  VALUE       VALUE  FROM      YEAR
                                                  NORMAL
..................................................................
TEMPERATURE (F)
 TODAY
  MAXIMUM         61    156 PM  99    1952  81    -20       87
  MINIMUM         43    518 AM  32    1978  42      1       49
  AVERAGE         52                        61     -9       68

PRECIPITATION (IN)
  TODAY            T             0.45 1961   0.03  -0.03     0.00
  MONTH TO DATE    0.06                      0.30  -0.24      T
  SINCE OCT 1     15.97                     18.13  -2.16    15.14
  SINCE JAN 1      7.76                     11.30  -3.54    10.05

SNOWFALL (IN)
  TODAY           MM                        MM     MM       MM
  MONTH TO DATE   MM                        MM     MM       MM
  SINCE JUL 1     MM                        MM     MM       MM
  SNOW DEPTH      MM

DEGREE DAYS
 HEATING
  TODAY           13                         5      8        0
  MONTH TO DATE   39                        56    -17       45
  SINCE SEP 1     39                        56    -17       45
  SINCE JUL 1     39                        73    -34       58

 COOLING
  TODAY            0                         1     -1        3
  MONTH TO DATE   85                        35     50       21
  SINCE SEP 1     85                        35     50       21
  SINCE JAN 1    902                       536    366      675
..................................................................


WIND (MPH)
  HIGHEST WIND SPEED    15   HIGHEST WIND DIRECTION     W (290)
  HIGHEST GUST SPEED    20   HIGHEST GUST DIRECTION     W (250)
  AVERAGE WIND SPEED     4.2


SKY COVER
  POSSIBLE SUNSHINE  MM
  AVERAGE SKY COVER 0.8


WEATHER CONDITIONS
 THE FOLLOWING WEATHER WAS RECORDED TODAY.
  LIGHT RAIN


RELATIVE HUMIDITY (PERCENT)
 HIGHEST    83           500 AM
 LOWEST     40          1200 PM

..........................................................


THE MONTAGUE CA CLIMATE NORMALS FOR TOMORROW
                         NORMAL    RECORD    YEAR
 MAXIMUM TEMPERATURE (F)   80        97      1974
 MINIMUM TEMPERATURE (F)   42        32      2006
                                             1988


SUNRISE AND SUNSET
SEPTEMBER 19 2017.....SUNRISE   655 AM PDT   SUNSET   712 PM PDT
SEPTEMBER 20 2017.....SUNRISE   656 AM PDT   SUNSET   710 PM PDT


-  INDICATES NEGATIVE NUMBERS.
R  INDICATES RECORD WAS SET OR TIED.
MM INDICATES DATA IS MISSING.
T  INDICATES TRACE AMOUNT.




$$
