000
CDUS46 KMFR 290036
CLISIY


CLIMATE REPORT
NATIONAL WEATHER SERVICE MEDFORD, OR
436 PM PST WED JAN 28 2015


...................................

...THE MONTAGUE CA CLIMATE SUMMARY FOR JANUARY 28 2015...
VALID TODAY AS OF 0400 PM LOCAL TIME.

CLIMATE NORMAL PERIOD 1981 TO 2010
CLIMATE RECORD PERIOD 1948 TO 2015


WEATHER ITEM   OBSERVED TIME   RECORD YEAR NORMAL DEPARTURE LAST
                VALUE   (LST)  VALUE       VALUE  FROM      YEAR
                                                  NORMAL
..................................................................
TEMPERATURE (F)
 TODAY
  MAXIMUM         56    227 PM  59    2011  46     10       50
  MINIMUM         27    733 AM  -1    1957  26      1       37
  AVERAGE         42                        36      6       44

PRECIPITATION (IN)
  TODAY            0.00          1.73 1954   0.04  -0.04     0.03
  MONTH TO DATE    0.71                      2.08  -1.37     0.14
  SINCE OCT 1      6.62                      8.91  -2.29     0.78
  SINCE JAN 1      0.71                      2.08  -1.37     0.14

SNOWFALL (IN)
  TODAY           MM                        MM     MM       MM
  MONTH TO DATE   MM                        MM     MM       MM
  SINCE JUL 1     MM                        MM     MM        0.0
  SNOW DEPTH      MM

DEGREE DAYS
 HEATING
  TODAY           23                        29     -6       21
  MONTH TO DATE  735                       836   -101      845
  SINCE DEC 1   1468                      1763   -295     2003
  SINCE JUL 1   2473                      3069   -596     3323

 COOLING
  TODAY            0                         0      0        0
  MONTH TO DATE    0                         0      0        0
  SINCE DEC 1      0                         0      0        0
  SINCE JAN 1      0                         0      0        0
..................................................................


WIND (MPH)
  HIGHEST WIND SPEED     9   HIGHEST WIND DIRECTION    NE (30)
  HIGHEST GUST SPEED    10   HIGHEST GUST DIRECTION    NE (30)
  AVERAGE WIND SPEED     2.7


SKY COVER
  POSSIBLE SUNSHINE  MM
  AVERAGE SKY COVER 0.0


WEATHER CONDITIONS
 THE FOLLOWING WEATHER WAS RECORDED TODAY.
  NO SIGNIFICANT WEATHER WAS OBSERVED.


RELATIVE HUMIDITY (PERCENT)
 HIGHEST   100           300 AM
 LOWEST     51           300 PM

..........................................................


THE MONTAGUE CA CLIMATE NORMALS FOR TOMORROW
                         NORMAL    RECORD    YEAR
 MAXIMUM TEMPERATURE (F)   46        58      1995
 MINIMUM TEMPERATURE (F)   26        -7      1957


SUNRISE AND SUNSET
JANUARY 28 2015.......SUNRISE   726 AM PST   SUNSET   520 PM PST
JANUARY 29 2015.......SUNRISE   725 AM PST   SUNSET   521 PM PST


-  INDICATES NEGATIVE NUMBERS.
R  INDICATES RECORD WAS SET OR TIED.
MM INDICATES DATA IS MISSING.
T  INDICATES TRACE AMOUNT.




$$
