000
CDUS46 KMFR 210035
CLISIY


CLIMATE REPORT
NATIONAL WEATHER SERVICE MEDFORD, OR
535 PM PDT WED AUG 20 2014


...................................

...THE MONTAGUE CA CLIMATE SUMMARY FOR AUGUST 20 2014...
VALID TODAY AS OF 0500 PM LOCAL TIME.

CLIMATE NORMAL PERIOD 1981 TO 2010
CLIMATE RECORD PERIOD 1948 TO 2014


WEATHER ITEM   OBSERVED TIME   RECORD YEAR NORMAL DEPARTURE LAST
                VALUE   (LST)  VALUE       VALUE  FROM      YEAR
                                                  NORMAL
..................................................................
TEMPERATURE (F)
 TODAY
  MAXIMUM         89    304 PM 103    1967  89      0       95
  MINIMUM         56    557 AM  41    1974  51      5       56
  AVERAGE         73                        70      3       76

PRECIPITATION (IN)
  TODAY            0.00          1.02 1997   0.01  -0.01     0.00
  MONTH TO DATE    T                         0.30  -0.30     0.17
  SINCE SEP 1      7.55                     18.43 -10.88     8.82
  SINCE JAN 1      6.17                     10.96  -4.79     4.00

SNOWFALL (IN)
  TODAY           MM                        MM     MM       MM
  MONTH TO DATE   MM                        MM     MM       MM
  SINCE JUL 1     MM                        MM     MM       MM
  SNOW DEPTH      MM

DEGREE DAYS
 HEATING
  TODAY            0                         0      0        0
  MONTH TO DATE    0                         0      0        0
  SINCE JUN 1     46                        97    -51       70
  SINCE JUL 1      0                         4     -4        0

 COOLING
  TODAY            8                         5      3       11
  MONTH TO DATE  211                       144     67      134
  SINCE JUN 1    725                       444    281      621
  SINCE JAN 1    732                       457    275      633
..................................................................


WIND (MPH)
  HIGHEST WIND SPEED    21   HIGHEST WIND DIRECTION     N (10)
  HIGHEST GUST SPEED    29   HIGHEST GUST DIRECTION     N (20)
  AVERAGE WIND SPEED     6.0


SKY COVER
  POSSIBLE SUNSHINE  MM
  AVERAGE SKY COVER 0.0


WEATHER CONDITIONS
 THE FOLLOWING WEATHER WAS RECORDED TODAY.
  NO SIGNIFICANT WEATHER WAS OBSERVED.


RELATIVE HUMIDITY (PERCENT)
 HIGHEST    67           400 AM
 LOWEST     27           200 PM

..........................................................


THE MONTAGUE CA CLIMATE NORMALS FOR TOMORROW
                         NORMAL    RECORD    YEAR
 MAXIMUM TEMPERATURE (F)   89        99      1967
 MINIMUM TEMPERATURE (F)   51        42      2002


SUNRISE AND SUNSET
AUGUST 20 2014........SUNRISE   623 AM PDT   SUNSET   802 PM PDT
AUGUST 21 2014........SUNRISE   624 AM PDT   SUNSET   801 PM PDT


-  INDICATES NEGATIVE NUMBERS.
R  INDICATES RECORD WAS SET OR TIED.
MM INDICATES DATA IS MISSING.
T  INDICATES TRACE AMOUNT.




$$
