000
CDUS46 KMFR 300837
CLISIY


CLIMATE REPORT
NATIONAL WEATHER SERVICE MEDFORD, OR
136 AM PDT THU JUL 30 2015


...................................

...THE MONTAGUE CA CLIMATE SUMMARY FOR JULY 29 2015...

CLIMATE NORMAL PERIOD 1981 TO 2010
CLIMATE RECORD PERIOD 1948 TO 2015


WEATHER ITEM   OBSERVED TIME   RECORD YEAR NORMAL DEPARTURE LAST
                VALUE   (LST)  VALUE       VALUE  FROM      YEAR
                                                  NORMAL
..................................................................
TEMPERATURE (F)
 YESTERDAY
  MAXIMUM         99    507 PM 104    2009  93      6      101
                                      2003
                                      1968
  MINIMUM         56    547 AM  41    1950  55      1       61
  AVERAGE         78                        74      4       81

PRECIPITATION (IN)
  YESTERDAY        0.00          0.40 1996   0.02  -0.02     0.00
  MONTH TO DATE    0.80                      0.41   0.39     0.13
  SINCE OCT 1     13.12                     17.45  -4.33     6.80
  SINCE JAN 1      7.21                     10.62  -3.41     6.16

SNOWFALL (IN)
  YESTERDAY       MM                        MM     MM       MM
  MONTH TO DATE   MM                        MM     MM       MM
  SINCE JUL 1     MM                        MM     MM       MM
  SNOW DEPTH      MM

DEGREE DAYS
 HEATING
  YESTERDAY        0                         0      0        0
  MONTH TO DATE    0                         1     -1        0
  SINCE JUN 1     17                        94    -77       46
  SINCE JUL 1      0                         1     -1        0

 COOLING
  YESTERDAY       13                         9      4       16
  MONTH TO DATE  292                       224     68      402
  SINCE JUN 1    526                       282    244      485
  SINCE JAN 1    541                       295    246      492
..................................................................


WIND (MPH)
  HIGHEST WIND SPEED    15   HIGHEST WIND DIRECTION     N (360)
  HIGHEST GUST SPEED    42   HIGHEST GUST DIRECTION     N (340)
  AVERAGE WIND SPEED     5.4


SKY COVER
  POSSIBLE SUNSHINE  MM
  AVERAGE SKY COVER 0.0


WEATHER CONDITIONS
 THE FOLLOWING WEATHER WAS RECORDED YESTERDAY.
  NO SIGNIFICANT WEATHER WAS OBSERVED.


RELATIVE HUMIDITY (PERCENT)
 HIGHEST    47           500 AM
 LOWEST      8           500 PM

..........................................................


THE MONTAGUE CA CLIMATE NORMALS FOR TODAY
                         NORMAL    RECORD    YEAR
 MAXIMUM TEMPERATURE (F)   93       107      2003
                                             1988
 MINIMUM TEMPERATURE (F)   55        41      1995


SUNRISE AND SUNSET
JULY 30 2015..........SUNRISE   602 AM PDT   SUNSET   830 PM PDT
JULY 31 2015..........SUNRISE   603 AM PDT   SUNSET   829 PM PDT


-  INDICATES NEGATIVE NUMBERS.
R  INDICATES RECORD WAS SET OR TIED.
MM INDICATES DATA IS MISSING.
T  INDICATES TRACE AMOUNT.




$$
