000
CDUS46 KMFR 260036
CLISIY


CLIMATE REPORT
NATIONAL WEATHER SERVICE MEDFORD, OR
536 PM PDT WED MAY 25 2016


...................................

...THE MONTAGUE CA CLIMATE SUMMARY FOR MAY 25 2016...
VALID TODAY AS OF 0500 PM LOCAL TIME.

CLIMATE NORMAL PERIOD 1981 TO 2010
CLIMATE RECORD PERIOD 1948 TO 2016


WEATHER ITEM   OBSERVED TIME   RECORD YEAR NORMAL DEPARTURE LAST
                VALUE   (LST)  VALUE       VALUE  FROM      YEAR
                                                  NORMAL
..................................................................
TEMPERATURE (F)
 TODAY
  MAXIMUM         74    324 PM  95    1983  74      0       81
  MINIMUM         44    437 AM  32    1989  42      2       48
  AVERAGE         59                        58      1       65

PRECIPITATION (IN)
  TODAY            T             0.51 2011   0.02  -0.02     0.00
  MONTH TO DATE    0.78                      1.29  -0.51     0.92
  SINCE OCT 1     13.89                     16.20  -2.31    11.96
  SINCE JAN 1      8.80                      9.37  -0.57     6.05

SNOWFALL (IN)
  TODAY           MM                        MM     MM       MM
  MONTH TO DATE   MM                        MM     MM       MM
  SINCE JUL 1     MM                        MM     MM       MM
  SNOW DEPTH      MM

DEGREE DAYS
 HEATING
  TODAY            6                         8     -2        0
  MONTH TO DATE  182                       249    -67      214
  SINCE MAR 1   1126                      1470   -344     1194
  SINCE JUL 1   4543                      5347   -804     4336

 COOLING
  TODAY            0                         1     -1        0
  MONTH TO DATE    1                        10     -9        0
  SINCE MAR 1      1                        10     -9        0
  SINCE JAN 1      1                        10     -9        0
..................................................................


WIND (MPH)
  HIGHEST WIND SPEED    21   HIGHEST WIND DIRECTION     N (360)
  HIGHEST GUST SPEED    26   HIGHEST GUST DIRECTION     N (350)
  AVERAGE WIND SPEED     8.6


SKY COVER
  POSSIBLE SUNSHINE  MM
  AVERAGE SKY COVER 0.3


WEATHER CONDITIONS
 THE FOLLOWING WEATHER WAS RECORDED TODAY.
  LIGHT RAIN


RELATIVE HUMIDITY (PERCENT)
 HIGHEST    93           500 AM
 LOWEST     27           200 PM

..........................................................


THE MONTAGUE CA CLIMATE NORMALS FOR TOMORROW
                         NORMAL    RECORD    YEAR
 MAXIMUM TEMPERATURE (F)   75        93      1983
 MINIMUM TEMPERATURE (F)   42        31      1989


SUNRISE AND SUNSET
MAY 25 2016...........SUNRISE   541 AM PDT   SUNSET   833 PM PDT
MAY 26 2016...........SUNRISE   540 AM PDT   SUNSET   834 PM PDT


-  INDICATES NEGATIVE NUMBERS.
R  INDICATES RECORD WAS SET OR TIED.
MM INDICATES DATA IS MISSING.
T  INDICATES TRACE AMOUNT.




$$
