000
CDUS46 KMFR 300835
CLISIY


CLIMATE REPORT
NATIONAL WEATHER SERVICE MEDFORD, OR
135 AM PDT SAT MAY 30 2015


...................................

...THE MONTAGUE CA CLIMATE SUMMARY FOR MAY 29 2015...

CLIMATE NORMAL PERIOD 1981 TO 2010
CLIMATE RECORD PERIOD 1948 TO 2015


WEATHER ITEM   OBSERVED TIME   RECORD YEAR NORMAL DEPARTURE LAST
                VALUE   (LST)  VALUE       VALUE  FROM      YEAR
                                                  NORMAL
..................................................................
TEMPERATURE (F)
 YESTERDAY
  MAXIMUM         89    354 PM  98    1986  75     14       78
  MINIMUM         49    423 AM  30    1988  43      6       35
  AVERAGE         69                        59     10       57

PRECIPITATION (IN)
  YESTERDAY        0.00          0.46 1949   0.02  -0.02     0.00
  MONTH TO DATE    0.92                      1.38  -0.46     0.42
  SINCE OCT 1     11.96                     16.29  -4.33     6.47
  SINCE JAN 1      6.05                      9.46  -3.41     5.83

SNOWFALL (IN)
  YESTERDAY       MM                        MM     MM       MM
  MONTH TO DATE   MM                        MM     MM       MM
  SINCE JUL 1     MM                        MM     MM        0.0
  SNOW DEPTH      MM

DEGREE DAYS
 HEATING
  YESTERDAY        0                         7     -7        8
  MONTH TO DATE  217                       277    -60      212
  SINCE MAR 1   1197                      1498   -301     1180
  SINCE JUL 1   4339                      5375  -1036     5228

 COOLING
  YESTERDAY        4                         1      3        0
  MONTH TO DATE    6                        14     -8        5
  SINCE MAR 1      6                        14     -8        7
  SINCE JAN 1      6                        14     -8        7
..................................................................


WIND (MPH)
  HIGHEST WIND SPEED    14   HIGHEST WIND DIRECTION    NW (330)
  HIGHEST GUST SPEED    28   HIGHEST GUST DIRECTION     N (10)
  AVERAGE WIND SPEED     3.9


SKY COVER
  POSSIBLE SUNSHINE  MM
  AVERAGE SKY COVER 0.0


WEATHER CONDITIONS
 THE FOLLOWING WEATHER WAS RECORDED YESTERDAY.
  NO SIGNIFICANT WEATHER WAS OBSERVED.


RELATIVE HUMIDITY (PERCENT)
 HIGHEST    80           500 AM
 LOWEST     26           100 PM

..........................................................


THE MONTAGUE CA CLIMATE NORMALS FOR TODAY
                         NORMAL    RECORD    YEAR
 MAXIMUM TEMPERATURE (F)   75       101      1986
 MINIMUM TEMPERATURE (F)   43        24      1988


SUNRISE AND SUNSET
MAY 30 2015...........SUNRISE   539 AM PDT   SUNSET   837 PM PDT
MAY 31 2015...........SUNRISE   538 AM PDT   SUNSET   837 PM PDT


-  INDICATES NEGATIVE NUMBERS.
R  INDICATES RECORD WAS SET OR TIED.
MM INDICATES DATA IS MISSING.
T  INDICATES TRACE AMOUNT.




$$
