000
CDUS46 KMFR 310039
CLISIY


CLIMATE REPORT
NATIONAL WEATHER SERVICE MEDFORD, OR
539 PM PDT THU MAR 30 2017


...................................

...THE MONTAGUE CA CLIMATE SUMMARY FOR MARCH 30 2017...
VALID TODAY AS OF 0500 PM LOCAL TIME.

CLIMATE NORMAL PERIOD 1981 TO 2010
CLIMATE RECORD PERIOD 1948 TO 2017


WEATHER ITEM   OBSERVED TIME   RECORD YEAR NORMAL DEPARTURE LAST
                VALUE   (LST)  VALUE       VALUE  FROM      YEAR
                                                  NORMAL
..................................................................
TEMPERATURE (F)
 TODAY
  MAXIMUM         50    357 PM  79    1966  57     -7       65
  MINIMUM         37    740 AM  18    2009  30      7       29
                                      2008
  AVERAGE         44                        44      0       47

PRECIPITATION (IN)
  TODAY            0.05          1.05 1974   0.07  -0.02     0.00
  MONTH TO DATE    1.35                      2.23  -0.88     2.44
  SINCE OCT 1     13.87                     13.27   0.60    12.33
  SINCE JAN 1      5.66                      6.44  -0.78     7.24

SNOWFALL (IN)
  TODAY           MM                        MM     MM       MM
  MONTH TO DATE   MM                        MM     MM       MM
  SINCE JUL 1     MM                        MM     MM       MM
  SNOW DEPTH      MM

DEGREE DAYS
 HEATING
  TODAY           21                        21      0       18
  MONTH TO DATE  584                       663    -79      583
  SINCE MAR 1    584                       663    -79      583
  SINCE JUL 1   4481                      4540    -59     4000

 COOLING
  TODAY            0                         0      0        0
  MONTH TO DATE    0                         0      0        0
  SINCE MAR 1      0                         0      0        0
  SINCE JAN 1      0                         0      0        0
..................................................................


WIND (MPH)
  HIGHEST WIND SPEED    31   HIGHEST WIND DIRECTION     N (360)
  HIGHEST GUST SPEED    38   HIGHEST GUST DIRECTION     N (360)
  AVERAGE WIND SPEED    16.5


SKY COVER
  POSSIBLE SUNSHINE  MM
  AVERAGE SKY COVER 0.7


WEATHER CONDITIONS
 THE FOLLOWING WEATHER WAS RECORDED TODAY.
  RAIN
  LIGHT RAIN
  FOG


RELATIVE HUMIDITY (PERCENT)
 HIGHEST    92           600 AM
 LOWEST     46           400 PM

..........................................................


THE MONTAGUE CA CLIMATE NORMALS FOR TOMORROW
                         NORMAL    RECORD    YEAR
 MAXIMUM TEMPERATURE (F)   57        77      2002
 MINIMUM TEMPERATURE (F)   30        11      2008


SUNRISE AND SUNSET
MARCH 30 2017.........SUNRISE   655 AM PDT   SUNSET   734 PM PDT
MARCH 31 2017.........SUNRISE   654 AM PDT   SUNSET   735 PM PDT


-  INDICATES NEGATIVE NUMBERS.
R  INDICATES RECORD WAS SET OR TIED.
MM INDICATES DATA IS MISSING.
T  INDICATES TRACE AMOUNT.




$$
