000
CDUS46 KMTR 210045
CLISJC


CLIMATE REPORT
NATIONAL WEATHER SERVICE SAN FRANCISCO BAY AREA
445 PM PST SAT DEC 20 2014


...................................

...THE SAN JOSE CA CLIMATE SUMMARY FOR DECEMBER 20 2014...
VALID TODAY AS OF 0400 PM LOCAL TIME.

CLIMATE NORMAL PERIOD 1981 TO 2010
CLIMATE RECORD PERIOD 1893 TO 2014


WEATHER ITEM   OBSERVED TIME   RECORD YEAR NORMAL DEPARTURE LAST
                VALUE   (LST)  VALUE       VALUE  FROM      YEAR
                                                  NORMAL
..................................................................
TEMPERATURE (F)
 TODAY
  MAXIMUM         62    628 AM  72    1999  61      1       60
  MINIMUM         54    803 AM  27    1965  42     12       35
  AVERAGE         58                        51      7       48

PRECIPITATION (IN)
  TODAY            0.06          0.71 1988   0.08  -0.02     0.00
  MONTH TO DATE    7.70                      1.22   6.48     0.13
  SINCE JUL 1     10.25                      4.11   6.14     1.56
  SINCE JAN 1     15.04                     14.00   1.04     3.80

SNOWFALL (IN)
  TODAY            0.0           0.0  1947
  MONTH TO DATE    0.0
  SINCE DEC 1      0.0
  SINCE JUL 1      0.0

DEGREE DAYS
 HEATING
  TODAY            7                        14     -7       17
  MONTH TO DATE  167                       258    -91      371
  SINCE DEC 1    167                       258    -91      371
  SINCE JUL 1    451                       583   -132      751

 COOLING
  TODAY            0                         0      0        0
  MONTH TO DATE    0                         0      0        0
  SINCE DEC 1      0                         0      0        0
  SINCE JAN 1    685                       730    -45      549
..................................................................


WIND (MPH)
  RESULTANT WIND SPEED   1   RESULTANT WIND DIRECTION   S (160)
  HIGHEST WIND SPEED    10   HIGHEST WIND DIRECTION    SE (130)
  HIGHEST GUST SPEED    13   HIGHEST GUST DIRECTION    SE (140)
  AVERAGE WIND SPEED     1.9


SKY COVER
  POSSIBLE SUNSHINE  MM
  AVERAGE SKY COVER 0.9


WEATHER CONDITIONS
 THE FOLLOWING WEATHER WAS RECORDED TODAY.
  LIGHT RAIN
  FOG


RELATIVE HUMIDITY (PERCENT)
 HIGHEST   100           500 AM
 LOWEST     72           200 PM
 AVERAGE    86

..........................................................


THE SAN JOSE CA CLIMATE NORMALS FOR TOMORROW
                         NORMAL    RECORD    YEAR
 MAXIMUM TEMPERATURE (F)   61        70      1999
 MINIMUM TEMPERATURE (F)   42        25      1968


SUNRISE AND SUNSET
DECEMBER 20 2014......SUNRISE   718 AM PST   SUNSET   453 PM PST
DECEMBER 21 2014......SUNRISE   718 AM PST   SUNSET   454 PM PST


-  INDICATES NEGATIVE NUMBERS.
R  INDICATES RECORD WAS SET OR TIED.
MM INDICATES DATA IS MISSING.
T  INDICATES TRACE AMOUNT.




$$
