000
CDUS46 KMTR 270034
CLISJC


CLIMATE REPORT
NATIONAL WEATHER SERVICE SAN FRANCISCO BAY AREA
534 PM PDT TUE MAY 26 2015


...................................

...THE SAN JOSE CA CLIMATE SUMMARY FOR MAY 26 2015...
VALID TODAY AS OF 0500 PM LOCAL TIME.

CLIMATE NORMAL PERIOD 1981 TO 2010
CLIMATE RECORD PERIOD 1893 TO 2015


WEATHER ITEM   OBSERVED TIME   RECORD YEAR NORMAL DEPARTURE LAST
                VALUE   (LST)  VALUE       VALUE  FROM      YEAR
                                                  NORMAL
..................................................................
TEMPERATURE (F)
 TODAY
  MAXIMUM         69    220 PM  95    1896  77     -8       82
  MINIMUM         57    753 AM  40    1897  54      3       54
  AVERAGE         63                        65     -2       68

PRECIPITATION (IN)
  TODAY            0.00          0.40 1946   0.00   0.00     0.00
  MONTH TO DATE    0.50                      0.36   0.14      T
  SINCE OCT 1     13.26                     14.55  -1.29     5.68
  SINCE JAN 1      3.31                      9.77  -6.46     4.78

SNOWFALL (IN)
  TODAY            0.0           0.0  1947
  MONTH TO DATE    0.0
  SINCE MAR 1      0.0
  SINCE JUL 1      0.0

DEGREE DAYS
 HEATING
  TODAY            2                         2      0        0
  MONTH TO DATE  121                        74     47       45
  SINCE MAR 1    422                       515    -93      351
  SINCE JUL 1   1642                      1978   -336     1892

 COOLING
  TODAY            0                         2     -2        3
  MONTH TO DATE    6                        41    -35       59
  SINCE MAR 1     27                        60    -33       87
  SINCE JAN 1     27                        60    -33       87
..................................................................


WIND (MPH)
  RESULTANT WIND SPEED   4   RESULTANT WIND DIRECTION  NW (320)
  HIGHEST WIND SPEED    17   HIGHEST WIND DIRECTION    NW (320)
  HIGHEST GUST SPEED    23   HIGHEST GUST DIRECTION    NW (320)
  AVERAGE WIND SPEED     7.0


SKY COVER
  POSSIBLE SUNSHINE  MM
  AVERAGE SKY COVER 0.7


WEATHER CONDITIONS
 THE FOLLOWING WEATHER WAS RECORDED TODAY.
  NO SIGNIFICANT WEATHER WAS OBSERVED.


RELATIVE HUMIDITY (PERCENT)
 HIGHEST    80          1200 AM
 LOWEST     55           100 PM
 AVERAGE    68

..........................................................


THE SAN JOSE CA CLIMATE NORMALS FOR TOMORROW
                         NORMAL    RECORD    YEAR
 MAXIMUM TEMPERATURE (F)   77       101      1984
 MINIMUM TEMPERATURE (F)   54        41      1900


SUNRISE AND SUNSET
MAY 26 2015...........SUNRISE   551 AM PDT   SUNSET   818 PM PDT
MAY 27 2015...........SUNRISE   551 AM PDT   SUNSET   819 PM PDT


-  INDICATES NEGATIVE NUMBERS.
R  INDICATES RECORD WAS SET OR TIED.
MM INDICATES DATA IS MISSING.
T  INDICATES TRACE AMOUNT.




$$
