000
CDUS46 KMTR 300026
CLISJC


CLIMATE REPORT
NATIONAL WEATHER SERVICE SAN FRANCISCO BAY AREA
525 PM PDT SAT APR 29 2017


...................................

...THE SAN JOSE CA CLIMATE SUMMARY FOR APRIL 29 2017...
VALID TODAY AS OF 0500 PM LOCAL TIME.

CLIMATE NORMAL PERIOD 1981 TO 2010
CLIMATE RECORD PERIOD 1893 TO 2017


WEATHER ITEM   OBSERVED TIME   RECORD YEAR NORMAL DEPARTURE LAST
                VALUE   (LST)  VALUE       VALUE  FROM      YEAR
                                                  NORMAL
..................................................................
TEMPERATURE (F)
 TODAY
  MAXIMUM         79    329 PM  93    1981  72      7       71
  MINIMUM         53    253 AM  34    1897  50      3       51
  AVERAGE         66                        61      5       61

PRECIPITATION (IN)
  TODAY            0.00          0.95 1901   0.02  -0.02     0.00
  MONTH TO DATE    1.68                      1.15   0.53     1.53
  SINCE OCT 1     18.40                     14.96   3.44    14.59
  SINCE JAN 1     14.02                      9.87   4.15     9.89

SNOWFALL (IN)
  TODAY            0.0           0.0  1947
  MONTH TO DATE    0.0
  SINCE MAR 1      0.0
  SINCE JUL 1      0.0

DEGREE DAYS
 HEATING
  TODAY            0                         5     -5        4
  MONTH TO DATE  142                       191    -49      111
  SINCE MAR 1    357                       467   -110      316
  SINCE JUL 1   1788                      2132   -344     1686

 COOLING
  TODAY            1                         1      0        0
  MONTH TO DATE    1                        12    -11       29
  SINCE MAR 1      3                        14    -11       29
  SINCE JAN 1      3                        14    -11       29
..................................................................


WIND (MPH)
  RESULTANT WIND SPEED   7   RESULTANT WIND DIRECTION   W (290)
  HIGHEST WIND SPEED    18   HIGHEST WIND DIRECTION     W (290)
  HIGHEST GUST SPEED    30   HIGHEST GUST DIRECTION     W (280)
  AVERAGE WIND SPEED     8.4


SKY COVER
  POSSIBLE SUNSHINE  MM
  AVERAGE SKY COVER 0.0


WEATHER CONDITIONS
 THE FOLLOWING WEATHER WAS RECORDED TODAY.
  NO SIGNIFICANT WEATHER WAS OBSERVED.


RELATIVE HUMIDITY (PERCENT)
 HIGHEST    72          1200 AM
 LOWEST     21           300 PM
 AVERAGE    47

..........................................................


THE SAN JOSE CA CLIMATE NORMALS FOR TOMORROW
                         NORMAL    RECORD    YEAR
 MAXIMUM TEMPERATURE (F)   72        95      1996
 MINIMUM TEMPERATURE (F)   50        32      1896


SUNRISE AND SUNSET
APRIL 29 2017.........SUNRISE   615 AM PDT   SUNSET   756 PM PDT
APRIL 30 2017.........SUNRISE   613 AM PDT   SUNSET   757 PM PDT


-  INDICATES NEGATIVE NUMBERS.
R  INDICATES RECORD WAS SET OR TIED.
MM INDICATES DATA IS MISSING.
T  INDICATES TRACE AMOUNT.




$$
