000
CDUS46 KMTR 210025
CLISJC


CLIMATE REPORT
NATIONAL WEATHER SERVICE SAN FRANCISCO BAY AREA
425 PM PST MON FEB 20 2017


...................................

...THE SAN JOSE CA CLIMATE SUMMARY FOR FEBRUARY 20 2017...
VALID TODAY AS OF 0400 PM LOCAL TIME.

CLIMATE NORMAL PERIOD 1981 TO 2010
CLIMATE RECORD PERIOD 1893 TO 2017


WEATHER ITEM   OBSERVED TIME   RECORD YEAR NORMAL DEPARTURE LAST
                VALUE   (LST)  VALUE       VALUE  FROM      YEAR
                                                  NORMAL
..................................................................
TEMPERATURE (F)
 TODAY
  MAXIMUM         58   1246 PM  80    1896  63     -5       62
  MINIMUM         53   1252 AM  30    1897  45      8       48
  AVERAGE         56                        54      2       55

PRECIPITATION (IN)
  TODAY            1.59R         0.98 1914   0.11   1.48     0.00
  MONTH TO DATE    4.59                      2.22   2.37     0.31
  SINCE OCT 1     14.58                     10.38   4.20     9.10
  SINCE JAN 1     10.20                      5.29   4.91     4.40

SNOWFALL (IN)
  TODAY            0.0           0.0  1947
  MONTH TO DATE    0.0
  SINCE DEC 1      0.0
  SINCE JUL 1      0.0

DEGREE DAYS
 HEATING
  TODAY            9                        11     -2       10
  MONTH TO DATE  167                       244    -77      163
  SINCE DEC 1   1079                      1174    -95      957
  SINCE JUL 1   1302                      1581   -279     1322

 COOLING
  TODAY            0                         0      0        0
  MONTH TO DATE    0                         0      0        0
  SINCE DEC 1      0                         0      0        0
  SINCE JAN 1      0                         0      0        0
..................................................................


WIND (MPH)
  RESULTANT WIND SPEED   8   RESULTANT WIND DIRECTION   E (110)
  HIGHEST WIND SPEED    23   HIGHEST WIND DIRECTION     E (110)
  HIGHEST GUST SPEED    31   HIGHEST GUST DIRECTION    SE (130)
  AVERAGE WIND SPEED     9.0


SKY COVER
  POSSIBLE SUNSHINE  MM
  AVERAGE SKY COVER 1.0


WEATHER CONDITIONS
 THE FOLLOWING WEATHER WAS RECORDED TODAY.
  HEAVY RAIN
  RAIN
  LIGHT RAIN
  FOG


RELATIVE HUMIDITY (PERCENT)
 HIGHEST    93           500 AM
 LOWEST     83          1200 AM
 AVERAGE    88

..........................................................


THE SAN JOSE CA CLIMATE NORMALS FOR TOMORROW
                         NORMAL    RECORD    YEAR
 MAXIMUM TEMPERATURE (F)   63        76      1989
 MINIMUM TEMPERATURE (F)   45        25      1897


SUNRISE AND SUNSET
FEBRUARY 20 2017......SUNRISE   650 AM PST   SUNSET   553 PM PST
FEBRUARY 21 2017......SUNRISE   649 AM PST   SUNSET   554 PM PST


-  INDICATES NEGATIVE NUMBERS.
R  INDICATES RECORD WAS SET OR TIED.
MM INDICATES DATA IS MISSING.
T  INDICATES TRACE AMOUNT.




$$
