000
CDUS46 KMTR 230827
CLISJC


CLIMATE REPORT
NATIONAL WEATHER SERVICE SAN FRANCISCO BAY AREA
127 AM PDT THU MAR 23 2017


...................................

...THE SAN JOSE AIRPORT CLIMATE SUMMARY FOR MARCH 22 2017...

CLIMATE NORMAL PERIOD 1981 TO 2010
CLIMATE RECORD PERIOD 1893 TO 2017


WEATHER ITEM   OBSERVED TIME   RECORD YEAR NORMAL DEPARTURE LAST
                VALUE   (LST)  VALUE       VALUE  FROM      YEAR
                                                  NORMAL
..................................................................
TEMPERATURE (F)
 YESTERDAY
  MAXIMUM         61    210 PM  80    2000  66     -5       63
  MINIMUM         50   1128 PM  27    1897  47      3       46
  AVERAGE         56                        56      0       55

PRECIPITATION (IN)
  YESTERDAY        0.33          0.77 1975   0.07   0.26     0.06
  MONTH TO DATE    1.08                      1.98  -0.90     3.92
  SINCE OCT 1     16.34                     13.25   3.09    13.02
  SINCE JAN 1     11.96                      8.16   3.80     8.32

SNOWFALL (IN)
  YESTERDAY        0.0                       0.0    0.0     MM
  MONTH TO DATE    0.0                       0.0    0.0      0.0
  SINCE MAR 1      0.0                       0.0    0.0      0.0
  SINCE JUL 1      0.0                       0.0    0.0      0.0

DEGREE DAYS
 HEATING
  YESTERDAY        9                         9      0       10
  MONTH TO DATE  156                       204    -48      135
  SINCE MAR 1    156                       204    -48      135
  SINCE JUL 1   1587                      1869   -282     1505

 COOLING
  YESTERDAY        0                         0      0        0
  MONTH TO DATE    2                         0      2        0
  SINCE MAR 1      2                         0      2        0
  SINCE JAN 1      2                         0      2        0
..................................................................


WIND (MPH)
  RESULTANT WIND SPEED   8   RESULTANT WIND DIRECTION   W (290)
  HIGHEST WIND SPEED    21   HIGHEST WIND DIRECTION    NW (300)
  HIGHEST GUST SPEED    28   HIGHEST GUST DIRECTION    NW (310)
  AVERAGE WIND SPEED    10.4


SKY COVER
  POSSIBLE SUNSHINE  MM
  AVERAGE SKY COVER 0.7


WEATHER CONDITIONS
 THE FOLLOWING WEATHER WAS RECORDED YESTERDAY.
  RAIN
  LIGHT RAIN
  FOG


RELATIVE HUMIDITY (PERCENT)
 HIGHEST    96           300 AM
 LOWEST     55           400 PM
 AVERAGE    76

..........................................................


THE SAN JOSE AIRPORT CLIMATE NORMALS FOR TODAY
                         NORMAL    RECORD    YEAR
 MAXIMUM TEMPERATURE (F)   66        80      2000
 MINIMUM TEMPERATURE (F)   47        29      1894


SUNRISE AND SUNSET
MARCH 23 2017.........SUNRISE   706 AM PDT   SUNSET   723 PM PDT
MARCH 24 2017.........SUNRISE   705 AM PDT   SUNSET   724 PM PDT


-  INDICATES NEGATIVE NUMBERS.
R  INDICATES RECORD WAS SET OR TIED.
MM INDICATES DATA IS MISSING.
T  INDICATES TRACE AMOUNT.




$$
