000
CDUS46 KMTR 240836
CLISJC


CLIMATE REPORT
NATIONAL WEATHER SERVICE SAN FRANCISCO BAY AREA
136 AM PDT TUE MAY 24 2016


...................................

...THE SAN JOSE AIRPORT CLIMATE SUMMARY FOR MAY 23 2016...

CLIMATE NORMAL PERIOD 1981 TO 2010
CLIMATE RECORD PERIOD 1893 TO 2016


WEATHER ITEM   OBSERVED TIME   RECORD YEAR NORMAL DEPARTURE LAST
                VALUE   (LST)  VALUE       VALUE  FROM      YEAR
                                                  NORMAL
..................................................................
TEMPERATURE (F)
 YESTERDAY
  MAXIMUM         70    405 PM  99    1943  76     -6       68
  MINIMUM         50    538 AM  35    1895  54     -4       55
  AVERAGE         60                        65     -5       62

PRECIPITATION (IN)
  YESTERDAY        0.00          0.55 1997   0.01  -0.01     0.00
  MONTH TO DATE    0.32                      0.35  -0.03     0.50
  SINCE OCT 1     14.91                     14.54   0.37    13.26
  SINCE JAN 1     10.21                      9.76   0.45     3.31

SNOWFALL (IN)
  YESTERDAY        0.0                      MM     MM        0.0
  MONTH TO DATE    0.0                      MM     MM        0.0
  SINCE MAR 1      0.0                      MM     MM        0.0
  SINCE JUL 1      0.0                      MM     MM        0.0

DEGREE DAYS
 HEATING
  YESTERDAY        5                         2      3        3
  MONTH TO DATE   53                        68    -15      113
  SINCE MAR 1    370                       509   -139      414
  SINCE JUL 1   1740                      1972   -232     1634

 COOLING
  YESTERDAY        0                         2     -2        0
  MONTH TO DATE   25                        35    -10        6
  SINCE MAR 1     54                        54      0       27
  SINCE JAN 1     54                        54      0       27
..................................................................


WIND (MPH)
  RESULTANT WIND SPEED   7   RESULTANT WIND DIRECTION  NW (310)
  HIGHEST WIND SPEED    21   HIGHEST WIND DIRECTION    NW (300)
  HIGHEST GUST SPEED    25   HIGHEST GUST DIRECTION    NW (300)
  AVERAGE WIND SPEED     8.6


SKY COVER
  POSSIBLE SUNSHINE  MM
  AVERAGE SKY COVER 0.6


WEATHER CONDITIONS
 THE FOLLOWING WEATHER WAS RECORDED YESTERDAY.
  NO SIGNIFICANT WEATHER WAS OBSERVED.


RELATIVE HUMIDITY (PERCENT)
 HIGHEST    80           500 AM
 LOWEST     47           300 PM
 AVERAGE    64

..........................................................


THE SAN JOSE AIRPORT CLIMATE NORMALS FOR TODAY
                         NORMAL    RECORD    YEAR
 MAXIMUM TEMPERATURE (F)   76        96      1982
 MINIMUM TEMPERATURE (F)   54        37      1896


SUNRISE AND SUNSET
MAY 24 2016...........SUNRISE   552 AM PDT   SUNSET   818 PM PDT
MAY 25 2016...........SUNRISE   552 AM PDT   SUNSET   818 PM PDT


-  INDICATES NEGATIVE NUMBERS.
R  INDICATES RECORD WAS SET OR TIED.
MM INDICATES DATA IS MISSING.
T  INDICATES TRACE AMOUNT.




$$
