000
CDUS46 KMTR 180045
CLISJC


CLIMATE REPORT
NATIONAL WEATHER SERVICE SAN FRANCISCO BAY AREA
445 PM PST SAT FEB 17 2018


...................................

...THE SAN JOSE CA CLIMATE SUMMARY FOR FEBRUARY 17 2018...
VALID TODAY AS OF 0400 PM LOCAL TIME.

CLIMATE NORMAL PERIOD 1981 TO 2010
CLIMATE RECORD PERIOD 1893 TO 2018


WEATHER ITEM   OBSERVED TIME   RECORD YEAR NORMAL DEPARTURE LAST
                VALUE   (LST)  VALUE       VALUE  FROM      YEAR
                                                  NORMAL
..................................................................
TEMPERATURE (F)
 TODAY
  MAXIMUM         71    114 PM  75    1896  62      9       59
  MINIMUM         42    704 AM  29    1894  45     -3       53
  AVERAGE         57                        54      3       56

PRECIPITATION (IN)
  TODAY            0.00          1.10 2009   0.11  -0.11     0.95
  MONTH TO DATE    T                         1.88  -1.88     2.86
  SINCE OCT 1      4.77                     10.04  -5.27    12.85
  SINCE JAN 1      3.20                      4.95  -1.75     8.47

SNOWFALL (IN)
  TODAY            0.0           0.0  1947
  MONTH TO DATE    0.0
  SINCE DEC 1      0.0
  SINCE JUL 1      0.0

DEGREE DAYS
 HEATING
  TODAY            8                        11     -3        9
  MONTH TO DATE  104                       211   -107      132
  SINCE DEC 1    827                      1141   -314     1044
  SINCE JUL 1   1044                      1548   -504     1267

 COOLING
  TODAY            0                         0      0        0
  MONTH TO DATE    0                         0      0        0
  SINCE DEC 1      0                         0      0        0
  SINCE JAN 1      0                         0      0        0
..................................................................


WIND (MPH)
  RESULTANT WIND SPEED   1   RESULTANT WIND DIRECTION  NW (300)
  HIGHEST WIND SPEED    10   HIGHEST WIND DIRECTION    NW (310)
  HIGHEST GUST SPEED    10   HIGHEST GUST DIRECTION    NW (310)
  AVERAGE WIND SPEED     3.9


SKY COVER
  POSSIBLE SUNSHINE  MM
  AVERAGE SKY COVER 0.0


WEATHER CONDITIONS
 THE FOLLOWING WEATHER WAS RECORDED TODAY.
  NO SIGNIFICANT WEATHER WAS OBSERVED.


RELATIVE HUMIDITY (PERCENT)
 HIGHEST    66          1200 AM
 LOWEST     25           100 PM
 AVERAGE    46

..........................................................


THE SAN JOSE CA CLIMATE NORMALS FOR TOMORROW
                         NORMAL    RECORD    YEAR
 MAXIMUM TEMPERATURE (F)   63        76      1977
 MINIMUM TEMPERATURE (F)   45        31      1893


SUNRISE AND SUNSET
FEBRUARY 17 2018......SUNRISE   654 AM PST   SUNSET   550 PM PST
FEBRUARY 18 2018......SUNRISE   653 AM PST   SUNSET   551 PM PST


-  INDICATES NEGATIVE NUMBERS.
R  INDICATES RECORD WAS SET OR TIED.
MM INDICATES DATA IS MISSING.
T  INDICATES TRACE AMOUNT.




$$
