000
CDUS46 KMTR 170033
CLISJC


CLIMATE REPORT
NATIONAL WEATHER SERVICE SAN FRANCISCO BAY AREA
533 PM PDT MON OCT 16 2017


...................................

...THE SAN JOSE CA CLIMATE SUMMARY FOR OCTOBER 16 2017...
VALID TODAY AS OF 0500 PM LOCAL TIME.

CLIMATE NORMAL PERIOD 1981 TO 2010
CLIMATE RECORD PERIOD 1893 TO 2017


WEATHER ITEM   OBSERVED TIME   RECORD YEAR NORMAL DEPARTURE LAST
                VALUE   (LST)  VALUE       VALUE  FROM      YEAR
                                                  NORMAL
..................................................................
TEMPERATURE (F)
 TODAY
  MAXIMUM         85    352 PM  91    1961  74     11       68
  MINIMUM         52    525 AM  41    1965  53     -1       61
  AVERAGE         69                        63      6       65

PRECIPITATION (IN)
  TODAY            0.00          0.94 1984   0.03  -0.03     0.40
  MONTH TO DATE    0.00                      0.31  -0.31     0.44
  SINCE OCT 1      0.00                      0.31  -0.31     0.44
  SINCE JAN 1     14.08                     11.04   3.04    10.65

SNOWFALL (IN)
  TODAY            0.0           0.0  1947
  MONTH TO DATE    0.0
  SINCE SEP 1      0.0
  SINCE JUL 1      0.0

DEGREE DAYS
 HEATING
  TODAY            0                         3     -3        0
  MONTH TO DATE   16                        28    -12       18
  SINCE SEP 1     21                        41    -20       20
  SINCE JUL 1     21                        47    -26       20

 COOLING
  TODAY            4                         1      3        0
  MONTH TO DATE   33                        28      5       21
  SINCE SEP 1    297                       144    153      166
  SINCE JAN 1    942                       627    315      687
..................................................................


WIND (MPH)
  RESULTANT WIND SPEED   1   RESULTANT WIND DIRECTION  NW (320)
  HIGHEST WIND SPEED     9   HIGHEST WIND DIRECTION    NW (310)
  HIGHEST GUST SPEED    14   HIGHEST GUST DIRECTION    NW (330)
  AVERAGE WIND SPEED     2.5


SKY COVER
  POSSIBLE SUNSHINE  MM
  AVERAGE SKY COVER 0.4


WEATHER CONDITIONS
 THE FOLLOWING WEATHER WAS RECORDED TODAY.
  NO SIGNIFICANT WEATHER WAS OBSERVED.


RELATIVE HUMIDITY (PERCENT)
 HIGHEST    63           500 AM
 LOWEST     19           200 PM
 AVERAGE    41

..........................................................


THE SAN JOSE CA CLIMATE NORMALS FOR TOMORROW
                         NORMAL    RECORD    YEAR
 MAXIMUM TEMPERATURE (F)   74        94      1903
 MINIMUM TEMPERATURE (F)   52        31      1893


SUNRISE AND SUNSET
OCTOBER 16 2017.......SUNRISE   717 AM PDT   SUNSET   629 PM PDT
OCTOBER 17 2017.......SUNRISE   718 AM PDT   SUNSET   627 PM PDT


-  INDICATES NEGATIVE NUMBERS.
R  INDICATES RECORD WAS SET OR TIED.
MM INDICATES DATA IS MISSING.
T  INDICATES TRACE AMOUNT.




$$
