280
CDUS44 KSJT 210759
CLISJT


CLIMATE REPORT
NATIONAL WEATHER SERVICE SAN ANGELO TX
259 AM CDT SAT OCT 21 2017


...................................

...THE SAN ANGELO CLIMATE SUMMARY FOR OCTOBER 20 2017...

CLIMATE NORMAL PERIOD 1981 TO 2010
CLIMATE RECORD PERIOD 1907 TO 2017


WEATHER ITEM   OBSERVED TIME   RECORD YEAR NORMAL DEPARTURE LAST
                VALUE   (LST)  VALUE       VALUE  FROM      YEAR
                                                  NORMAL
..................................................................
TEMPERATURE (F)
 YESTERDAY
  MAXIMUM         82    317 PM  93    1940  78      4       78
  MINIMUM         58    215 AM  31    1916  53      5       48
  AVERAGE         70                        65      5       63

PRECIPITATION (IN)
  YESTERDAY        T             1.79 1983   0.10  -0.10     0.00
  MONTH TO DATE    0.79                      1.85  -1.06     1.49
  SINCE SEP 1      4.25                      4.31  -0.06     6.73
  SINCE JAN 1     16.35                     18.38  -2.03    32.25

SNOWFALL (IN)
  YESTERDAY        0.0           0.0  2002   0.0    0.0      0.0
  MONTH TO DATE    0.0                       0.0    0.0      0.0
  SINCE NOV 1      T                         2.2   -2.2      3.1
  SINCE JUL 1      0.0                       0.0    0.0      0.0
  SNOW DEPTH       0

DEGREE DAYS
 HEATING
  YESTERDAY        0                         3     -3        2
  MONTH TO DATE   22                        35    -13        6
  SINCE SEP 1     22                        44    -22        6
  SINCE JUL 1     22                        44    -22        6

 COOLING
  YESTERDAY        5                         3      2        0
  MONTH TO DATE  143                        93     50      172
  SINCE SEP 1    518                       422     96      571
  SINCE JAN 1   2792                      2458    334     2731
..................................................................


WIND (MPH)
  HIGHEST WIND SPEED    22   HIGHEST WIND DIRECTION     S (190)
  HIGHEST GUST SPEED    28   HIGHEST GUST DIRECTION     S (170)
  AVERAGE WIND SPEED     8.4


SKY COVER
  POSSIBLE SUNSHINE  MM
  AVERAGE SKY COVER 0.2


WEATHER CONDITIONS
 THE FOLLOWING WEATHER WAS RECORDED YESTERDAY.
  NO SIGNIFICANT WEATHER WAS OBSERVED.


RELATIVE HUMIDITY (PERCENT)
 HIGHEST    90           600 AM
 LOWEST     45           300 PM
 AVERAGE    68

..........................................................


THE SAN ANGELO CLIMATE NORMALS FOR TODAY
                         NORMAL    RECORD    YEAR
 MAXIMUM TEMPERATURE (F)   77        95      1914
 MINIMUM TEMPERATURE (F)   52        30      1911


SUNRISE AND SUNSET
OCTOBER 21 2017.......SUNRISE   749 AM CDT   SUNSET   703 PM CDT
OCTOBER 22 2017.......SUNRISE   750 AM CDT   SUNSET   702 PM CDT


-  INDICATES NEGATIVE NUMBERS.
R  INDICATES RECORD WAS SET OR TIED.
MM INDICATES DATA IS MISSING.
T  INDICATES TRACE AMOUNT.




$$
