000
CDUS44 KSJT 242335
CLISJT


CLIMATE REPORT
NATIONAL WEATHER SERVICE SAN ANGELO TX
534 PM CST WED DEC 24 2014


...................................

...THE SAN ANGELO CLIMATE SUMMARY FOR DECEMBER 24 2014...
VALID TODAY AS OF 0500 PM LOCAL TIME.

CLIMATE NORMAL PERIOD 1981 TO 2010
CLIMATE RECORD PERIOD 1907 TO 2014


WEATHER ITEM   OBSERVED TIME   RECORD YEAR NORMAL DEPARTURE LAST
                VALUE   (LST)  VALUE       VALUE  FROM      YEAR
                                                  NORMAL
..................................................................
TEMPERATURE (F)
 TODAY
  MAXIMUM         53    349 PM  87    1955  59     -6       60
  MINIMUM         34    809 AM   6    1983  33      1       29
  AVERAGE         44                        46     -2       45

PRECIPITATION (IN)
  TODAY            0.00          0.99 2010   0.02  -0.02     0.00
  MONTH TO DATE    0.31                      0.63  -0.32     1.15
  SINCE DEC 1      0.31                      0.63  -0.32     1.15
  SINCE JAN 1     16.66                     21.03  -4.37    19.80

SNOWFALL (IN)
  TODAY            0.0           0.0  2001   0.0    0.0      0.0
  MONTH TO DATE    0.0                       0.2   -0.2      1.5
  SINCE NOV 1      T                         0.5   -0.5      1.5
  SINCE JUL 1      T                         0.5   -0.5      1.5

DEGREE DAYS
 HEATING
  TODAY           21                        19      2       20
  MONTH TO DATE  240                       430   -190      462
  SINCE DEC 1    240                       430   -190      462
  SINCE JUL 1    610                       830   -220      938

 COOLING
  TODAY            0                         0      0        0
  MONTH TO DATE    1                         0      1        3
  SINCE DEC 1      1                         0      1        3
  SINCE JAN 1   2877                      2502    375     2863
..................................................................


WIND (MPH)
  HIGHEST WIND SPEED    25   HIGHEST WIND DIRECTION    NW (330)
  HIGHEST GUST SPEED    30   HIGHEST GUST DIRECTION     N (350)
  AVERAGE WIND SPEED    13.3


SKY COVER
  POSSIBLE SUNSHINE  MM
  AVERAGE SKY COVER 0.3


WEATHER CONDITIONS
 THE FOLLOWING WEATHER WAS RECORDED TODAY.
  NO SIGNIFICANT WEATHER WAS OBSERVED.


RELATIVE HUMIDITY (PERCENT)
 HIGHEST    82           800 AM
 LOWEST     30           400 PM
 AVERAGE    56

..........................................................


THE SAN ANGELO CLIMATE NORMALS FOR TOMORROW
                         NORMAL    RECORD    YEAR
 MAXIMUM TEMPERATURE (F)   59        79      1955
 MINIMUM TEMPERATURE (F)   33         5      1983


SUNRISE AND SUNSET
DECEMBER 24 2014......SUNRISE   738 AM CST   SUNSET   545 PM CST
DECEMBER 25 2014......SUNRISE   739 AM CST   SUNSET   546 PM CST


-  INDICATES NEGATIVE NUMBERS.
R  INDICATES RECORD WAS SET OR TIED.
MM INDICATES DATA IS MISSING.
T  INDICATES TRACE AMOUNT.




$$
