000
CDUS44 KSJT 270658
CLISJT


CLIMATE REPORT
NATIONAL WEATHER SERVICE SAN ANGELO TX
157 AM CDT WED MAY 27 2015


...................................

...THE SAN ANGELO CLIMATE SUMMARY FOR MAY 26 2015...

CLIMATE NORMAL PERIOD 1981 TO 2010
CLIMATE RECORD PERIOD 1907 TO 2015


WEATHER ITEM   OBSERVED TIME   RECORD YEAR NORMAL DEPARTURE LAST
                VALUE   (LST)  VALUE       VALUE  FROM      YEAR
                                                  NORMAL
..................................................................
TEMPERATURE (F)
 YESTERDAY
  MAXIMUM         91    328 PM 102    1973  89      2       83
  MINIMUM         61    240 AM  52    1947  65     -4       62
  AVERAGE         76                        77     -1       73

PRECIPITATION (IN)
  YESTERDAY        T             1.87 2014   0.11  -0.11     1.87
  MONTH TO DATE    7.84                      2.27   5.57     7.75
  SINCE MAR 1     11.32                      5.19   6.13     8.21
  SINCE JAN 1     13.58                      7.47   6.11     8.27

DEGREE DAYS
 HEATING
  YESTERDAY        0                         0      0        0
  MONTH TO DATE    8                         8      0       28
  SINCE MAR 1    338                       353    -15      377
  SINCE JUL 1   2185                      2314   -129     2497

 COOLING
  YESTERDAY       11                        12     -1        8
  MONTH TO DATE  227                       241    -14      289
  SINCE MAR 1    421                       392     29      539
  SINCE JAN 1    423                       397     26      542
..................................................................


WIND (MPH)
  HIGHEST WIND SPEED    25   HIGHEST WIND DIRECTION    SW (230)
  HIGHEST GUST SPEED    30   HIGHEST GUST DIRECTION    SW (230)
  AVERAGE WIND SPEED    11.5


SKY COVER
  POSSIBLE SUNSHINE  MM
  AVERAGE SKY COVER 0.2


WEATHER CONDITIONS
 THE FOLLOWING WEATHER WAS RECORDED YESTERDAY.
  THUNDERSTORM
  LIGHT RAIN


RELATIVE HUMIDITY (PERCENT)
 HIGHEST    93           200 AM
 LOWEST     38           300 PM
 AVERAGE    66

..........................................................


THE SAN ANGELO CLIMATE NORMALS FOR TODAY
                         NORMAL    RECORD    YEAR
 MAXIMUM TEMPERATURE (F)   89       108      2011
 MINIMUM TEMPERATURE (F)   65        53      1961


SUNRISE AND SUNSET
MAY 27 2015...........SUNRISE   640 AM CDT   SUNSET   839 PM CDT
MAY 28 2015...........SUNRISE   640 AM CDT   SUNSET   839 PM CDT


-  INDICATES NEGATIVE NUMBERS.
R  INDICATES RECORD WAS SET OR TIED.
MM INDICATES DATA IS MISSING.
T  INDICATES TRACE AMOUNT.




$$
