000
CDUS44 KSJT 290723
CLISJT


CLIMATE REPORT
NATIONAL WEATHER SERVICE SAN ANGELO TX
222 AM CDT THU SEP 29 2016


...................................

...THE SAN ANGELO CLIMATE SUMMARY FOR SEPTEMBER 28 2016...

CLIMATE NORMAL PERIOD 1981 TO 2010
CLIMATE RECORD PERIOD 1907 TO 2016


WEATHER ITEM   OBSERVED TIME   RECORD YEAR NORMAL DEPARTURE LAST
                VALUE   (LST)  VALUE       VALUE  FROM      YEAR
                                                  NORMAL
..................................................................
TEMPERATURE (F)
 YESTERDAY
  MAXIMUM         88    409 PM 102    2005  84      4       91
  MINIMUM         55    631 AM  37    1942  59     -4       57
                                      1908
  AVERAGE         72                        72      0       74

PRECIPITATION (IN)
  YESTERDAY        0.00          2.78 2012   0.08  -0.08     0.00
  MONTH TO DATE    5.24                      2.32   2.92     0.45
  SINCE SEP 1      5.24                      2.32   2.92     0.45
  SINCE JAN 1     30.76                     16.39  14.37    20.69

DEGREE DAYS
 HEATING
  YESTERDAY        0                         1     -1        0
  MONTH TO DATE    0                         6     -6        0
  SINCE SEP 1      0                         6     -6        0
  SINCE JUL 1      0                         6     -6        0

 COOLING
  YESTERDAY        7                         7      0        9
  MONTH TO DATE  396                       315     81      465
  SINCE SEP 1    396                       315     81      465
  SINCE JAN 1   2556                      2351    205     2680
..................................................................


WIND (MPH)
  HIGHEST WIND SPEED     9   HIGHEST WIND DIRECTION     N (20)
  HIGHEST GUST SPEED    14   HIGHEST GUST DIRECTION    NW (330)
  AVERAGE WIND SPEED     3.5


SKY COVER
  POSSIBLE SUNSHINE  MM
  AVERAGE SKY COVER 0.0


WEATHER CONDITIONS
 THE FOLLOWING WEATHER WAS RECORDED YESTERDAY.
  NO SIGNIFICANT WEATHER WAS OBSERVED.


RELATIVE HUMIDITY (PERCENT)
 HIGHEST    93           500 AM
 LOWEST     24           400 PM
 AVERAGE    59

..........................................................


THE SAN ANGELO CLIMATE NORMALS FOR TODAY
                         NORMAL    RECORD    YEAR
 MAXIMUM TEMPERATURE (F)   84       101      1977
 MINIMUM TEMPERATURE (F)   59        39      1908


SUNRISE AND SUNSET
SEPTEMBER 29 2016.....SUNRISE   735 AM CDT   SUNSET   729 PM CDT
SEPTEMBER 30 2016.....SUNRISE   735 AM CDT   SUNSET   728 PM CDT


-  INDICATES NEGATIVE NUMBERS.
R  INDICATES RECORD WAS SET OR TIED.
MM INDICATES DATA IS MISSING.
T  INDICATES TRACE AMOUNT.




$$
