000
CDUS44 KSJT 270845
CLISJT


CLIMATE REPORT
NATIONAL WEATHER SERVICE SAN ANGELO TX
345 AM CDT TUE JUN 27 2017


...................................

...THE SAN ANGELO CLIMATE SUMMARY FOR JUNE 26 2017...

CLIMATE NORMAL PERIOD 1981 TO 2010
CLIMATE RECORD PERIOD 1907 TO 2017


WEATHER ITEM   OBSERVED TIME   RECORD YEAR NORMAL DEPARTURE LAST
                VALUE   (LST)  VALUE       VALUE  FROM      YEAR
                                                  NORMAL
..................................................................
TEMPERATURE (F)
 YESTERDAY
  MAXIMUM         91    228 PM 108    2012  93     -2       82
                                      1994
                                      1918
  MINIMUM         68   1105 PM  51    1912  70     -2       69
  AVERAGE         80                        82     -2       76

PRECIPITATION (IN)
  YESTERDAY        0.01          1.66 2015   0.07  -0.06     0.60
  MONTH TO DATE    1.52                      2.36  -0.84     3.72
  SINCE JUN 1      1.52                      2.36  -0.84     3.72
  SINCE JAN 1      8.00                     10.38  -2.38    19.35

DEGREE DAYS
 HEATING
  YESTERDAY        0                         0      0        0
  MONTH TO DATE    0                         0      0        0
  SINCE JUN 1      0                         0      0        0
  SINCE JUL 1   1507                      2316   -809     1825

 COOLING
  YESTERDAY       15                        17     -2       11
  MONTH TO DATE  490                       395     95      383
  SINCE JUN 1    490                       395     95      383
  SINCE JAN 1   1066                       855    211      794
..................................................................


WIND (MPH)
  HIGHEST WIND SPEED    22   HIGHEST WIND DIRECTION     N (340)
  HIGHEST GUST SPEED    25   HIGHEST GUST DIRECTION     N (340)
  AVERAGE WIND SPEED     6.5


SKY COVER
  POSSIBLE SUNSHINE  MM
  AVERAGE SKY COVER 0.2


WEATHER CONDITIONS
 THE FOLLOWING WEATHER WAS RECORDED YESTERDAY.
  LIGHT RAIN


RELATIVE HUMIDITY (PERCENT)
 HIGHEST    90           500 AM
 LOWEST     43           300 PM
 AVERAGE    67

..........................................................


THE SAN ANGELO CLIMATE NORMALS FOR TODAY
                         NORMAL    RECORD    YEAR
 MAXIMUM TEMPERATURE (F)   94       109      1994
 MINIMUM TEMPERATURE (F)   70        48      1912


SUNRISE AND SUNSET
JUNE 27 2017..........SUNRISE   640 AM CDT   SUNSET   850 PM CDT
JUNE 28 2017..........SUNRISE   640 AM CDT   SUNSET   850 PM CDT


-  INDICATES NEGATIVE NUMBERS.
R  INDICATES RECORD WAS SET OR TIED.
MM INDICATES DATA IS MISSING.
T  INDICATES TRACE AMOUNT.




$$
