000
CDUS44 KSJT 300755
CLISJT


CLIMATE REPORT
NATIONAL WEATHER SERVICE SAN ANGELO TX
252 AM CDT SUN APR 30 2017


...................................

...THE SAN ANGELO CLIMATE SUMMARY FOR APRIL 29 2017...

CLIMATE NORMAL PERIOD 1981 TO 2010
CLIMATE RECORD PERIOD 1907 TO 2017


WEATHER ITEM   OBSERVED TIME   RECORD YEAR NORMAL DEPARTURE LAST
                VALUE   (LST)  VALUE       VALUE  FROM      YEAR
                                                  NORMAL
..................................................................
TEMPERATURE (F)
 YESTERDAY
  MAXIMUM         79   1234 AM 101    2002  84     -5       88
  MINIMUM         50   1159 PM  38    1998  56     -6       54
                                      1965
  AVERAGE         65                        70     -5       71

PRECIPITATION (IN)
  YESTERDAY        T             1.20 1931   0.06  -0.06     0.00
  MONTH TO DATE    1.46                      1.36   0.10     5.10
  SINCE MAR 1      1.71                      2.86  -1.15     8.43
  SINCE JAN 1      4.42                      5.14  -0.72     9.23

SNOWFALL (IN)
  YESTERDAY        0.0           0.0  2002   0.0    0.0      0.0
  MONTH TO DATE    T                         0.0    0.0      0.0
  SINCE NOV 1      T                         2.2   -2.2      3.1
  SINCE JUL 1      T                         2.2   -2.2      3.1
  SNOW DEPTH       0

DEGREE DAYS
 HEATING
  YESTERDAY        0                         1     -1        0
  MONTH TO DATE   48                        87    -39       55
  SINCE MAR 1    168                       344   -176      210
  SINCE JUL 1   1492                      2305   -813     1803

 COOLING
  YESTERDAY        0                         6     -6        6
  MONTH TO DATE  157                       111     46       79
  SINCE MAR 1    274                       144    130      121
  SINCE JAN 1    301                       149    152      131
..................................................................


WIND (MPH)
  HIGHEST WIND SPEED    32   HIGHEST WIND DIRECTION    NW (300)
  HIGHEST GUST SPEED    41   HIGHEST GUST DIRECTION    NW (300)
  AVERAGE WIND SPEED    16.9


SKY COVER
  POSSIBLE SUNSHINE  MM
  AVERAGE SKY COVER 0.7


WEATHER CONDITIONS
 THE FOLLOWING WEATHER WAS RECORDED YESTERDAY.
  LIGHT RAIN
  HAZE


RELATIVE HUMIDITY (PERCENT)
 HIGHEST    69           300 AM
 LOWEST     37           500 PM
 AVERAGE    53

..........................................................


THE SAN ANGELO CLIMATE NORMALS FOR TODAY
                         NORMAL    RECORD    YEAR
 MAXIMUM TEMPERATURE (F)   84       100      2002
                                             1948
 MINIMUM TEMPERATURE (F)   56        32      1908


SUNRISE AND SUNSET
APRIL 30 2017.........SUNRISE   658 AM CDT   SUNSET   821 PM CDT
MAY  1 2017...........SUNRISE   657 AM CDT   SUNSET   822 PM CDT


-  INDICATES NEGATIVE NUMBERS.
R  INDICATES RECORD WAS SET OR TIED.
MM INDICATES DATA IS MISSING.
T  INDICATES TRACE AMOUNT.




$$
