000
CDUS44 KSJT 252228
CLISJT


CLIMATE REPORT
NATIONAL WEATHER SERVICE SAN ANGELO TX
527 PM CDT THU AUG 25 2016


...................................

...THE SAN ANGELO CLIMATE SUMMARY FOR AUGUST 25 2016...
VALID TODAY AS OF 0500 PM LOCAL TIME.

CLIMATE NORMAL PERIOD 1981 TO 2010
CLIMATE RECORD PERIOD 1907 TO 2016


WEATHER ITEM   OBSERVED TIME   RECORD YEAR NORMAL DEPARTURE LAST
                VALUE   (LST)  VALUE       VALUE  FROM      YEAR
                                                  NORMAL
..................................................................
TEMPERATURE (F)
 TODAY
  MAXIMUM         96    345 PM 105    1924  94      2       98
  MINIMUM         71    653 AM  58    1926  70      1       74
                                      1916
  AVERAGE         84                        82      2       86

PRECIPITATION (IN)
  TODAY            0.00          4.95 1911   0.09  -0.09     0.00
  MONTH TO DATE    2.87                      1.68   1.19     1.28
  SINCE JUN 1      9.89                      5.47   4.42     5.38
  SINCE JAN 1     25.52                     13.49  12.03    20.24

DEGREE DAYS
 HEATING
  TODAY            0                         0      0        0
  MONTH TO DATE    0                         0      0        0
  SINCE JUN 1      0                         0      0        0
  SINCE JUL 1      0                         0      0        0

 COOLING
  TODAY           19                        17      2       21
  MONTH TO DATE  507                       455     52      568
  SINCE JUN 1   1654                      1482    172     1642
  SINCE JAN 1   2065                      1942    123     2109
..................................................................


WIND (MPH)
  HIGHEST WIND SPEED    16   HIGHEST WIND DIRECTION    SE (150)
  HIGHEST GUST SPEED    22   HIGHEST GUST DIRECTION    SE (150)
  AVERAGE WIND SPEED     7.4


SKY COVER
  POSSIBLE SUNSHINE  MM
  AVERAGE SKY COVER 0.1


WEATHER CONDITIONS
 THE FOLLOWING WEATHER WAS RECORDED TODAY.
  NO SIGNIFICANT WEATHER WAS OBSERVED.


RELATIVE HUMIDITY (PERCENT)
 HIGHEST    90           600 AM
 LOWEST     17           300 PM
 AVERAGE    54

..........................................................


THE SAN ANGELO CLIMATE NORMALS FOR TOMORROW
                         NORMAL    RECORD    YEAR
 MAXIMUM TEMPERATURE (F)   93       104      2002
                                             1922
 MINIMUM TEMPERATURE (F)   70        54      1926


SUNRISE AND SUNSET
AUGUST 25 2016........SUNRISE   714 AM CDT   SUNSET   813 PM CDT
AUGUST 26 2016........SUNRISE   715 AM CDT   SUNSET   812 PM CDT


-  INDICATES NEGATIVE NUMBERS.
R  INDICATES RECORD WAS SET OR TIED.
MM INDICATES DATA IS MISSING.
T  INDICATES TRACE AMOUNT.




$$
