000
CDUS44 KSJT 260753
CLISJT


CLIMATE REPORT
NATIONAL WEATHER SERVICE SAN ANGELO TX
152 AM CST WED NOV 26 2014


...................................

...THE SAN ANGELO CLIMATE SUMMARY FOR NOVEMBER 25 2014...

CLIMATE NORMAL PERIOD 1981 TO 2010
CLIMATE RECORD PERIOD 1907 TO 2014


WEATHER ITEM   OBSERVED TIME   RECORD YEAR NORMAL DEPARTURE LAST
                VALUE   (LST)  VALUE       VALUE  FROM      YEAR
                                                  NORMAL
..................................................................
TEMPERATURE (F)
 YESTERDAY
  MAXIMUM         63    319 PM  90    1965  65     -2       39
  MINIMUM         28    703 AM  19    1996  38    -10       32
  AVERAGE         46                        52     -6       36

PRECIPITATION (IN)
  YESTERDAY        0.00          0.52 1986   0.02  -0.02     0.01
  MONTH TO DATE    3.04                      1.00   2.04     0.81
  SINCE SEP 1      4.37                      6.19  -1.82     6.89
  SINCE JAN 1     16.35                     20.26  -3.91    18.65

SNOWFALL (IN)
  YESTERDAY        0.0           T    2007   0.0    0.0      0.0
                                      1980
  MONTH TO DATE    T                         0.2   -0.2       T
  SINCE NOV 1      T                         0.2   -0.2       T
  SINCE JUL 1      T                         0.2   -0.2       T
  SNOW DEPTH       0

DEGREE DAYS
 HEATING
  YESTERDAY       19                        14      5       29
  MONTH TO DATE  314                       236     78      293
  SINCE SEP 1    335                       327      8      375
  SINCE JUL 1    335                       327      8      375

 COOLING
  YESTERDAY        0                         0      0        0
  MONTH TO DATE   10                        15     -5        9
  SINCE SEP 1    614                       463    151      534
  SINCE JAN 1   2872                      2499    373     2860
..................................................................


WIND (MPH)
  HIGHEST WIND SPEED    21   HIGHEST WIND DIRECTION     W (260)
  HIGHEST GUST SPEED    24   HIGHEST GUST DIRECTION     W (260)
  AVERAGE WIND SPEED     7.3


SKY COVER
  POSSIBLE SUNSHINE  MM
  AVERAGE SKY COVER 0.0


WEATHER CONDITIONS
 THE FOLLOWING WEATHER WAS RECORDED YESTERDAY.
  NO SIGNIFICANT WEATHER WAS OBSERVED.


RELATIVE HUMIDITY (PERCENT)
 HIGHEST    85           500 AM
 LOWEST     17           400 PM
 AVERAGE    51

..........................................................


THE SAN ANGELO CLIMATE NORMALS FOR TODAY
                         NORMAL    RECORD    YEAR
 MAXIMUM TEMPERATURE (F)   64        85      1965
 MINIMUM TEMPERATURE (F)   38        19      1993


SUNRISE AND SUNSET
NOVEMBER 26 2014......SUNRISE   719 AM CST   SUNSET   539 PM CST
NOVEMBER 27 2014......SUNRISE   720 AM CST   SUNSET   539 PM CST


-  INDICATES NEGATIVE NUMBERS.
R  INDICATES RECORD WAS SET OR TIED.
MM INDICATES DATA IS MISSING.
T  INDICATES TRACE AMOUNT.




$$
