000
CDUS44 KSJT 170650
CLISJT


CLIMATE REPORT
NATIONAL WEATHER SERVICE SAN ANGELO TX
150 AM CDT THU APR 17 2014


...................................

...THE SAN ANGELO CLIMATE SUMMARY FOR APRIL 16 2014...

CLIMATE NORMAL PERIOD 1981 TO 2010
CLIMATE RECORD PERIOD 1907 TO 2014


WEATHER ITEM   OBSERVED TIME   RECORD YEAR NORMAL DEPARTURE LAST
                VALUE   (LST)  VALUE       VALUE  FROM      YEAR
                                                  NORMAL
..................................................................
TEMPERATURE (F)
 YESTERDAY
  MAXIMUM         79    438 PM  97    2006  80     -1       96
  MINIMUM         47    640 AM  31    1999  52     -5       69
  AVERAGE         63                        66     -3       83

PRECIPITATION (IN)
  YESTERDAY        0.00          3.06 1971   0.04  -0.04     0.00
  MONTH TO DATE    0.26                      0.68  -0.42     0.71
  SINCE MAR 1      0.31                      2.18  -1.87     0.72
  SINCE JAN 1      0.37                      4.46  -4.09     2.54

SNOWFALL (IN)
  YESTERDAY        0.0           0.0  2002   0.0    0.0      0.0
  MONTH TO DATE    0.0                       0.0    0.0       T
  SINCE NOV 1      1.6                       2.2   -0.6      2.8
  SINCE JUL 1      1.6                       2.2   -0.6      2.8
  SNOW DEPTH       0

DEGREE DAYS
 HEATING
  YESTERDAY        2                         3     -1        0
  MONTH TO DATE   61                        63     -2       59
  SINCE MAR 1    343                       320     23      246
  SINCE JUL 1   2463                      2281    182     1848

 COOLING
  YESTERDAY        0                         4     -4       18
  MONTH TO DATE   95                        47     48       96
  SINCE MAR 1    150                        80     70      159
  SINCE JAN 1    153                        85     68      171
..................................................................


WIND (MPH)
  HIGHEST WIND SPEED    25   HIGHEST WIND DIRECTION     S (190)
  HIGHEST GUST SPEED    32   HIGHEST GUST DIRECTION     S (190)
  AVERAGE WIND SPEED    14.0


SKY COVER
  POSSIBLE SUNSHINE  MM
  AVERAGE SKY COVER 0.0


WEATHER CONDITIONS
 THE FOLLOWING WEATHER WAS RECORDED YESTERDAY.
  NO SIGNIFICANT WEATHER WAS OBSERVED.


RELATIVE HUMIDITY (PERCENT)
 HIGHEST    40          1100 PM
 LOWEST     15           300 PM
 AVERAGE    28

..........................................................


THE SAN ANGELO CLIMATE NORMALS FOR TODAY
                         NORMAL    RECORD    YEAR
 MAXIMUM TEMPERATURE (F)   81        99      2006
 MINIMUM TEMPERATURE (F)   52        30      1947


SUNRISE AND SUNSET
APRIL 17 2014.........SUNRISE   712 AM CDT   SUNSET   812 PM CDT
APRIL 18 2014.........SUNRISE   710 AM CDT   SUNSET   813 PM CDT


-  INDICATES NEGATIVE NUMBERS.
R  INDICATES RECORD WAS SET OR TIED.
MM INDICATES DATA IS MISSING.
T  INDICATES TRACE AMOUNT.




$$
