000
CDCA42 TJSJ 230426
CLISJU


CLIMATE REPORT
NATIONAL WEATHER SERVICE SAN JUAN, PR
1226 AM AST WED APR 23 2014


...................................

...THE SAN JUAN/P.R. CLIMATE SUMMARY FOR APRIL 22 2014...

CLIMATE NORMAL PERIOD 1981 TO 2010
CLIMATE RECORD PERIOD 1898 TO 2014


WEATHER ITEM   OBSERVED TIME   RECORD YEAR NORMAL DEPARTURE LAST
                VALUE   (LST)  VALUE       VALUE  FROM      YEAR
                                                  NORMAL
..................................................................
TEMPERATURE (F)
 YESTERDAY
  MAXIMUM         95R   124 PM  95    1983  86      9       85
  MINIMUM         77    559 AM  66    1957  75      2       73
  AVERAGE         86                        81      5       79

PRECIPITATION (IN)
  YESTERDAY        0.00          2.44 2007   0.17  -0.17     0.01
  MONTH TO DATE    3.06                      3.12  -0.06     3.15
  SINCE MAR 1      3.57                      5.07  -1.50     5.07
  SINCE JAN 1      9.61                     11.22  -1.61     9.17

SNOWFALL (IN)
  YESTERDAY        0.0
  MONTH TO DATE    0.0
  SINCE MAR 1      0.0
  SINCE JUL 1      0.0

DEGREE DAYS
 HEATING
  YESTERDAY        0                         0      0        0
  MONTH TO DATE    0                         0      0        0
  SINCE MAR 1      0                         0      0        0
  SINCE JUL 1      0                         0      0        0

 COOLING
  YESTERDAY       21                        16      5       14
  MONTH TO DATE  374                       333     41      365
  SINCE MAR 1    852                       764     88      820
  SINCE JAN 1   1740                      1515    225     1616
..................................................................


WIND (MPH)
  RESULTANT WIND SPEED   4   RESULTANT WIND DIRECTION  SE (140)
  HIGHEST WIND SPEED    15   HIGHEST WIND DIRECTION    SE (120)
  HIGHEST GUST SPEED    22   HIGHEST GUST DIRECTION    SE (120)
  AVERAGE WIND SPEED     4.5


SKY COVER
  POSSIBLE SUNSHINE  MM
  AVERAGE SKY COVER 0.4


WEATHER CONDITIONS
 THE FOLLOWING WEATHER WAS RECORDED YESTERDAY.
  NO SIGNIFICANT WEATHER WAS OBSERVED.


RELATIVE HUMIDITY (PERCENT)
 HIGHEST    82
 LOWEST     41
 AVERAGE    62

..........................................................


THE SAN JUAN/P.R. CLIMATE NORMALS FOR TODAY
                         NORMAL    RECORD    YEAR
 MAXIMUM TEMPERATURE (F)   86        92      2008
                                             1989
 MINIMUM TEMPERATURE (F)   75        66      1968


SUNRISE AND SUNSET
APRIL 23 2014.........SUNRISE   602 AM AST   SUNSET   643 PM AST
APRIL 24 2014.........SUNRISE   601 AM AST   SUNSET   643 PM AST


-  INDICATES NEGATIVE NUMBERS.
R  INDICATES RECORD WAS SET OR TIED.
MM INDICATES DATA IS MISSING.
T  INDICATES TRACE AMOUNT.




$$
