000
CDUS45 KSLC 281218
CLISLC


CLIMATE REPORT
NATIONAL WEATHER SERVICE SALT LAKE CITY UT
518 AM MST WED JAN 28 2015


...................................

...THE SALT LAKE CITY UT CLIMATE SUMMARY FOR JANUARY 27 2015...

CLIMATE NORMAL PERIOD 1981 TO 2010
CLIMATE RECORD PERIOD 1874 TO 2015


WEATHER ITEM   OBSERVED TIME   RECORD YEAR NORMAL DEPARTURE LAST
                VALUE   (LST)  VALUE       VALUE  FROM      YEAR
                                                  NORMAL
..................................................................
TEMPERATURE (F)
 YESTERDAY
  MAXIMUM         58R   208 PM  55    1998  38     20       41
  MINIMUM         29    509 AM  -6    1949  22      7       22
  AVERAGE         44                        30     14       32

PRECIPITATION (IN)
  YESTERDAY        0.00          0.61 1956   0.03  -0.03     0.00
  MONTH TO DATE    0.86                      1.09  -0.23     0.57
  SINCE OCT 1      2.87                      5.47  -2.60     3.58
  SINCE JAN 1      0.86                      1.09  -0.23     0.57

SNOWFALL (IN)
  YESTERDAY        0.0           9.3  2013   0.3   -0.3      0.0
  MONTH TO DATE    0.3                      11.0  -10.7      8.3
  SINCE OCT 1      6.8                      33.2  -26.4     31.0
  SINCE JUL 1      6.8                      33.2  -26.4     31.0
  SNOW DEPTH       0

DEGREE DAYS
 HEATING
  YESTERDAY       21                        35    -14       33
  MONTH TO DATE  841                       964   -123      945
  SINCE DEC 1   1691                      2040   -349     2189
  SINCE JUL 1   2661                      3258   -597     3236

 COOLING
  YESTERDAY        0                         0      0        0
  MONTH TO DATE    0                         0      0        0
  SINCE DEC 1      0                         0      0        0
  SINCE JAN 1      0                         0      0        0
..................................................................


WIND (MPH)
  RESULTANT WIND SPEED   3   RESULTANT WIND DIRECTION   S (170)
  HIGHEST WIND SPEED    24   HIGHEST WIND DIRECTION     S (180)
  HIGHEST GUST SPEED    35   HIGHEST GUST DIRECTION     S (170)
  AVERAGE WIND SPEED     6.3


SKY COVER
  POSSIBLE SUNSHINE  MM
  AVERAGE SKY COVER 0.4


WEATHER CONDITIONS
 THE FOLLOWING WEATHER WAS RECORDED YESTERDAY.
  FOG
  HAZE


RELATIVE HUMIDITY (PERCENT)
 HIGHEST    92           300 AM
 LOWEST     43           200 PM
 AVERAGE    68

..........................................................


THE SALT LAKE CITY UT CLIMATE NORMALS FOR TODAY
                         NORMAL    RECORD    YEAR
 MAXIMUM TEMPERATURE (F)   38        57      1938
 MINIMUM TEMPERATURE (F)   22        -8      1949


SUNRISE AND SUNSET
JANUARY 28 2015.......SUNRISE   742 AM MST   SUNSET   540 PM MST
JANUARY 29 2015.......SUNRISE   741 AM MST   SUNSET   542 PM MST


-  INDICATES NEGATIVE NUMBERS.
R  INDICATES RECORD WAS SET OR TIED.
MM INDICATES DATA IS MISSING.
T  INDICATES TRACE AMOUNT.




$$
