158
CDUS45 KSLC 201227
CLISLC


CLIMATE REPORT
NATIONAL WEATHER SERVICE SALT LAKE CITY UT
527 AM MST MON FEB 20 2017


...................................

...THE SALT LAKE CITY UT CLIMATE SUMMARY FOR FEBRUARY 19 2017...

CLIMATE NORMAL PERIOD 1981 TO 2010
CLIMATE RECORD PERIOD 1874 TO 2017


WEATHER ITEM   OBSERVED TIME   RECORD YEAR NORMAL DEPARTURE LAST
                VALUE   (LST)  VALUE       VALUE  FROM      YEAR
                                                  NORMAL
..................................................................
TEMPERATURE (F)
 YESTERDAY
  MAXIMUM         53    459 PM  66    1958  45      8       56
  MINIMUM         41   1159 PM   4    1956  26     15       34
                                      1955
  AVERAGE         47                        35     12       45

PRECIPITATION (IN)
  YESTERDAY        0.12          0.75 1878   0.04   0.08     0.00
  MONTH TO DATE    0.93                      0.81   0.12     0.51
  SINCE OCT 1      7.54                      6.44   1.10     5.70
  SINCE JAN 1      2.90                      2.06   0.84     2.45

SNOWFALL (IN)
  YESTERDAY       MM             7.6  1913   0.4   MM        0.0
  MONTH TO DATE    T                         7.5   -7.5      3.8
  SINCE OCT 1     40.0                      42.2   -2.2     31.6
  SINCE JUL 1     40.0                      42.2   -2.2     31.6
  SNOW DEPTH       0

DEGREE DAYS
 HEATING
  YESTERDAY       18                        30    -12       20
  MONTH TO DATE  424                       613   -189      584
  SINCE DEC 1   2684                      2789   -105     2684
  SINCE JUL 1   3483                      4007   -524     3626

 COOLING
  YESTERDAY        0                         0      0        0
  MONTH TO DATE    0                         0      0        0
  SINCE DEC 1      0                         0      0        0
  SINCE JAN 1      0                         0      0        0
..................................................................


WIND (MPH)
  RESULTANT WIND SPEED   7   RESULTANT WIND DIRECTION  SE (140)
  HIGHEST WIND SPEED    23   HIGHEST WIND DIRECTION     S (160)
  HIGHEST GUST SPEED    28   HIGHEST GUST DIRECTION     S (170)
  AVERAGE WIND SPEED     9.2


SKY COVER
  POSSIBLE SUNSHINE  MM
  AVERAGE SKY COVER 0.6


WEATHER CONDITIONS
 THE FOLLOWING WEATHER WAS RECORDED YESTERDAY.
  LIGHT RAIN
  FOG


RELATIVE HUMIDITY (PERCENT)
 HIGHEST    96           800 AM
 LOWEST     56          1200 AM
 AVERAGE    76

..........................................................


THE SALT LAKE CITY UT CLIMATE NORMALS FOR TODAY
                         NORMAL    RECORD    YEAR
 MAXIMUM TEMPERATURE (F)   45        66      1879
 MINIMUM TEMPERATURE (F)   27         0      1955


SUNRISE AND SUNSET
FEBRUARY 20 2017......SUNRISE   715 AM MST   SUNSET   609 PM MST
FEBRUARY 21 2017......SUNRISE   713 AM MST   SUNSET   610 PM MST


-  INDICATES NEGATIVE NUMBERS.
R  INDICATES RECORD WAS SET OR TIED.
MM INDICATES DATA IS MISSING.
T  INDICATES TRACE AMOUNT.




$$
