000
CDUS45 KSLC 220036
CLISLC


CLIMATE REPORT
NATIONAL WEATHER SERVICE SALT LAKE CITY UT
536 PM MST FRI NOV 21 2014


...................................

...THE SALT LAKE CITY UT CLIMATE SUMMARY FOR NOVEMBER 21 2014...
VALID TODAY AS OF 0500 PM LOCAL TIME.

CLIMATE NORMAL PERIOD 1981 TO 2010
CLIMATE RECORD PERIOD 1874 TO 2014


WEATHER ITEM   OBSERVED TIME   RECORD YEAR NORMAL DEPARTURE LAST
                VALUE   (LST)  VALUE       VALUE  FROM      YEAR
                                                  NORMAL
..................................................................
TEMPERATURE (F)
 TODAY
  MAXIMUM         50    357 PM  65    1996  46      4       43
                                      1932
                                      1921
  MINIMUM         25    617 AM   5    1931  28     -3       36
  AVERAGE         38                        37      1       40

PRECIPITATION (IN)
  TODAY            0.00          0.50 1955   0.04  -0.04     0.09
  MONTH TO DATE    0.14                      1.03  -0.89     0.62
  SINCE OCT 1      0.15                      2.55  -2.40     1.36
  SINCE JAN 1     12.60                     14.27  -1.67     9.97

SNOWFALL (IN)
  TODAY            0.0           5.5  1999   0.3   -0.3       T
  MONTH TO DATE    0.3                       4.4   -4.1      3.5
  SINCE OCT 1      0.3                       5.8   -5.5      3.5
  SINCE JUL 1      0.3                       5.8   -5.5      3.5
  SNOW DEPTH       0

DEGREE DAYS
 HEATING
  TODAY           27                        28     -1       25
  MONTH TO DATE  528                       482     46      382
  SINCE SEP 1    794                       945   -151      820
  SINCE JUL 1    795                       950   -155      820

 COOLING
  TODAY            0                         0      0        0
  MONTH TO DATE    0                         0      0        0
  SINCE SEP 1    191                       124     67      222
  SINCE JAN 1   1244                      1160     84     1768
..................................................................


WIND (MPH)
  RESULTANT WIND SPEED   0   RESULTANT WIND DIRECTION   S (180)
  HIGHEST WIND SPEED     9   HIGHEST WIND DIRECTION    NW (320)
  HIGHEST GUST SPEED    11   HIGHEST GUST DIRECTION    NW (320)
  AVERAGE WIND SPEED     3.2


SKY COVER
  POSSIBLE SUNSHINE  MM
  AVERAGE SKY COVER 0.1


WEATHER CONDITIONS
 THE FOLLOWING WEATHER WAS RECORDED TODAY.
  FOG
  HAZE


RELATIVE HUMIDITY (PERCENT)
 HIGHEST    85          1200 AM
 LOWEST     33           300 PM
 AVERAGE    59

..........................................................


THE SALT LAKE CITY UT CLIMATE NORMALS FOR TOMORROW
                         NORMAL    RECORD    YEAR
 MAXIMUM TEMPERATURE (F)   46        66      1926
 MINIMUM TEMPERATURE (F)   28         3      1930


SUNRISE AND SUNSET
NOVEMBER 21 2014......SUNRISE   722 AM MST   SUNSET   505 PM MST
NOVEMBER 22 2014......SUNRISE   723 AM MST   SUNSET   505 PM MST


-  INDICATES NEGATIVE NUMBERS.
R  INDICATES RECORD WAS SET OR TIED.
MM INDICATES DATA IS MISSING.
T  INDICATES TRACE AMOUNT.




$$
