000
CDUS45 KSLC 271230
CLISLC


CLIMATE REPORT
NATIONAL WEATHER SERVICE SALT LAKE CITY UT
630 AM MDT THU AUG 27 2015


...................................

...THE SALT LAKE CITY UT CLIMATE SUMMARY FOR AUGUST 26 2015...

CLIMATE NORMAL PERIOD 1981 TO 2010
CLIMATE RECORD PERIOD 1874 TO 2015


WEATHER ITEM   OBSERVED TIME   RECORD YEAR NORMAL DEPARTURE LAST
                VALUE   (LST)  VALUE       VALUE  FROM      YEAR
                                                  NORMAL
..................................................................
TEMPERATURE (F)
 YESTERDAY
  MAXIMUM         84   1234 AM 101    1985  88     -4       80
  MINIMUM         68   1159 PM  42    1992  61      7       60
  AVERAGE         76                        74      2       70

PRECIPITATION (IN)
  YESTERDAY        0.01          1.96 1932   0.03  -0.02     0.05
  MONTH TO DATE    0.89                      0.55   0.34     1.77
  SINCE OCT 1     13.16                     14.75  -1.59    12.95
  SINCE JAN 1     11.15                     10.37   0.78     9.94

SNOWFALL (IN)
  YESTERDAY        0.0          MM      MM   0.0    0.0      0.0
  MONTH TO DATE    0.0                       0.0    0.0      0.0
  SINCE OCT 1     15.4                      56.2  -40.8     35.5
  SINCE JUL 1      0.0                       0.0    0.0      0.0
  SNOW DEPTH       0

DEGREE DAYS
 HEATING
  YESTERDAY        0                         0      0        0
  MONTH TO DATE    0                         0      0        1
  SINCE JUN 1      0                        48    -48       40
  SINCE JUL 1      0                         2     -2        1

 COOLING
  YESTERDAY       11                        10      1        5
  MONTH TO DATE  330                       330      0      262
  SINCE JUN 1   1103                       942    161      957
  SINCE JAN 1   1134                       992    142     1019
..................................................................


WIND (MPH)
  RESULTANT WIND SPEED   5   RESULTANT WIND DIRECTION  SE (140)
  HIGHEST WIND SPEED    20   HIGHEST WIND DIRECTION     S (170)
  HIGHEST GUST SPEED    25   HIGHEST GUST DIRECTION     S (190)
  AVERAGE WIND SPEED     7.5


SKY COVER
  POSSIBLE SUNSHINE  MM
  AVERAGE SKY COVER 0.6


WEATHER CONDITIONS
 THE FOLLOWING WEATHER WAS RECORDED YESTERDAY.
  LIGHT RAIN
  HAZE


RELATIVE HUMIDITY (PERCENT)
 HIGHEST    66          1100 AM
 LOWEST     24           100 AM
 AVERAGE    45

..........................................................


THE SALT LAKE CITY UT CLIMATE NORMALS FOR TODAY
                         NORMAL    RECORD    YEAR
 MAXIMUM TEMPERATURE (F)   88        99      1937
 MINIMUM TEMPERATURE (F)   61        42      1964


SUNRISE AND SUNSET
AUGUST 27 2015........SUNRISE   650 AM MDT   SUNSET   808 PM MDT
AUGUST 28 2015........SUNRISE   651 AM MDT   SUNSET   807 PM MDT


-  INDICATES NEGATIVE NUMBERS.
R  INDICATES RECORD WAS SET OR TIED.
MM INDICATES DATA IS MISSING.
T  INDICATES TRACE AMOUNT.




$$
