631
CDUS45 KSLC 251228
CLISLC


CLIMATE REPORT
NATIONAL WEATHER SERVICE SALT LAKE CITY UT
628 AM MDT SUN SEP 25 2016


...................................

...THE SALT LAKE CITY UT CLIMATE SUMMARY FOR SEPTEMBER 24 2016...

CLIMATE NORMAL PERIOD 1981 TO 2010
CLIMATE RECORD PERIOD 1874 TO 2016


WEATHER ITEM   OBSERVED TIME   RECORD YEAR NORMAL DEPARTURE LAST
                VALUE   (LST)  VALUE       VALUE  FROM      YEAR
                                                  NORMAL
..................................................................
TEMPERATURE (F)
 YESTERDAY
  MAXIMUM         62    532 PM  92    2001  75    -13       87
  MINIMUM         47    212 AM  32    1961  49     -2       57
                                      1900
  AVERAGE         55                        62     -7       72

PRECIPITATION (IN)
  YESTERDAY        0.22          1.29 1908   0.05   0.17     0.00
  MONTH TO DATE    1.88                      0.93   0.95     1.74
  SINCE OCT 1     13.45                     15.82  -2.37    14.90
  SINCE JAN 1     10.20                     11.44  -1.24    12.89

SNOWFALL (IN)
  YESTERDAY       MM             T    1984   0.0   MM        0.0
  MONTH TO DATE    0.0                       0.0    0.0      0.0
  SINCE OCT 1     34.3                      56.2  -21.9     15.4
  SINCE JUL 1      0.0                       0.0    0.0      0.0
  SNOW DEPTH       0

DEGREE DAYS
 HEATING
  YESTERDAY       10                         5      5        0
  MONTH TO DATE   39                        51    -12       33
  SINCE SEP 1     39                        51    -12       33
  SINCE JUL 1     40                        56    -16       33

 COOLING
  YESTERDAY        0                         2     -2        7
  MONTH TO DATE  114                       109      5      146
  SINCE SEP 1    114                       109      5      146
  SINCE JAN 1   1591                      1145    446     1351
..................................................................


WIND (MPH)
  RESULTANT WIND SPEED   2   RESULTANT WIND DIRECTION   E (110)
  HIGHEST WIND SPEED    17   HIGHEST WIND DIRECTION    SE (150)
  HIGHEST GUST SPEED    21   HIGHEST GUST DIRECTION     W (290)
  AVERAGE WIND SPEED     7.1


SKY COVER
  POSSIBLE SUNSHINE  MM
  AVERAGE SKY COVER 0.6


WEATHER CONDITIONS
 THE FOLLOWING WEATHER WAS RECORDED YESTERDAY.
  HEAVY RAIN
  LIGHT RAIN


RELATIVE HUMIDITY (PERCENT)
 HIGHEST    93          1200 AM
 LOWEST     51           400 PM
 AVERAGE    72

..........................................................


THE SALT LAKE CITY UT CLIMATE NORMALS FOR TODAY
                         NORMAL    RECORD    YEAR
 MAXIMUM TEMPERATURE (F)   75        93      2015
 MINIMUM TEMPERATURE (F)   49        30      1970


SUNRISE AND SUNSET
SEPTEMBER 25 2016.....SUNRISE   719 AM MDT   SUNSET   719 PM MDT
SEPTEMBER 26 2016.....SUNRISE   720 AM MDT   SUNSET   717 PM MDT


-  INDICATES NEGATIVE NUMBERS.
R  INDICATES RECORD WAS SET OR TIED.
MM INDICATES DATA IS MISSING.
T  INDICATES TRACE AMOUNT.




$$
