491
CDUS46 KPQR 071142
CLISLE


CLIMATE REPORT
NATIONAL WEATHER SERVICE PORTLAND OREGON
342 AM PST WED DEC 7 2016


...................................

...THE SALEM OR CLIMATE SUMMARY FOR DECEMBER 6 2016...

CLIMATE NORMAL PERIOD 1981 TO 2010
CLIMATE RECORD PERIOD 1892 TO 2016


WEATHER ITEM   OBSERVED TIME   RECORD YEAR NORMAL DEPARTURE LAST
                VALUE   (LST)  VALUE       VALUE  FROM      YEAR
                                                  NORMAL
..................................................................
TEMPERATURE (F)
 YESTERDAY
  MAXIMUM         40    328 PM  60    1988  47     -7       57
                                      1965
  MINIMUM         29   1136 PM  18    1956  35     -6       46
  AVERAGE         35                        41     -6       52

PRECIPITATION (IN)
  YESTERDAY        0.08          4.30 1933   0.23  -0.15     1.17
  MONTH TO DATE    0.99                      1.46  -0.47     3.86
  SINCE OCT 1     19.14                     10.99   8.15    12.17
  SINCE JAN 1     42.84                     34.27   8.57    29.29

DEGREE DAYS
 HEATING
  YESTERDAY       30                        24      6       13
  MONTH TO DATE  141                       141      0      115
  SINCE DEC 1    141                       141      0      115
  SINCE JUL 1    945                      1258   -313      995

 COOLING
  YESTERDAY        0                         0      0        0
  MONTH TO DATE    0                         0      0        0
  SINCE DEC 1      0                         0      0        0
  SINCE JAN 1    465                       290    175      682
..................................................................


WIND (MPH)
  HIGHEST WIND SPEED    12   HIGHEST WIND DIRECTION     N (350)
  HIGHEST GUST SPEED    13   HIGHEST GUST DIRECTION     N (340)
  AVERAGE WIND SPEED     4.9


SKY COVER
  POSSIBLE SUNSHINE  MM
  AVERAGE SKY COVER 0.8


WEATHER CONDITIONS
 THE FOLLOWING WEATHER WAS RECORDED YESTERDAY.
  LIGHT RAIN
  FOG


RELATIVE HUMIDITY (PERCENT)
 HIGHEST    92          1200 AM
 LOWEST     79          1200 PM
 AVERAGE    86

..........................................................


THE SALEM OR CLIMATE NORMALS FOR TODAY
                         NORMAL    RECORD    YEAR
 MAXIMUM TEMPERATURE (F)   47        61      2015
                                             1938
 MINIMUM TEMPERATURE (F)   35        -4      1972


SUNRISE AND SUNSET
DECEMBER  7 2016......SUNRISE   737 AM PST   SUNSET   431 PM PST
DECEMBER  8 2016......SUNRISE   738 AM PST   SUNSET   431 PM PST


-  INDICATES NEGATIVE NUMBERS.
R  INDICATES RECORD WAS SET OR TIED.
MM INDICATES DATA IS MISSING.
T  INDICATES TRACE AMOUNT.




$$
