000
CDUS46 KPQR 301144
CLISLE


CLIMATE REPORT
NATIONAL WEATHER SERVICE PORTLAND OREGON
443 AM PDT SUN AUG 30 2015


...................................

...THE SALEM OR CLIMATE SUMMARY FOR AUGUST 29 2015...

CLIMATE NORMAL PERIOD 1981 TO 2010
CLIMATE RECORD PERIOD 1892 TO 2015


WEATHER ITEM   OBSERVED TIME   RECORD YEAR NORMAL DEPARTURE LAST
                VALUE   (LST)  VALUE       VALUE  FROM      YEAR
                                                  NORMAL
..................................................................
TEMPERATURE (F)
 YESTERDAY
  MAXIMUM         75    144 PM 101    1931  81     -6       81
  MINIMUM         63   1159 PM  38    1969  52     11       57
                                      1965
  AVERAGE         69                        66      3       69

PRECIPITATION (IN)
  YESTERDAY        0.27          0.98 1983   0.02   0.25     0.00
  MONTH TO DATE    0.27                      0.40  -0.13     0.28
  SINCE OCT 1     33.09                     38.34  -5.25    27.33
  SINCE JAN 1     15.55                     21.95  -6.40    22.75

DEGREE DAYS
 HEATING
  YESTERDAY        0                         1     -1        0
  MONTH TO DATE    0                        26    -26        0
  SINCE JUN 1     24                       186   -162       69
  SINCE JUL 1      2                        56    -54        3

 COOLING
  YESTERDAY        4                         2      2        4
  MONTH TO DATE  201                       101    100      239
  SINCE JUN 1    622                       238    384      500
  SINCE JAN 1    635                       247    388      516
..................................................................


WIND (MPH)
  HIGHEST WIND SPEED    30   HIGHEST WIND DIRECTION     S (190)
  HIGHEST GUST SPEED    40   HIGHEST GUST DIRECTION     S (170)
  AVERAGE WIND SPEED    14.3


SKY COVER
  POSSIBLE SUNSHINE  MM
  AVERAGE SKY COVER 0.7


WEATHER CONDITIONS
 THE FOLLOWING WEATHER WAS RECORDED YESTERDAY.
  THUNDERSTORM
  HEAVY RAIN
  RAIN
  LIGHT RAIN
  FOG


RELATIVE HUMIDITY (PERCENT)
 HIGHEST    93           400 AM
 LOWEST     49          1200 PM
 AVERAGE    71

..........................................................


THE SALEM OR CLIMATE NORMALS FOR TODAY
                         NORMAL    RECORD    YEAR
 MAXIMUM TEMPERATURE (F)   81        97      1987
 MINIMUM TEMPERATURE (F)   51        30      1920


SUNRISE AND SUNSET
AUGUST 30 2015........SUNRISE   632 AM PDT   SUNSET   753 PM PDT
AUGUST 31 2015........SUNRISE   633 AM PDT   SUNSET   751 PM PDT


-  INDICATES NEGATIVE NUMBERS.
R  INDICATES RECORD WAS SET OR TIED.
MM INDICATES DATA IS MISSING.
T  INDICATES TRACE AMOUNT.




$$
