000
CDUS46 KPQR 201141
CLISLE


CLIMATE REPORT
NATIONAL WEATHER SERVICE PORTLAND OREGON
340 AM PST SAT DEC 20 2014


...................................

...THE SALEM OR CLIMATE SUMMARY FOR DECEMBER 19 2014...

CLIMATE NORMAL PERIOD 1981 TO 2010
CLIMATE RECORD PERIOD 1892 TO 2014


WEATHER ITEM   OBSERVED TIME   RECORD YEAR NORMAL DEPARTURE LAST
                VALUE   (LST)  VALUE       VALUE  FROM      YEAR
                                                  NORMAL
..................................................................
TEMPERATURE (F)
 YESTERDAY
  MAXIMUM         52    216 PM  62    1994  46      6       38
  MINIMUM         45    835 AM  11    1924  33     12       28
  AVERAGE         49                        40      9       33

PRECIPITATION (IN)
  YESTERDAY        0.36          2.57 1917   0.22   0.14     0.00
  MONTH TO DATE    3.66                      4.33  -0.67     1.14
  SINCE OCT 1     14.33                     13.86   0.47     4.45
  SINCE JAN 1     38.35                     37.14   1.21    23.45

DEGREE DAYS
 HEATING
  YESTERDAY       16                        26    -10       32
  MONTH TO DATE  369                       465    -96      590
  SINCE DEC 1    369                       465    -96      590
  SINCE JUL 1   1135                      1582   -447     1633

 COOLING
  YESTERDAY        0                         0      0        0
  MONTH TO DATE    0                         0      0        0
  SINCE DEC 1      0                         0      0        0
  SINCE JAN 1    605                       290    315      502
..................................................................


WIND (MPH)
  HIGHEST WIND SPEED    20   HIGHEST WIND DIRECTION     S (160)
  HIGHEST GUST SPEED    26   HIGHEST GUST DIRECTION     S (180)
  AVERAGE WIND SPEED     9.8


SKY COVER
  POSSIBLE SUNSHINE  MM
  AVERAGE SKY COVER 0.8


WEATHER CONDITIONS
 THE FOLLOWING WEATHER WAS RECORDED YESTERDAY.
  HEAVY RAIN
  LIGHT RAIN
  FOG


RELATIVE HUMIDITY (PERCENT)
 HIGHEST    86          1200 AM
 LOWEST     77          1200 PM
 AVERAGE    82

..........................................................


THE SALEM OR CLIMATE NORMALS FOR TODAY
                         NORMAL    RECORD    YEAR
 MAXIMUM TEMPERATURE (F)   46        63      1994
 MINIMUM TEMPERATURE (F)   33         9      1990


SUNRISE AND SUNSET
DECEMBER 20 2014......SUNRISE   746 AM PST   SUNSET   433 PM PST
DECEMBER 21 2014......SUNRISE   747 AM PST   SUNSET   434 PM PST


-  INDICATES NEGATIVE NUMBERS.
R  INDICATES RECORD WAS SET OR TIED.
MM INDICATES DATA IS MISSING.
T  INDICATES TRACE AMOUNT.




$$
