000
CDUS46 KPQR 291145
CLISLE


CLIMATE REPORT
NATIONAL WEATHER SERVICE PORTLAND OREGON
445 AM PDT FRI JUL 29 2016


...................................

...THE SALEM OR CLIMATE SUMMARY FOR JULY 28 2016...

CLIMATE NORMAL PERIOD 1981 TO 2010
CLIMATE RECORD PERIOD 1892 TO 2016


WEATHER ITEM   OBSERVED TIME   RECORD YEAR NORMAL DEPARTURE LAST
                VALUE   (LST)  VALUE       VALUE  FROM      YEAR
                                                  NORMAL
..................................................................
TEMPERATURE (F)
 YESTERDAY
  MAXIMUM         96    456 PM 107    2009  84     12       88
  MINIMUM         59    521 AM  42    1959  54      5       54
                                      1933
                                      1929
  AVERAGE         78                        69      9       71

PRECIPITATION (IN)
  YESTERDAY        0.00          0.27 1975   0.01  -0.01     0.00
  MONTH TO DATE    0.45                      0.43   0.02     0.01
  SINCE OCT 1     45.30                     37.91   7.39    32.82
  SINCE JAN 1     21.75                     21.52   0.23    15.28

DEGREE DAYS
 HEATING
  YESTERDAY        0                         0      0        0
  MONTH TO DATE    5                        30    -25        2
  SINCE JUN 1     83                       160    -77       24
  SINCE JUL 1      5                        30    -25        2

 COOLING
  YESTERDAY       13                         4      9        6
  MONTH TO DATE  102                        93      9      210
  SINCE JUN 1    193                       121     72      370
  SINCE JAN 1    214                       130     84      383
..................................................................


WIND (MPH)
  HIGHEST WIND SPEED    18   HIGHEST WIND DIRECTION    NE (30)
  HIGHEST GUST SPEED    23   HIGHEST GUST DIRECTION     N (10)
  AVERAGE WIND SPEED     7.0


SKY COVER
  POSSIBLE SUNSHINE  MM
  AVERAGE SKY COVER 0.0


WEATHER CONDITIONS
 THE FOLLOWING WEATHER WAS RECORDED YESTERDAY.
  NO SIGNIFICANT WEATHER WAS OBSERVED.


RELATIVE HUMIDITY (PERCENT)
 HIGHEST    84           400 AM
 LOWEST     24           400 PM
 AVERAGE    54

..........................................................


THE SALEM OR CLIMATE NORMALS FOR TODAY
                         NORMAL    RECORD    YEAR
 MAXIMUM TEMPERATURE (F)   84       106      2009
 MINIMUM TEMPERATURE (F)   54        42      1956
                                             1929


SUNRISE AND SUNSET
JULY 29 2016..........SUNRISE   555 AM PDT   SUNSET   841 PM PDT
JULY 30 2016..........SUNRISE   556 AM PDT   SUNSET   840 PM PDT


-  INDICATES NEGATIVE NUMBERS.
R  INDICATES RECORD WAS SET OR TIED.
MM INDICATES DATA IS MISSING.
T  INDICATES TRACE AMOUNT.




$$
