000
CDUS46 KPQR 151144
CLISLE


CLIMATE REPORT
NATIONAL WEATHER SERVICE PORTLAND OREGON
343 AM PST FRI DEC 15 2017


...................................

...THE SALEM OR CLIMATE SUMMARY FOR DECEMBER 14 2017...

CLIMATE NORMAL PERIOD 1981 TO 2010
CLIMATE RECORD PERIOD 1892 TO 2017


WEATHER ITEM   OBSERVED TIME   RECORD YEAR NORMAL DEPARTURE LAST
                VALUE   (LST)  VALUE       VALUE  FROM      YEAR
                                                  NORMAL
..................................................................
TEMPERATURE (F)
 YESTERDAY
  MAXIMUM         46    234 PM  60    2002  46      0       35
  MINIMUM         28   1128 PM  13    1932  34     -6       28
  AVERAGE         37                        40     -3       32

PRECIPITATION (IN)
  YESTERDAY        0.00          2.36 1929   0.22  -0.22     0.53
  MONTH TO DATE    0.66                      3.24  -2.58     3.54
  SINCE OCT 1     12.68                     12.77  -0.09    21.69
  SINCE JAN 1     48.49                     36.05  12.44    45.40

DEGREE DAYS
 HEATING
  YESTERDAY       28                        25      3       33
  MONTH TO DATE  356                       339     17      357
  SINCE DEC 1    356                       339     17      357
  SINCE JUL 1   1288                      1456   -168     1161

 COOLING
  YESTERDAY        0                         0      0        0
  MONTH TO DATE    0                         0      0        0
  SINCE DEC 1      0                         0      0        0
  SINCE JAN 1    647                       290    357      465
..................................................................


WIND (MPH)
  HIGHEST WIND SPEED    12   HIGHEST WIND DIRECTION     N (10)
  HIGHEST GUST SPEED    14   HIGHEST GUST DIRECTION    NE (30)
  AVERAGE WIND SPEED     3.5


SKY COVER
  POSSIBLE SUNSHINE  MM
  AVERAGE SKY COVER 0.0


WEATHER CONDITIONS
 THE FOLLOWING WEATHER WAS RECORDED YESTERDAY.
  NO SIGNIFICANT WEATHER WAS OBSERVED.


RELATIVE HUMIDITY (PERCENT)
 HIGHEST    85           400 AM
 LOWEST     49           200 PM
 AVERAGE    67

..........................................................


THE SALEM OR CLIMATE NORMALS FOR TODAY
                         NORMAL    RECORD    YEAR
 MAXIMUM TEMPERATURE (F)   46        60      1976
 MINIMUM TEMPERATURE (F)   34        11      1932


SUNRISE AND SUNSET
DECEMBER 15 2017......SUNRISE   743 AM PST   SUNSET   431 PM PST
DECEMBER 16 2017......SUNRISE   744 AM PST   SUNSET   432 PM PST


-  INDICATES NEGATIVE NUMBERS.
R  INDICATES RECORD WAS SET OR TIED.
MM INDICATES DATA IS MISSING.
T  INDICATES TRACE AMOUNT.




$$
