000
CDUS46 KPQR 270221
CLISLE


CLIMATE REPORT
NATIONAL WEATHER SERVICE PORTLAND OREGON
720 PM PDT TUE MAY 26 2015


...................................

...THE SALEM OR CLIMATE SUMMARY FOR MAY 26 2015...
VALID TODAY AS OF 0700 PM LOCAL TIME.

CLIMATE NORMAL PERIOD 1981 TO 2010
CLIMATE RECORD PERIOD 1892 TO 2015


WEATHER ITEM   OBSERVED TIME   RECORD YEAR NORMAL DEPARTURE LAST
                VALUE   (LST)  VALUE       VALUE  FROM      YEAR
                                                  NORMAL
..................................................................
TEMPERATURE (F)
 TODAY
  MAXIMUM         71    540 PM  91    2005  70      1       71
  MINIMUM         47    259 AM  34    1973  47      0       54
                                      1930
  AVERAGE         59                        58      1       63

PRECIPITATION (IN)
  TODAY            0.00          1.32 1895   0.07  -0.07     0.00
  MONTH TO DATE    0.72                      1.84  -1.12     1.96
  SINCE OCT 1     32.14                     35.55  -3.41    25.84
  SINCE JAN 1     14.60                     19.16  -4.56    21.26

DEGREE DAYS
 HEATING
  TODAY            6                         7     -1        2
  MONTH TO DATE  159                       245    -86      140
  SINCE MAR 1    986                      1248   -262      981
  SINCE JUL 1   3456                      4488  -1032     4267

 COOLING
  TODAY            0                         0      0        0
  MONTH TO DATE    0                         0      0       15
  SINCE MAR 1      0                         0      0       16
  SINCE JAN 1      0                         0      0       16
..................................................................


WIND (MPH)
  HIGHEST WIND SPEED    12   HIGHEST WIND DIRECTION     N (360)
  HIGHEST GUST SPEED    15   HIGHEST GUST DIRECTION     N (360)
  AVERAGE WIND SPEED     4.5


SKY COVER
  POSSIBLE SUNSHINE  MM
  AVERAGE SKY COVER 0.6


WEATHER CONDITIONS
 THE FOLLOWING WEATHER WAS RECORDED TODAY.
  NO SIGNIFICANT WEATHER WAS OBSERVED.


RELATIVE HUMIDITY (PERCENT)
 HIGHEST    89           100 AM
 LOWEST     44           500 PM
 AVERAGE    67

..........................................................


THE SALEM OR CLIMATE NORMALS FOR TOMORROW
                         NORMAL    RECORD    YEAR
 MAXIMUM TEMPERATURE (F)   70        90      2005
 MINIMUM TEMPERATURE (F)   47        30      1966


SUNRISE AND SUNSET
MAY 26 2015...........SUNRISE   533 AM PDT   SUNSET   846 PM PDT
MAY 27 2015...........SUNRISE   532 AM PDT   SUNSET   847 PM PDT


-  INDICATES NEGATIVE NUMBERS.
R  INDICATES RECORD WAS SET OR TIED.
MM INDICATES DATA IS MISSING.
T  INDICATES TRACE AMOUNT.




$$
