000
CDUS46 KPQR 281141
CLISLE


CLIMATE REPORT
NATIONAL WEATHER SERVICE PORTLAND OREGON
340 AM PST SAT FEB 28 2015


...................................

...THE SALEM OR CLIMATE SUMMARY FOR FEBRUARY 27 2015...

CLIMATE NORMAL PERIOD 1981 TO 2010
CLIMATE RECORD PERIOD 1892 TO 2015


WEATHER ITEM   OBSERVED TIME   RECORD YEAR NORMAL DEPARTURE LAST
                VALUE   (LST)  VALUE       VALUE  FROM      YEAR
                                                  NORMAL
..................................................................
TEMPERATURE (F)
 YESTERDAY
  MAXIMUM         54    101 PM  70    1986  54      0       49
                                      1968
  MINIMUM         46   1159 PM  16    1960  35     11       41
  AVERAGE         50                        44      6       45

PRECIPITATION (IN)
  YESTERDAY        0.12          1.41 1999   0.16  -0.04     0.17
  MONTH TO DATE    4.33                      4.41  -0.08     7.01
  SINCE OCT 1     25.08                     26.76  -1.68    13.85
  SINCE JAN 1      7.54                     10.37  -2.83     9.27

DEGREE DAYS
 HEATING
  YESTERDAY       15                        21     -6       20
  MONTH TO DATE  429                       594   -165      615
  SINCE DEC 1   1684                      2104   -420     2230
  SINCE JUL 1   2450                      3221   -771     3273

 COOLING
  YESTERDAY        0                         0      0        0
  MONTH TO DATE    0                         0      0        0
  SINCE DEC 1      0                         0      0        0
  SINCE JAN 1      0                         0      0        0
..................................................................


WIND (MPH)
  HIGHEST WIND SPEED    15   HIGHEST WIND DIRECTION     S (170)
  HIGHEST GUST SPEED    19   HIGHEST GUST DIRECTION     S (170)
  AVERAGE WIND SPEED     7.6


SKY COVER
  POSSIBLE SUNSHINE  MM
  AVERAGE SKY COVER 1.0


WEATHER CONDITIONS
 THE FOLLOWING WEATHER WAS RECORDED YESTERDAY.
  RAIN
  LIGHT RAIN
  FOG


RELATIVE HUMIDITY (PERCENT)
 HIGHEST    93          1200 AM
 LOWEST     66           200 PM
 AVERAGE    80

..........................................................


THE SALEM OR CLIMATE NORMALS FOR TODAY
                         NORMAL    RECORD    YEAR
 MAXIMUM TEMPERATURE (F)   54        72      1968
 MINIMUM TEMPERATURE (F)   35        15      1971


SUNRISE AND SUNSET
FEBRUARY 28 2015......SUNRISE   652 AM PST   SUNSET   558 PM PST
MARCH  1 2015.........SUNRISE   650 AM PST   SUNSET   559 PM PST


-  INDICATES NEGATIVE NUMBERS.
R  INDICATES RECORD WAS SET OR TIED.
MM INDICATES DATA IS MISSING.
T  INDICATES TRACE AMOUNT.




$$
