000
CDUS46 KPQR 280228
CLISLE


CLIMATE REPORT
NATIONAL WEATHER SERVICE PORTLAND OREGON
728 PM PDT SUN JUL 27 2014


...................................

...THE SALEM OR CLIMATE SUMMARY FOR JULY 27 2014...
VALID TODAY AS OF 0700 PM LOCAL TIME.

CLIMATE NORMAL PERIOD 1981 TO 2010
CLIMATE RECORD PERIOD 1892 TO 2014


WEATHER ITEM   OBSERVED TIME   RECORD YEAR NORMAL DEPARTURE LAST
                VALUE   (LST)  VALUE       VALUE  FROM      YEAR
                                                  NORMAL
..................................................................
TEMPERATURE (F)
 TODAY
  MAXIMUM         88    532 PM 104    1958  84      4       85
  MINIMUM         58    521 AM  40    1931  54      4       55
                                      1930
  AVERAGE         73                        69      4       70

PRECIPITATION (IN)
  TODAY            0.00          0.67 1947   0.01  -0.01     0.00
  MONTH TO DATE    0.46                      0.42   0.04     0.00
  SINCE OCT 1     27.05                     37.90 -10.85    33.87
  SINCE JAN 1     22.47                     21.51   0.96    11.61

DEGREE DAYS
 HEATING
  TODAY            0                         0      0        0
  MONTH TO DATE    3                        30    -27        1
  SINCE JUN 1     69                       160    -91       80
  SINCE JUL 1      3                        30    -27        1

 COOLING
  TODAY            8                         4      4        5
  MONTH TO DATE  196                        89    107      168
  SINCE JUN 1    215                       117     98      221
  SINCE JAN 1    231                       126    105      231
..................................................................


WIND (MPH)
  HIGHEST WIND SPEED    12   HIGHEST WIND DIRECTION    NE (30)
  HIGHEST GUST SPEED    15   HIGHEST GUST DIRECTION     N (20)
  AVERAGE WIND SPEED     5.8


SKY COVER
  POSSIBLE SUNSHINE  MM
  AVERAGE SKY COVER 0.0


WEATHER CONDITIONS
 THE FOLLOWING WEATHER WAS RECORDED TODAY.
  NO SIGNIFICANT WEATHER WAS OBSERVED.


RELATIVE HUMIDITY (PERCENT)
 HIGHEST    84           600 AM
 LOWEST     36           500 PM
 AVERAGE    60

..........................................................


THE SALEM OR CLIMATE NORMALS FOR TOMORROW
                         NORMAL    RECORD    YEAR
 MAXIMUM TEMPERATURE (F)   84       107      2009
 MINIMUM TEMPERATURE (F)   54        42      1959
                                             1933
                                             1929


SUNRISE AND SUNSET
JULY 27 2014..........SUNRISE   552 AM PDT   SUNSET   844 PM PDT
JULY 28 2014..........SUNRISE   553 AM PDT   SUNSET   843 PM PDT


-  INDICATES NEGATIVE NUMBERS.
R  INDICATES RECORD WAS SET OR TIED.
MM INDICATES DATA IS MISSING.
T  INDICATES TRACE AMOUNT.




$$
