955
CDUS46 KPQR 200222
CLISLE


CLIMATE REPORT
NATIONAL WEATHER SERVICE PORTLAND OREGON
722 PM PDT SAT AUG 19 2017


...................................

...THE SALEM OR CLIMATE SUMMARY FOR AUGUST 19 2017...
VALID TODAY AS OF 0700 PM LOCAL TIME.

CLIMATE NORMAL PERIOD 1981 TO 2010
CLIMATE RECORD PERIOD 1892 TO 2017


WEATHER ITEM   OBSERVED TIME   RECORD YEAR NORMAL DEPARTURE LAST
                VALUE   (LST)  VALUE       VALUE  FROM      YEAR
                                                  NORMAL
..................................................................
TEMPERATURE (F)
 TODAY
  MAXIMUM         82    500 PM 104    2016  82      0      104
  MINIMUM         56    544 AM  40    1973  53      3       61
                                      1935
  AVERAGE         69                        67      2       83

PRECIPITATION (IN)
  TODAY            0.00          0.43 2007   0.01  -0.01     0.00
  MONTH TO DATE    0.15                      0.20  -0.05     0.24
  SINCE OCT 1     56.75                     38.14  18.61    45.55
  SINCE JAN 1     33.45                     21.75  11.70    22.00

DEGREE DAYS
 HEATING
  TODAY            0                         1     -1        0
  MONTH TO DATE    2                        16    -14        7
  SINCE JUN 1     84                       176    -92       90
  SINCE JUL 1      2                        46    -44       12

 COOLING
  TODAY            4                         3      1       18
  MONTH TO DATE  179                        72    107      133
  SINCE JUN 1    414                       209    205      345
  SINCE JAN 1    441                       218    223      366
..................................................................


WIND (MPH)
  HIGHEST WIND SPEED    20   HIGHEST WIND DIRECTION     N (360)
  HIGHEST GUST SPEED    23   HIGHEST GUST DIRECTION     N (350)
  AVERAGE WIND SPEED     9.4


SKY COVER
  POSSIBLE SUNSHINE  MM
  AVERAGE SKY COVER 0.2


WEATHER CONDITIONS
 THE FOLLOWING WEATHER WAS RECORDED TODAY.
  NO SIGNIFICANT WEATHER WAS OBSERVED.


RELATIVE HUMIDITY (PERCENT)
 HIGHEST    86           500 AM
 LOWEST     26           400 PM
 AVERAGE    56

..........................................................


THE SALEM OR CLIMATE NORMALS FOR TOMORROW
                         NORMAL    RECORD    YEAR
 MAXIMUM TEMPERATURE (F)   82       101      2016
 MINIMUM TEMPERATURE (F)   53        41      1973


SUNRISE AND SUNSET
AUGUST 19 2017........SUNRISE   619 AM PDT   SUNSET   811 PM PDT
AUGUST 20 2017........SUNRISE   620 AM PDT   SUNSET   809 PM PDT


-  INDICATES NEGATIVE NUMBERS.
R  INDICATES RECORD WAS SET OR TIED.
MM INDICATES DATA IS MISSING.
T  INDICATES TRACE AMOUNT.




$$
