000
CDUS41 KBTV 290603
CLISLK


CLIMATE REPORT
NATIONAL WEATHER SERVICE BURLINGTON VT
201 AM EDT MON JUN 29 2015


...................................

...THE SARANAC LAKE NY CLIMATE SUMMARY FOR JUNE 28 2015...

CLIMATE NORMAL PERIOD 1981 TO 2010
CLIMATE RECORD PERIOD 9999 TO 9999


WEATHER ITEM   OBSERVED TIME   NORMAL DEPARTURE LAST
                VALUE   (LST)  VALUE  FROM      YEAR
                                      NORMAL
......................................................
TEMPERATURE (F)
 YESTERDAY
  MAXIMUM         59   1225 AM  75    -16       81
  MINIMUM         52    752 AM  50      2       42
  AVERAGE         56            63     -7       62

PRECIPITATION (IN)
  YESTERDAY        1.00          0.12   0.88     0.00
  MONTH TO DATE    9.58          3.61   5.97     6.78
  SINCE JUN 1      9.58          3.61   5.97     6.78
  SINCE JAN 1     17.37         15.96   1.41    18.94

DEGREE DAYS
 HEATING
  YESTERDAY        9             4      5        3
  MONTH TO DATE  180           178      2      167
  SINCE JUN 1    180           178      2      167
  SINCE JUL 1   9492          9412     80     9929

 COOLING
  YESTERDAY        0             1     -1        0
  MONTH TO DATE    6            27    -21       11
  SINCE JUN 1      6            27    -21       11
  SINCE JAN 1     22            30     -8       12
......................................................


WIND (MPH)
  HIGHEST WIND SPEED    20   HIGHEST WIND DIRECTION     E (80)
  HIGHEST GUST SPEED    26   HIGHEST GUST DIRECTION     E (100)
  AVERAGE WIND SPEED     7.4


SKY COVER
  AVERAGE SKY COVER 1.0


WEATHER CONDITIONS
 THE FOLLOWING WEATHER WAS RECORDED YESTERDAY.
  HEAVY RAIN
  RAIN
  LIGHT RAIN
  FOG


RELATIVE HUMIDITY (PERCENT)
 HIGHEST   100           700 PM
 LOWEST     60          1200 AM
 AVERAGE    80

..........................................................


THE SARANAC LAKE NY CLIMATE NORMALS FOR TODAY
                         NORMAL    RECORD    YEAR
 MAXIMUM TEMPERATURE (F)   75        85      2014
 MINIMUM TEMPERATURE (F)   50        39      2007


SUNRISE AND SUNSET
JUNE 29 2015..........SUNRISE   515 AM EDT   SUNSET   845 PM EDT
JUNE 30 2015..........SUNRISE   516 AM EDT   SUNSET   845 PM EDT


-  INDICATES NEGATIVE NUMBERS.
R  INDICATES RECORD WAS SET OR TIED.
MM INDICATES DATA IS MISSING.
T  INDICATES TRACE AMOUNT.




$$
