000
CDUS41 KBTV 190529
CLISLK


CLIMATE REPORT
NATIONAL WEATHER SERVICE BURLINGTON VT
127 AM EDT THU OCT 19 2017


...................................

...THE SARANAC LAKE NY CLIMATE SUMMARY FOR OCTOBER 18 2017...

CLIMATE NORMAL PERIOD 1981 TO 2010
CLIMATE RECORD PERIOD 9999 TO 9999


WEATHER ITEM   OBSERVED TIME   NORMAL DEPARTURE LAST
                VALUE   (LST)  VALUE  FROM      YEAR
                                      NORMAL
......................................................
TEMPERATURE (F)
 YESTERDAY
  MAXIMUM         66    333 PM  52     14       78
  MINIMUM         36   1159 PM  30      6       50
  AVERAGE         51            41     10       64

PRECIPITATION (IN)
  YESTERDAY        0.00          0.13  -0.13     0.24
  MONTH TO DATE    3.63          2.30   1.33     1.08
  SINCE SEP 1      5.71          5.59   0.12     3.38
  SINCE JAN 1     37.37         30.13   7.24    25.30

DEGREE DAYS
 HEATING
  YESTERDAY       14            24    -10        1
  MONTH TO DATE  253           375   -122      250
  SINCE SEP 1    504           720   -216      517
  SINCE JUL 1    776           960   -184      638

 COOLING
  YESTERDAY        0             0      0        0
  MONTH TO DATE    0             0      0        0
  SINCE SEP 1     16             7      9       15
  SINCE JAN 1     69           114    -45      166
......................................................


WIND (MPH)
  HIGHEST WIND SPEED    14   HIGHEST WIND DIRECTION    SW (210)
  HIGHEST GUST SPEED    19   HIGHEST GUST DIRECTION    SW (230)
  AVERAGE WIND SPEED     5.6


SKY COVER
  AVERAGE SKY COVER 0.2


WEATHER CONDITIONS
 THE FOLLOWING WEATHER WAS RECORDED YESTERDAY.
  NO SIGNIFICANT WEATHER WAS OBSERVED.


RELATIVE HUMIDITY (PERCENT)
 HIGHEST   100           800 PM
 LOWEST     34           300 PM
 AVERAGE    67

..........................................................


THE SARANAC LAKE NY CLIMATE NORMALS FOR TODAY
                         NORMAL    RECORD    YEAR
 MAXIMUM TEMPERATURE (F)   52        74      2007
 MINIMUM TEMPERATURE (F)   30        10      2015


SUNRISE AND SUNSET
OCTOBER 19 2017.......SUNRISE   717 AM EDT   SUNSET   606 PM EDT
OCTOBER 20 2017.......SUNRISE   718 AM EDT   SUNSET   604 PM EDT


-  INDICATES NEGATIVE NUMBERS.
R  INDICATES RECORD WAS SET OR TIED.
MM INDICATES DATA IS MISSING.
T  INDICATES TRACE AMOUNT.




$$
