000
CDUS41 KBTV 290524
CLISLK


CLIMATE REPORT
NATIONAL WEATHER SERVICE BURLINGTON VT
122 AM EDT THU JUN 29 2017


...................................

...THE SARANAC LAKE NY CLIMATE SUMMARY FOR JUNE 28 2017...

CLIMATE NORMAL PERIOD 1981 TO 2010
CLIMATE RECORD PERIOD 9999 TO 9999


WEATHER ITEM   OBSERVED TIME   NORMAL DEPARTURE LAST
                VALUE   (LST)  VALUE  FROM      YEAR
                                      NORMAL
......................................................
TEMPERATURE (F)
 YESTERDAY
  MAXIMUM         69    317 PM  75     -6       MM
  MINIMUM         44   1159 PM  50     -6       MM
  AVERAGE         57            63     -6       MM

PRECIPITATION (IN)
  YESTERDAY        0.09          0.12  -0.03     0.00
  MONTH TO DATE    5.31          3.61   1.70     3.06
  SINCE JUN 1      5.31          3.61   1.70     3.06
  SINCE JAN 1     21.40         15.96   5.44    15.57

DEGREE DAYS
 HEATING
  YESTERDAY        8             4      4       MM
  MONTH TO DATE  205           178     27      211
  SINCE JUN 1    205           178     27      211
  SINCE JUL 1   8430          9412   -982     8156

 COOLING
  YESTERDAY        0             1     -1       MM
  MONTH TO DATE   16            27    -11       15
  SINCE JUN 1     16            27    -11       15
  SINCE JAN 1     22            30     -8       33
......................................................


WIND (MPH)
  HIGHEST WIND SPEED    15   HIGHEST WIND DIRECTION     W (250)
  HIGHEST GUST SPEED    25   HIGHEST GUST DIRECTION    SW (240)
  AVERAGE WIND SPEED     6.0


SKY COVER
  AVERAGE SKY COVER 0.5


WEATHER CONDITIONS
 THE FOLLOWING WEATHER WAS RECORDED YESTERDAY.
  RAIN
  LIGHT RAIN
  FOG


RELATIVE HUMIDITY (PERCENT)
 HIGHEST   100           100 AM
 LOWEST     48           500 PM
 AVERAGE    74

..........................................................


THE SARANAC LAKE NY CLIMATE NORMALS FOR TODAY
                         NORMAL    RECORD    YEAR
 MAXIMUM TEMPERATURE (F)   75        85      2014
 MINIMUM TEMPERATURE (F)   50        39      2007


SUNRISE AND SUNSET
JUNE 29 2017..........SUNRISE   515 AM EDT   SUNSET   845 PM EDT
JUNE 30 2017..........SUNRISE   516 AM EDT   SUNSET   845 PM EDT


-  INDICATES NEGATIVE NUMBERS.
R  INDICATES RECORD WAS SET OR TIED.
MM INDICATES DATA IS MISSING.
T  INDICATES TRACE AMOUNT.




$$
