000
CDUS41 KBTV 250539
CLISLK


CLIMATE REPORT
NATIONAL WEATHER SERVICE BURLINGTON VT
134 AM EDT MON MAY 25 2015


...................................

...THE SARANAC LAKE NY CLIMATE SUMMARY FOR MAY 24 2015...

CLIMATE NORMAL PERIOD 1981 TO 2010
CLIMATE RECORD PERIOD 9999 TO 9999


WEATHER ITEM   OBSERVED TIME   NORMAL DEPARTURE LAST
                VALUE   (LST)  VALUE  FROM      YEAR
                                      NORMAL
......................................................
TEMPERATURE (F)
 YESTERDAY
  MAXIMUM         76    302 PM  66     10       68
  MINIMUM         44   1232 AM  40      4       48
  AVERAGE         60            53      7       58

PRECIPITATION (IN)
  YESTERDAY        T             0.12  -0.12     0.19
  MONTH TO DATE    1.48          2.57  -1.09     3.79
  SINCE MAR 1      4.81          7.74  -2.93     9.48
  SINCE JAN 1      5.68         11.48  -5.80    12.10

DEGREE DAYS
 HEATING
  YESTERDAY        5            12     -7        7
  MONTH TO DATE  281           386   -105      352
  SINCE MAR 1   2502          2452     50     2711
  SINCE JUL 1   9285          9157    128     9695

 COOLING
  YESTERDAY        0             0      0        0
  MONTH TO DATE    5             0      5        1
  SINCE MAR 1      5             0      5        1
  SINCE JAN 1      5             0      5        1
......................................................


WIND (MPH)
  HIGHEST WIND SPEED    22   HIGHEST WIND DIRECTION    SW (230)
  HIGHEST GUST SPEED    33   HIGHEST GUST DIRECTION    SW (240)
  AVERAGE WIND SPEED    10.5


SKY COVER
  AVERAGE SKY COVER 0.3


WEATHER CONDITIONS
 THE FOLLOWING WEATHER WAS RECORDED YESTERDAY.
  LIGHT RAIN


RELATIVE HUMIDITY (PERCENT)
 HIGHEST    59          1100 PM
 LOWEST     20           300 PM
 AVERAGE    40

..........................................................


THE SARANAC LAKE NY CLIMATE NORMALS FOR TODAY
                         NORMAL    RECORD    YEAR
 MAXIMUM TEMPERATURE (F)   67        86      2010
 MINIMUM TEMPERATURE (F)   40        23      2002


SUNRISE AND SUNSET
MAY 25 2015...........SUNRISE   520 AM EDT   SUNSET   828 PM EDT
MAY 26 2015...........SUNRISE   520 AM EDT   SUNSET   829 PM EDT


-  INDICATES NEGATIVE NUMBERS.
R  INDICATES RECORD WAS SET OR TIED.
MM INDICATES DATA IS MISSING.
T  INDICATES TRACE AMOUNT.




$$
