000
CDUS41 KBTV 040559
CLISLK


CLIMATE REPORT
NATIONAL WEATHER SERVICE BURLINGTON VT
1259 AM EST WED MAR 4 2015


...................................

...THE SARANAC LAKE NY CLIMATE SUMMARY FOR MARCH 3 2015...

CLIMATE NORMAL PERIOD 1981 TO 2010
CLIMATE RECORD PERIOD 9999 TO 9999


WEATHER ITEM   OBSERVED TIME   NORMAL DEPARTURE LAST
                VALUE   (LST)  VALUE  FROM      YEAR
                                      NORMAL
......................................................
TEMPERATURE (F)
 YESTERDAY
  MAXIMUM         26   1159 PM  32     -6        9
  MINIMUM        -19    623 AM   6    -25      -13
  AVERAGE          4            19    -15       -2

PRECIPITATION (IN)
  YESTERDAY        0.02          0.05  -0.03      T
  MONTH TO DATE    0.06          0.15  -0.09     0.01
  SINCE MAR 1      0.06          0.15  -0.09     0.01
  SINCE JAN 1      0.93          3.89  -2.96     2.63

DEGREE DAYS
 HEATING
  YESTERDAY       61            46     15       67
  MONTH TO DATE  177           139     38      185
  SINCE MAR 1    177           139     38      185
  SINCE JUL 1   6960          6844    116     7169

 COOLING
  YESTERDAY        0             0      0        0
  MONTH TO DATE    0             0      0        0
  SINCE MAR 1      0             0      0        0
  SINCE JAN 1      0             0      0        0
......................................................


WIND (MPH)
  HIGHEST WIND SPEED    24   HIGHEST WIND DIRECTION    SW (210)
  HIGHEST GUST SPEED    32   HIGHEST GUST DIRECTION     S (200)
  AVERAGE WIND SPEED     5.8


SKY COVER
  AVERAGE SKY COVER 0.4


WEATHER CONDITIONS
 THE FOLLOWING WEATHER WAS RECORDED YESTERDAY.
  LIGHT SNOW
  FOG
  HAZE


RELATIVE HUMIDITY (PERCENT)
 HIGHEST    96          1100 PM
 LOWEST     46           300 PM
 AVERAGE    71

..........................................................


THE SARANAC LAKE NY CLIMATE NORMALS FOR TODAY
                         NORMAL    RECORD    YEAR
 MAXIMUM TEMPERATURE (F)   33        50      1999
 MINIMUM TEMPERATURE (F)    6       -25      2003


SUNRISE AND SUNSET
MARCH  4 2015.........SUNRISE   629 AM EST   SUNSET   548 PM EST
MARCH  5 2015.........SUNRISE   628 AM EST   SUNSET   550 PM EST


-  INDICATES NEGATIVE NUMBERS.
R  INDICATES RECORD WAS SET OR TIED.
MM INDICATES DATA IS MISSING.
T  INDICATES TRACE AMOUNT.




$$
