000
CDUS43 KICT 200701
CLISLN

CLIMATE REPORT
NATIONAL WEATHER SERVICE WICHITA KS
1259 AM CST MON FEB 20 2017

...................................

...THE SALINA KS CLIMATE SUMMARY FOR FEBRUARY 19 2017...

CLIMATE NORMAL PERIOD 1981 TO 2010
CLIMATE RECORD PERIOD 1894 TO 2017


WEATHER ITEM   OBSERVED TIME   RECORD YEAR NORMAL DEPARTURE LAST
                VALUE   (LST)  VALUE       VALUE  FROM      YEAR
                                                  NORMAL
..................................................................
TEMPERATURE (F)
 YESTERDAY
  MAXIMUM         68    353 PM  79    1930  48     20       73
  MINIMUM         42    527 AM  -3    1978  26     16       44
  AVERAGE         55                        37     18       59

PRECIPITATION (IN)
  YESTERDAY        0.01          1.15 1954   0.04  -0.03     0.00
  MONTH TO DATE    0.03                      0.74  -0.71     0.52
  SINCE DEC 1      2.90                      2.31   0.59     4.90
  SINCE JAN 1      2.05                      1.37   0.68     1.24

DEGREE DAYS
 HEATING
  YESTERDAY       10                        28    -18        6
  MONTH TO DATE  415                       585   -170      455
  SINCE DEC 1   1978                      2649   -671     2162
  SINCE JUL 1   2521                      3601  -1080     2794

 COOLING
  YESTERDAY        0                         0      0        0
  MONTH TO DATE    0                         0      0        0
  SINCE DEC 1      0                         0      0        0
  SINCE JAN 1      0                         0      0        0
..................................................................


WIND (MPH)
  HIGHEST WIND SPEED    22   HIGHEST WIND DIRECTION     S (170)
  HIGHEST GUST SPEED    28   HIGHEST GUST DIRECTION     S (170)
  AVERAGE WIND SPEED    11.5


SKY COVER
  POSSIBLE SUNSHINE  MM
  AVERAGE SKY COVER 0.4


WEATHER CONDITIONS
 THE FOLLOWING WEATHER WAS RECORDED YESTERDAY.
  LIGHT RAIN
  FOG
  HAZE


RELATIVE HUMIDITY (PERCENT)
 HIGHEST    93           400 AM
 LOWEST     59           400 PM
 AVERAGE    76

..........................................................


THE SALINA KS CLIMATE NORMALS FOR TODAY
                         NORMAL    RECORD    YEAR
 MAXIMUM TEMPERATURE (F)   48        80      1981
 MINIMUM TEMPERATURE (F)   26         0      1918


SUNRISE AND SUNSET
FEBRUARY 20 2017......SUNRISE   715 AM CST   SUNSET   614 PM CST
FEBRUARY 21 2017......SUNRISE   714 AM CST   SUNSET   615 PM CST


-  INDICATES NEGATIVE NUMBERS.
R  INDICATES RECORD WAS SET OR TIED.
MM INDICATES DATA IS MISSING.
T  INDICATES TRACE AMOUNT.

$$
