000
CDUS43 KICT 230632
CLISLN


CLIMATE REPORT
NATIONAL WEATHER SERVICE WICHITA KS
1232 AM CST MON JAN 23 2017


...................................

...THE SALINA KS CLIMATE SUMMARY FOR JANUARY 22 2017...

CLIMATE NORMAL PERIOD 1981 TO 2010
CLIMATE RECORD PERIOD 1894 TO 2017


WEATHER ITEM   OBSERVED TIME   RECORD YEAR NORMAL DEPARTURE LAST
                VALUE   (LST)  VALUE       VALUE  FROM      YEAR
                                                  NORMAL
..................................................................
TEMPERATURE (F)
 YESTERDAY
  MAXIMUM         50    400 PM  67    1938  42      8       MM
  MINIMUM         28   1100 PM  -9    1929  20      8       MM
  AVERAGE         39                        31      8       MM

PRECIPITATION (IN)
  YESTERDAY        0.00          0.47 1965   0.02  -0.02     0.00
  MONTH TO DATE    0.20                      0.40  -0.20     0.72
  SINCE DEC 1      1.05                      1.34  -0.29     4.38
  SINCE JAN 1      0.20                      0.40  -0.20     0.72

DEGREE DAYS
 HEATING
  YESTERDAY       26                        34     -8       MM
  MONTH TO DATE  315                       748   -433      681
  SINCE DEC 1   1341                      1760   -419     1480
  SINCE JUL 1   1884                      2712   -828     2112

 COOLING
  YESTERDAY        0                         0      0       MM
  MONTH TO DATE    0                         0      0        0
  SINCE DEC 1      0                         0      0        0
  SINCE JAN 1      0                         0      0        0
..................................................................


WIND (MPH)
  HIGHEST WIND SPEED    22   HIGHEST WIND DIRECTION     N (350)
  HIGHEST GUST SPEED    29   HIGHEST GUST DIRECTION     N (350)
  AVERAGE WIND SPEED    10.8


SKY COVER
  POSSIBLE SUNSHINE  MM
  AVERAGE SKY COVER 0.0


WEATHER CONDITIONS
 THE FOLLOWING WEATHER WAS RECORDED YESTERDAY.
  NO SIGNIFICANT WEATHER WAS OBSERVED.


RELATIVE HUMIDITY (PERCENT)
 HIGHEST    92          1000 PM
 LOWEST     46           400 PM
 AVERAGE    69

..........................................................


THE SALINA KS CLIMATE NORMALS FOR TODAY
                         NORMAL    RECORD    YEAR
 MAXIMUM TEMPERATURE (F)   42        71      1981
 MINIMUM TEMPERATURE (F)   21       -10      1915


SUNRISE AND SUNSET
JANUARY 23 2017.......SUNRISE   743 AM CST   SUNSET   542 PM CST
JANUARY 24 2017.......SUNRISE   743 AM CST   SUNSET   543 PM CST


-  INDICATES NEGATIVE NUMBERS.
R  INDICATES RECORD WAS SET OR TIED.
MM INDICATES DATA IS MISSING.
T  INDICATES TRACE AMOUNT.




$$
