406
CDUS43 KICT 290620
CLISLN


CLIMATE REPORT
NATIONAL WEATHER SERVICE WICHITA KS
120 AM CDT THU SEP 29 2016


...................................

...THE SALINA KS CLIMATE SUMMARY FOR SEPTEMBER 28 2016...

CLIMATE NORMAL PERIOD 1981 TO 2010
CLIMATE RECORD PERIOD 1894 TO 2016


WEATHER ITEM   OBSERVED TIME   RECORD YEAR NORMAL DEPARTURE LAST
                VALUE   (LST)  VALUE       VALUE  FROM      YEAR
                                                  NORMAL
..................................................................
TEMPERATURE (F)
 YESTERDAY
  MAXIMUM         75    257 PM 107    1953  76     -1       88
  MINIMUM         54   1159 PM  32    1896  53      1       59
  AVERAGE         65                        64      1       74

PRECIPITATION (IN)
  YESTERDAY        0.00          0.88 1977   0.09  -0.09     0.00
  MONTH TO DATE    1.20                      2.52  -1.32     1.67
  SINCE SEP 1      1.20                      2.52  -1.32     1.67
  SINCE JAN 1     23.64                     26.86  -3.22    25.52

DEGREE DAYS
 HEATING
  YESTERDAY        0                         4     -4        0
  MONTH TO DATE    5                        41    -36        2
  SINCE SEP 1      5                        41    -36        2
  SINCE JUL 1      5                        42    -37        2

 COOLING
  YESTERDAY        0                         3     -3        9
  MONTH TO DATE  266                       198     68      363
  SINCE SEP 1    266                       198     68      363
  SINCE JAN 1   1936                      1605    331     1817
..................................................................


WIND (MPH)
  HIGHEST WIND SPEED    21   HIGHEST WIND DIRECTION     N (360)
  HIGHEST GUST SPEED    26   HIGHEST GUST DIRECTION     N (350)
  AVERAGE WIND SPEED     9.7


SKY COVER
  POSSIBLE SUNSHINE  MM
  AVERAGE SKY COVER 0.0


WEATHER CONDITIONS
 THE FOLLOWING WEATHER WAS RECORDED YESTERDAY.
  NO SIGNIFICANT WEATHER WAS OBSERVED.


RELATIVE HUMIDITY (PERCENT)
 HIGHEST    86           500 AM
 LOWEST     27           100 PM
 AVERAGE    57

..........................................................


THE SALINA KS CLIMATE NORMALS FOR TODAY
                         NORMAL    RECORD    YEAR
 MAXIMUM TEMPERATURE (F)   76        98      1994
 MINIMUM TEMPERATURE (F)   52        28      1916


SUNRISE AND SUNSET
SEPTEMBER 29 2016.....SUNRISE   725 AM CDT   SUNSET   716 PM CDT
SEPTEMBER 30 2016.....SUNRISE   726 AM CDT   SUNSET   714 PM CDT


-  INDICATES NEGATIVE NUMBERS.
R  INDICATES RECORD WAS SET OR TIED.
MM INDICATES DATA IS MISSING.
T  INDICATES TRACE AMOUNT.




$$
