670
CDUS46 KLOX 110113
CLISMX


CLIMATE REPORT
NATIONAL WEATHER SERVICE LOS ANGELES/OXNARD CA
512 PM PST WED FEB 10 2016


...................................

...THE SANTA MARIA AIRPORT CA CLIMATE SUMMARY FOR FEBRUARY 10 2016...
VALID TODAY AS OF 0500 PM LOCAL TIME.

CLIMATE NORMAL PERIOD 1981 TO 2010
CLIMATE RECORD PERIOD 1906 TO 2016


WEATHER ITEM   OBSERVED TIME   RECORD YEAR NORMAL DEPARTURE LAST
                VALUE   (LST)  VALUE       VALUE  FROM      YEAR
                                                  NORMAL
..................................................................
TEMPERATURE (F)
 TODAY
  MAXIMUM         76    238 PM  80    1971  64     12       76
  MINIMUM         40    614 AM  27    1965  41     -1       49
  AVERAGE         58                        53      5       63

PRECIPITATION (IN)
  TODAY            0.00          3.55 1938   0.10  -0.10     0.00
  MONTH TO DATE    T                         1.04  -1.04     0.39
  SINCE OCT 1      4.81                      7.84  -3.03     6.27
  SINCE JAN 1      2.93                      3.79  -0.86     0.71

SNOWFALL (IN)
  TODAY            0.0
  MONTH TO DATE    0.0
  SINCE DEC 1      0.0
  SINCE JUL 1      0.0

DEGREE DAYS
 HEATING
  TODAY            7                        12     -5
  MONTH TO DATE   90                       128    -38
  SINCE DEC 1    798                       974   -176
  SINCE JUL 1   1046                      1620   -574

 COOLING
  TODAY            0                         0      0
  MONTH TO DATE    2                         0      2
  SINCE DEC 1      2                         0      2
  SINCE JAN 1      2                         0      2
..................................................................


WIND (MPH)
  HIGHEST WIND SPEED     9   HIGHEST WIND DIRECTION     W (290)
  HIGHEST GUST SPEED    12   HIGHEST GUST DIRECTION    NW (300)
  AVERAGE WIND SPEED     2.9


SKY COVER
  POSSIBLE SUNSHINE  MM
  AVERAGE SKY COVER 0.1


WEATHER CONDITIONS
 THE FOLLOWING WEATHER WAS RECORDED TODAY.
  NO SIGNIFICANT WEATHER WAS OBSERVED.


RELATIVE HUMIDITY (PERCENT)
 HIGHEST    83           600 AM
 LOWEST     38          1200 PM
 AVERAGE    61

..........................................................


THE SANTA MARIA AIRPORT CA CLIMATE NORMALS FOR TOMORROW
                         NORMAL    RECORD    YEAR
 MAXIMUM TEMPERATURE (F)   64        84      1971
 MINIMUM TEMPERATURE (F)   41        29      1966
                                             1965
                                             1929


SUNRISE AND SUNSET
FEBRUARY 10 2016......SUNRISE   653 AM PST   SUNSET   539 PM PST
FEBRUARY 11 2016......SUNRISE   652 AM PST   SUNSET   540 PM PST


-  INDICATES NEGATIVE NUMBERS.
R  INDICATES RECORD WAS SET OR TIED.
MM INDICATES DATA IS MISSING.
T  INDICATES TRACE AMOUNT.




$$
