000
CDUS46 KLOX 220902
CLISMX


CLIMATE REPORT
NATIONAL WEATHER SERVICE LOS ANGELES/OXNARD CA
202 AM PDT SUN OCT 22 2017


...................................

...THE SANTA MARIA AIRPORT CA CLIMATE SUMMARY FOR OCTOBER 21 2017...

CLIMATE NORMAL PERIOD 1981 TO 2010
CLIMATE RECORD PERIOD 1906 TO 2017


WEATHER ITEM   OBSERVED TIME   RECORD YEAR NORMAL DEPARTURE LAST
                VALUE   (LST)  VALUE       VALUE  FROM      YEAR
                                                  NORMAL
..................................................................
TEMPERATURE (F)
 YESTERDAY
  MAXIMUM         79    324 PM  98    1929  73      6       87
  MINIMUM         49   1233 AM  34    1949  48      1       49
  AVERAGE         64                        60      4       68

PRECIPITATION (IN)
  YESTERDAY        0.00          0.37 1985   0.02  -0.02     0.00
  MONTH TO DATE    0.03                      0.30  -0.27     0.21
  SINCE OCT 1      0.03                      0.30  -0.27     0.21
  SINCE JAN 1     14.14                     10.20   3.94     7.33

SNOWFALL (IN)
  YESTERDAY        0.0
  MONTH TO DATE    0.0
  SINCE SEP 1      0.0
  SINCE JUL 1      0.0

DEGREE DAYS
 HEATING
  YESTERDAY        1                         5     -4
  MONTH TO DATE   45                        90    -45
  SINCE SEP 1     71                       171   -100
  SINCE JUL 1    112                       307   -195

 COOLING
  YESTERDAY        0                         1     -1
  MONTH TO DATE   30                        21      9
  SINCE SEP 1    156                        48    108
  SINCE JAN 1    256                       103    153
..................................................................


WIND (MPH)
  HIGHEST WIND SPEED    28   HIGHEST WIND DIRECTION     N (20)
  HIGHEST GUST SPEED    34   HIGHEST GUST DIRECTION    NE (30)
  AVERAGE WIND SPEED    15.3


SKY COVER
  POSSIBLE SUNSHINE  MM
  AVERAGE SKY COVER 0.0


WEATHER CONDITIONS
 THE FOLLOWING WEATHER WAS RECORDED YESTERDAY.
  NO SIGNIFICANT WEATHER WAS OBSERVED.


RELATIVE HUMIDITY (PERCENT)
 HIGHEST    77          1200 AM
 LOWEST     16           400 PM
 AVERAGE    47

..........................................................


THE SANTA MARIA AIRPORT CA CLIMATE NORMALS FOR TODAY
                         NORMAL    RECORD    YEAR
 MAXIMUM TEMPERATURE (F)   73       101      1929
 MINIMUM TEMPERATURE (F)   48        35      1949
                                             1917


SUNRISE AND SUNSET
OCTOBER 22 2017.......SUNRISE   714 AM PDT   SUNSET   618 PM PDT
OCTOBER 23 2017.......SUNRISE   715 AM PDT   SUNSET   617 PM PDT


-  INDICATES NEGATIVE NUMBERS.
R  INDICATES RECORD WAS SET OR TIED.
MM INDICATES DATA IS MISSING.
T  INDICATES TRACE AMOUNT.




$$
