000
CDUS46 KLOX 252219
CLISMX


CLIMATE REPORT
NATIONAL WEATHER SERVICE LOS ANGELES/OXNARD CA
318 PM PDT SUN SEP 25 2016


...................................

...THE SANTA MARIA AIRPORT CA CLIMATE SUMMARY FOR SEPTEMBER 25 2016...
VALID AS OF 0300 PM LOCAL TIME.

CLIMATE NORMAL PERIOD 1981 TO 2010
CLIMATE RECORD PERIOD 1906 TO 2016


WEATHER ITEM   OBSERVED TIME   RECORD YEAR NORMAL DEPARTURE LAST
                VALUE   (LST)  VALUE       VALUE  FROM      YEAR
                                                  NORMAL
..................................................................
TEMPERATURE (F)
 TODAY
  MAXIMUM         97   1157 AM  99    1968  74     23       87
  MINIMUM         53    510 AM  38    1948  52      1       60
  AVERAGE         75                        63     12       74

PRECIPITATION (IN)
  TODAY            0.00          0.29 1939   0.00   0.00     0.00
  MONTH TO DATE    0.00                      0.10  -0.10     0.09
  SINCE OCT 1      9.00                     13.91  -4.91     7.87
  SINCE JAN 1      7.12                      9.86  -2.74     2.31

SNOWFALL (IN)
  TODAY            0.0
  MONTH TO DATE    0.0
  SINCE SEP 1      0.0
  SINCE JUL 1      0.0

DEGREE DAYS
 HEATING
  TODAY            0                         3     -3
  MONTH TO DATE   63                        65     -2
  SINCE SEP 1     63                        65     -2
  SINCE JUL 1    199                       201     -2

 COOLING
  TODAY           10                         1      9
  MONTH TO DATE   27                        25      2
  SINCE SEP 1     27                        25      2
  SINCE JAN 1     79                        80     -1
..................................................................


WIND (MPH)
  HIGHEST WIND SPEED    17   HIGHEST WIND DIRECTION    NW (300)
  HIGHEST GUST SPEED    20   HIGHEST GUST DIRECTION    NW (330)
  AVERAGE WIND SPEED     4.8


SKY COVER
  POSSIBLE SUNSHINE  MM
  AVERAGE SKY COVER 0.0


WEATHER CONDITIONS
 THE FOLLOWING WEATHER WAS RECORDED TODAY.
  HAZE


RELATIVE HUMIDITY (PERCENT)
 HIGHEST    62          1200 AM
 LOWEST     14          1100 AM
 AVERAGE    38

..........................................................


THE SANTA MARIA AIRPORT CA CLIMATE NORMALS FOR TOMORROW
                         NORMAL    RECORD    YEAR
 MAXIMUM TEMPERATURE (F)   74       100      1921
 MINIMUM TEMPERATURE (F)   52        36      1948


SUNRISE AND SUNSET
SEPTEMBER 25 2016.....SUNRISE   652 AM PDT   SUNSET   653 PM PDT
SEPTEMBER 26 2016.....SUNRISE   653 AM PDT   SUNSET   652 PM PDT


-  INDICATES NEGATIVE NUMBERS.
R  INDICATES RECORD WAS SET OR TIED.
MM INDICATES DATA IS MISSING.
T  INDICATES TRACE AMOUNT.




$$
