000
CDUS46 KLOX 170913
CLISMX


CLIMATE REPORT
NATIONAL WEATHER SERVICE LOS ANGELES/OXNARD CA
213 AM PDT THU APR 17 2014


...................................

...THE SANTA MARIA AIRPORT CA CLIMATE SUMMARY FOR APRIL 16 2014...

CLIMATE NORMAL PERIOD 1981 TO 2010
CLIMATE RECORD PERIOD 1906 TO 2014


WEATHER ITEM   OBSERVED TIME   RECORD YEAR NORMAL DEPARTURE LAST
                VALUE   (LST)  VALUE       VALUE  FROM      YEAR
                                                  NORMAL
..................................................................
TEMPERATURE (F)
 YESTERDAY
  MAXIMUM         70    150 PM  86    1952  67      3       62
  MINIMUM         50    627 AM  32    1976  44      6       35
  AVERAGE         60                        56      4       49

PRECIPITATION (IN)
  YESTERDAY        0.00          0.34 1920   0.03  -0.03     0.00
  MONTH TO DATE    0.72                      0.64   0.08     0.11
  SINCE JUL 1      4.38                     13.26  -8.88     6.18
  SINCE JAN 1      3.88                      9.02  -5.14     2.45

SNOWFALL (IN)
  YESTERDAY        0.0
  MONTH TO DATE    0.0
  SINCE MAR 1      0.0
  SINCE JUL 1      0.0

DEGREE DAYS
 HEATING
  YESTERDAY        5                         9     -4
  MONTH TO DATE   94                       160    -66
  SINCE MAR 1    250                       500   -250
  SINCE JUL 1   1388                      2333   -945

 COOLING
  YESTERDAY        0                         0      0
  MONTH TO DATE    2                         0      2
  SINCE MAR 1     10                         1      9
  SINCE JAN 1     14                         2     12
..................................................................


WIND (MPH)
  HIGHEST WIND SPEED    MM   HIGHEST WIND DIRECTION    MM
  HIGHEST GUST SPEED    MM   HIGHEST GUST DIRECTION    MM
  AVERAGE WIND SPEED     6.9


SKY COVER
  POSSIBLE SUNSHINE  MM
  AVERAGE SKY COVER 0.4


WEATHER CONDITIONS
 THE FOLLOWING WEATHER WAS RECORDED YESTERDAY.
  FOG
  HAZE


RELATIVE HUMIDITY (PERCENT)
 HIGHEST    89           300 AM
 LOWEST     47           100 PM
 AVERAGE    68

..........................................................


THE SANTA MARIA AIRPORT CA CLIMATE NORMALS FOR TODAY
                         NORMAL    RECORD    YEAR
 MAXIMUM TEMPERATURE (F)   67        89      1938
 MINIMUM TEMPERATURE (F)   44        33      1976


SUNRISE AND SUNSET
APRIL 17 2014.........SUNRISE   627 AM PDT   SUNSET   736 PM PDT
APRIL 18 2014.........SUNRISE   626 AM PDT   SUNSET   737 PM PDT


-  INDICATES NEGATIVE NUMBERS.
R  INDICATES RECORD WAS SET OR TIED.
MM INDICATES DATA IS MISSING.
T  INDICATES TRACE AMOUNT.




$$
