000
CDUS46 KLOX 220908
CLISMX


CLIMATE REPORT
NATIONAL WEATHER SERVICE LOS ANGELES/OXNARD CA
107 AM PST MON JAN 22 2018


...................................

...THE SANTA MARIA AIRPORT CA CLIMATE SUMMARY FOR JANUARY 21 2018...

CLIMATE NORMAL PERIOD 1981 TO 2010
CLIMATE RECORD PERIOD 1906 TO 2018


WEATHER ITEM   OBSERVED TIME   RECORD YEAR NORMAL DEPARTURE LAST
                VALUE   (LST)  VALUE       VALUE  FROM      YEAR
                                                  NORMAL
..................................................................
TEMPERATURE (F)
 YESTERDAY
  MAXIMUM         60    300 PM  79    1976  64     -4       57
  MINIMUM         35    457 AM  26    1922  40     -5       42
  AVERAGE         48                        52     -4       50

PRECIPITATION (IN)
  YESTERDAY        0.00          1.65 1909   0.08  -0.08     0.09
  MONTH TO DATE    1.85                      1.83   0.02     5.08
  SINCE OCT 1      1.97                      5.88  -3.91     9.88
  SINCE JAN 1      1.85                      1.83   0.02     5.08

SNOWFALL (IN)
  YESTERDAY        0.0
  MONTH TO DATE    0.0
  SINCE DEC 1      0.0
  SINCE JUL 1      0.0

DEGREE DAYS
 HEATING
  YESTERDAY       17                        13      4
  MONTH TO DATE  144                       290   -146
  SINCE DEC 1    442                       716   -274
  SINCE JUL 1    715                      1362   -647

 COOLING
  YESTERDAY        0                         0      0
  MONTH TO DATE    0                         0      0
  SINCE DEC 1      0                         0      0
  SINCE JAN 1      0                         0      0
..................................................................


WIND (MPH)
  HIGHEST WIND SPEED    22   HIGHEST WIND DIRECTION    NW (300)
  HIGHEST GUST SPEED    25   HIGHEST GUST DIRECTION    NW (300)
  AVERAGE WIND SPEED     6.6


SKY COVER
  POSSIBLE SUNSHINE  MM
  AVERAGE SKY COVER 0.3


WEATHER CONDITIONS
 THE FOLLOWING WEATHER WAS RECORDED YESTERDAY.
  NO SIGNIFICANT WEATHER WAS OBSERVED.


RELATIVE HUMIDITY (PERCENT)
 HIGHEST    92          1200 AM
 LOWEST     42           200 PM
 AVERAGE    67

..........................................................


THE SANTA MARIA AIRPORT CA CLIMATE NORMALS FOR TODAY
                         NORMAL    RECORD    YEAR
 MAXIMUM TEMPERATURE (F)   64        80      2014
                                             1934
 MINIMUM TEMPERATURE (F)   40        27      1945
                                             1937


SUNRISE AND SUNSET
JANUARY 22 2018.......SUNRISE   706 AM PST   SUNSET   521 PM PST
JANUARY 23 2018.......SUNRISE   706 AM PST   SUNSET   522 PM PST


-  INDICATES NEGATIVE NUMBERS.
R  INDICATES RECORD WAS SET OR TIED.
MM INDICATES DATA IS MISSING.
T  INDICATES TRACE AMOUNT.




$$
