624
CDUS46 KLOX 221129
CLISMX


CLIMATE REPORT
NATIONAL WEATHER SERVICE LOS ANGELES/OXNARD CA
329 AM PST SUN JAN 22 2017


...................................

...THE SANTA MARIA AIRPORT CA CLIMATE SUMMARY FOR JANUARY 21 2017...

CLIMATE NORMAL PERIOD 1981 TO 2010
CLIMATE RECORD PERIOD 1906 TO 2017


WEATHER ITEM   OBSERVED TIME   RECORD YEAR NORMAL DEPARTURE LAST
                VALUE   (LST)  VALUE       VALUE  FROM      YEAR
                                                  NORMAL
..................................................................
TEMPERATURE (F)
 YESTERDAY
  MAXIMUM         57    224 PM  79    1976  64     -7       70
  MINIMUM         42    733 AM  26    1922  40      2       48
  AVERAGE         50                        52     -2       59

PRECIPITATION (IN)
  YESTERDAY        0.09          1.65 1909   0.08   0.01     0.00
  MONTH TO DATE    5.08                      1.83   3.25     2.01
  SINCE OCT 1      9.88                      5.88   4.00     3.89
  SINCE JAN 1      5.08                      1.83   3.25     2.01

SNOWFALL (IN)
  YESTERDAY       MM
  MONTH TO DATE    0.0
  SINCE DEC 1      0.0
  SINCE JUL 1      0.0

DEGREE DAYS
 HEATING
  YESTERDAY       15                        13      2
  MONTH TO DATE  290                       290      0
  SINCE DEC 1    705                       716    -11
  SINCE JUL 1   1256                      1362   -106

 COOLING
  YESTERDAY        0                         0      0
  MONTH TO DATE    0                         0      0
  SINCE DEC 1      0                         0      0
  SINCE JAN 1      0                         0      0
..................................................................


WIND (MPH)
  HIGHEST WIND SPEED    16   HIGHEST WIND DIRECTION     S (160)
  HIGHEST GUST SPEED    29   HIGHEST GUST DIRECTION     N (340)
  AVERAGE WIND SPEED     4.4


SKY COVER
  POSSIBLE SUNSHINE  MM
  AVERAGE SKY COVER 0.7


WEATHER CONDITIONS
 THE FOLLOWING WEATHER WAS RECORDED YESTERDAY.
  LIGHT RAIN
  FOG
  HAZE


RELATIVE HUMIDITY (PERCENT)
 HIGHEST   100           200 AM
 LOWEST     66           100 PM
 AVERAGE    83

..........................................................


THE SANTA MARIA AIRPORT CA CLIMATE NORMALS FOR TODAY
                         NORMAL    RECORD    YEAR
 MAXIMUM TEMPERATURE (F)   64        80      2014
                                             1934
 MINIMUM TEMPERATURE (F)   40        27      1945
                                             1937


SUNRISE AND SUNSET
JANUARY 22 2017.......SUNRISE   706 AM PST   SUNSET   521 PM PST
JANUARY 23 2017.......SUNRISE   706 AM PST   SUNSET   522 PM PST


-  INDICATES NEGATIVE NUMBERS.
R  INDICATES RECORD WAS SET OR TIED.
MM INDICATES DATA IS MISSING.
T  INDICATES TRACE AMOUNT.




$$
