000
CDUS46 KSGX 040116
CLISNA


CLIMATE REPORT
NATIONAL WEATHER SERVICE SAN DIEGO, CA
516 PM PST SAT DEC 3 2016


...................................

...THE JOHN WAYNE AIRPORT CA CLIMATE SUMMARY FOR DECEMBER 3 2016...
VALID TODAY AS OF 0500 PM LOCAL TIME.

CLIMATE NORMAL PERIOD 1981 TO 2010
CLIMATE RECORD PERIOD 1999 TO 2016


WEATHER ITEM   OBSERVED TIME   RECORD YEAR NORMAL DEPARTURE LAST
                VALUE   (LST)  VALUE       VALUE  FROM      YEAR
                                                  NORMAL
..................................................................
TEMPERATURE (F)
 TODAY
  MAXIMUM         69    209 PM  79    2006  67      2       73
  MINIMUM         49    653 AM  42    2007  48      1       48
  AVERAGE         59                        57      2       61

PRECIPITATION (IN)
  TODAY            0.00          0.60 2014   0.04  -0.04     0.00
  MONTH TO DATE    0.00                      0.11  -0.11     0.00
  SINCE OCT 1      2.24                      2.11   0.13     0.19
  SINCE JAN 1      6.00                     11.36  -5.36     5.47

DEGREE DAYS
 HEATING
  TODAY            6                         8     -2        4
  MONTH TO DATE   20                        22     -2       18
  SINCE DEC 1     20                        22     -2       18
  SINCE JUL 1     98                       175    -77      148

 COOLING
  TODAY            0                         0      0        0
  MONTH TO DATE    0                         0      0        0
  SINCE DEC 1      0                         0      0        0
  SINCE JAN 1   1226                       876    350     1612
..................................................................


WIND (MPH)
  RESULTANT WIND SPEED   6   RESULTANT WIND DIRECTION  NE (30)
  HIGHEST WIND SPEED    26   HIGHEST WIND DIRECTION    NE (50)
  HIGHEST GUST SPEED    35   HIGHEST GUST DIRECTION    NE (60)
  AVERAGE WIND SPEED     9.3


SKY COVER
  POSSIBLE SUNSHINE  MM
  AVERAGE SKY COVER 0.0


WEATHER CONDITIONS
 THE FOLLOWING WEATHER WAS RECORDED TODAY.
  NO SIGNIFICANT WEATHER WAS OBSERVED.


RELATIVE HUMIDITY (PERCENT)
 HIGHEST    28           800 AM
 LOWEST     11           200 PM
 AVERAGE    20

..........................................................


THE JOHN WAYNE AIRPORT CA CLIMATE NORMALS FOR TOMORROW
                         NORMAL    RECORD    YEAR
 MAXIMUM TEMPERATURE (F)   67        76      2006
 MINIMUM TEMPERATURE (F)   47        41      2011
                                             2004


SUNRISE AND SUNSET
DECEMBER  3 2016......SUNRISE   640 AM PST   SUNSET   443 PM PST
DECEMBER  4 2016......SUNRISE   641 AM PST   SUNSET   443 PM PST


-  INDICATES NEGATIVE NUMBERS.
R  INDICATES RECORD WAS SET OR TIED.
MM INDICATES DATA IS MISSING.
T  INDICATES TRACE AMOUNT.




$$
