000
CDUS46 KSGX 300016
CLISNA


CLIMATE REPORT
NATIONAL WEATHER SERVICE SAN DIEGO, CA
416 PM PST THU JAN 29 2015


...................................

...THE JOHN WAYNE AIRPORT CA CLIMATE SUMMARY FOR JANUARY 29 2015...
VALID TODAY AS OF 0400 PM LOCAL TIME.

CLIMATE NORMAL PERIOD 1981 TO 2010
CLIMATE RECORD PERIOD 1999 TO 2015


WEATHER ITEM   OBSERVED TIME   RECORD YEAR NORMAL DEPARTURE LAST
                VALUE   (LST)  VALUE       VALUE  FROM      YEAR
                                                  NORMAL
..................................................................
TEMPERATURE (F)
 TODAY
  MAXIMUM         76   1216 PM  80    2012  67      9       71
  MINIMUM         61    535 AM  41    2002  48     13       55
  AVERAGE         69                        57     12       63

PRECIPITATION (IN)
  TODAY            0.00          T    2007   0.06  -0.06     0.00
  MONTH TO DATE    0.82                      2.75  -1.93     0.00
  SINCE OCT 1      4.62                      6.83  -2.21     0.93
  SINCE JAN 1      0.82                      2.75  -1.93     0.00

SNOWFALL (IN)
  TODAY            0.0
  MONTH TO DATE    0.0
  SINCE JAN 1      0.0
  SINCE JUL 1      0.0
  SNOW DEPTH       0

DEGREE DAYS
 HEATING
  TODAY            0                         8     -8        2
  MONTH TO DATE   90                       243   -153      101
  SINCE DEC 1    200                       522   -322      297
  SINCE JUL 1    204                       675   -471      370

 COOLING
  TODAY            4                         0      4        0
  MONTH TO DATE   29                         0     29       27
  SINCE DEC 1     47                         1     46       31
  SINCE JAN 1     29                         0     29       27
..................................................................


WIND (MPH)
  RESULTANT WIND SPEED   2   RESULTANT WIND DIRECTION  SW (210)
  HIGHEST WIND SPEED    10   HIGHEST WIND DIRECTION    SW (210)
  HIGHEST GUST SPEED    13   HIGHEST GUST DIRECTION    SW (210)
  AVERAGE WIND SPEED     2.7


SKY COVER
  POSSIBLE SUNSHINE  MM
  AVERAGE SKY COVER 0.5


WEATHER CONDITIONS
 THE FOLLOWING WEATHER WAS RECORDED TODAY.
  NO SIGNIFICANT WEATHER WAS OBSERVED.


RELATIVE HUMIDITY (PERCENT)
 HIGHEST    67          1200 AM
 LOWEST     31          1200 PM
 AVERAGE    49

..........................................................


THE JOHN WAYNE AIRPORT CA CLIMATE NORMALS FOR TOMORROW
                         NORMAL    RECORD    YEAR
 MAXIMUM TEMPERATURE (F)   67        82      2009
 MINIMUM TEMPERATURE (F)   48        35      2002


SUNRISE AND SUNSET
JANUARY 29 2015.......SUNRISE   650 AM PST   SUNSET   520 PM PST
JANUARY 30 2015.......SUNRISE   649 AM PST   SUNSET   521 PM PST


-  INDICATES NEGATIVE NUMBERS.
R  INDICATES RECORD WAS SET OR TIED.
MM INDICATES DATA IS MISSING.
T  INDICATES TRACE AMOUNT.




$$
