000
CDUS46 KSGX 180016
CLISNA


CLIMATE REPORT
NATIONAL WEATHER SERVICE SAN DIEGO, CA
516 PM PDT THU APR 17 2014


...................................

...THE JOHN WAYNE AIRPORT CA CLIMATE SUMMARY FOR APRIL 17 2014...
VALID TODAY AS OF 0500 PM LOCAL TIME.

CLIMATE NORMAL PERIOD 1981 TO 2010
CLIMATE RECORD PERIOD 1999 TO 2014


WEATHER ITEM   OBSERVED TIME   RECORD YEAR NORMAL DEPARTURE LAST
                VALUE   (LST)  VALUE       VALUE  FROM      YEAR
                                                  NORMAL
..................................................................
TEMPERATURE (F)
 TODAY
  MAXIMUM         69   1244 PM  84    1999  69      0       71
  MINIMUM         60    726 AM  49    2009  54      6       50
                                      2001
  AVERAGE         65                        62      3       61

PRECIPITATION (IN)
  TODAY            0.00          0.59 2000   0.03  -0.03     0.00
  MONTH TO DATE    0.19                      0.47  -0.28     0.01
  SINCE JUL 1      3.51                     12.60  -9.09     4.70
  SINCE JAN 1      2.46                      8.23  -5.77     1.68

SNOWFALL (IN)
  TODAY            0.0
  MONTH TO DATE    0.0
  SINCE JAN 1      0.0
  SINCE JUL 1      0.0
  SNOW DEPTH       0

DEGREE DAYS
 HEATING
  TODAY            0                         4     -4        4
  MONTH TO DATE   36                        77    -41       52
  SINCE MAR 1    105                       258   -153      206
  SINCE JUL 1    595                      1164   -569     1072

 COOLING
  TODAY            0                         0      0        0
  MONTH TO DATE   30                         0     30        0
  SINCE MAR 1     50                         7     43        4
  SINCE JAN 1     77                        15     62        4
..................................................................


WIND (MPH)
  RESULTANT WIND SPEED   5   RESULTANT WIND DIRECTION   S (180)
  HIGHEST WIND SPEED    17   HIGHEST WIND DIRECTION    SW (210)
  HIGHEST GUST SPEED    21   HIGHEST GUST DIRECTION    SW (220)
  AVERAGE WIND SPEED     6.6


SKY COVER
  POSSIBLE SUNSHINE  MM
  AVERAGE SKY COVER 0.9


WEATHER CONDITIONS
 THE FOLLOWING WEATHER WAS RECORDED TODAY.
  NO SIGNIFICANT WEATHER WAS OBSERVED.


RELATIVE HUMIDITY (PERCENT)
 HIGHEST    78          1200 AM
 LOWEST     63          1100 AM
 AVERAGE    71

..........................................................


THE JOHN WAYNE AIRPORT CA CLIMATE NORMALS FOR TOMORROW
                         NORMAL    RECORD    YEAR
 MAXIMUM TEMPERATURE (F)   69        85      1999
 MINIMUM TEMPERATURE (F)   54        50      2006


SUNRISE AND SUNSET
APRIL 17 2014.........SUNRISE   618 AM PDT   SUNSET   724 PM PDT
APRIL 18 2014.........SUNRISE   617 AM PDT   SUNSET   725 PM PDT


-  INDICATES NEGATIVE NUMBERS.
R  INDICATES RECORD WAS SET OR TIED.
MM INDICATES DATA IS MISSING.
T  INDICATES TRACE AMOUNT.




$$
