000
CDAK48 PASN 291113
CLISNP

CLIMATE REPORT
NATIONAL WEATHER SERVICE ST PAUL, AK
313 AM AKDT FRI MAY 29 2015

...................................
...THE ST PAUL AIRPORT CLIMATE SUMMARY FOR MAY 28 2015...

CLIMATE NORMAL PERIOD  1981 TO  2010
CLIMATE RECORD PERIOD  1892 TO  2015

WEATHER ITEM   OBSERVED TIME    RECORD YEAR NORMAL DEPARTURE LAST
               VALUE    (LST)   VALUE       VALUE  FROM      YEAR
                                                   NORMAL
...................................................................
TEMPERATURE
YESTERDAY
 MAXIMUM            44  0855 PM    59  1997     43       1     46
 MINIMUM            40  0650 AM    18  1971     34       6     36
 AVERAGE            42                          39       3     41

PRECIPITATION
(INCHES)
 YESTERDAY        0.22           0.60  1893   0.04    0.18   0.06
 MONTH TO DATE    2.03                        1.02    1.01   0.47
 SINCE MAR 1      3.96                        3.17    0.79   2.57
 SINCE JAN 1      6.28                        6.05    0.23   6.90

SNOWFALL
(INCHES)
 YESTERDAY         0.0              T  2001    0.0     0.0    0.0
 MONTH TO DATE     0.3                         1.1    -0.8      T
 SINCE MAR 1      18.9                        14.8     4.1    9.4
 SINCE JUL 1      48.6                        59.8   -11.2   43.7
 SNOW DEPTH (IN)     0                                          0

DEGREE DAYS
 HEATING
  YESTERDAY         23                          27      -4     24
  MONTH TO DATE    707                         816    -109    725
  SINCE MAR 1     2936                        3124    -188   2897
  SINCE JUL 1     8893                       10043   -1150   9343

 COOLING
  YESTERDAY          0                           0       0      0
  MONTH TO DATE      0                           0       0      0
  SINCE MAR 1        0                           0       0      0
  SINCE JAN 1        0                           0       0      0
...................................................................

WIND (MPH)
 HIGHEST WIND SPEED    35     HIGHEST WIND DIRECTION    140
 HIGHEST GUST SPEED    41     HIGHEST GUST DIRECTION    140
 AVERAGE WIND SPEED  23.3

SKY COVER
  POSSIBLE SUNSHINE    MM          AVERAGE SKY COVER     MM

WEATHER CONDITIONS
 THE FOLLOWING WEATHER WAS RECORDED YESTERDAY.
  FOG
  RAIN


RELATIVE HUMIDITY
 HIGHEST RH     MM PERCENT       MM
 LOWEST  RH     MM PERCENT       MM
 AVERAGE RH     MM PERCENT       MM
...................................................................

THE ST PAUL CLIMATE NORMALS FOR TODAY
                           NORMAL    RECORD   YEAR
 MAXIMUM TEMPERATURE (F)     43        55     1979
 MINIMUM TEMPERATURE (F)     34        28     1971

SUNRISE AND SUNSET
 MAY 29 2015..........SUNRISE  6:39 AM      SUNSET 12:00 PM
 MAY 30 2015..........SUNRISE  6:37 AM      SUNSET 12:02 AM

-  INDICATES NEGATIVE NUMBERS.
R  INDICATES RECORD HAS BEEN SET OR TIED.
MM INDICATES DATA IS MISSING.
T  INDICATES TRACE OF PRECIPITATION.

&&
-------------------------------------------------------------------

AMOUNT OF DAYLIGHT TODAY  (HOUR:MIN)........17 HOURS 21 MINUTES
GAIN/LOSS SINCE YESTERDAY (HOUR:MIN:SEC)....+0:02:55

$$
HCH MAY 15
