000
CDAK48 PASN 230935
CLISNP


CLIMATE REPORT
NATIONAL WEATHER SERVICE ANCHORAGE, AK
135 AM AKDT SUN JUL 23 2017


...................................

...THE SAINT PAUL ISLAND CLIMATE SUMMARY FOR JULY 22 2017...

CLIMATE NORMAL PERIOD 1981 TO 2010
CLIMATE RECORD PERIOD 1892 TO 2017


WEATHER ITEM   OBSERVED TIME   RECORD YEAR NORMAL DEPARTURE LAST
                VALUE   (LST)  VALUE       VALUE  FROM      YEAR
                                                  NORMAL
..................................................................
TEMPERATURE (F)
 YESTERDAY
  MAXIMUM         53    327 PM  64    2013  51      2       57
  MINIMUM         40    128 AM  33    1965  44     -4       48
  AVERAGE         47                        48     -1       53

PRECIPITATION (IN)
  YESTERDAY        0.00          1.25 1991   0.06  -0.06     0.18
  MONTH TO DATE    2.52                      1.21   1.31     0.58
  SINCE JUN 1      3.45                      2.56   0.89     2.05
  SINCE JAN 1      9.26                      8.72   0.54     7.74

SNOWFALL (IN)
  YESTERDAY        0.0          MM      MM   0.0    0.0      0.0
  MONTH TO DATE    0.0                       0.0    0.0      0.0
  SINCE JUN 1      0.0                       T      0.0      0.0
  SINCE JUL 1      0.0                       0.0    0.0      0.0
  SNOW DEPTH       0

DEGREE DAYS
 HEATING
  YESTERDAY       18                        17      1       12
  MONTH TO DATE  381                       400    -19      202
  SINCE JUN 1    935                      1078   -143      664
  SINCE JUL 1    381                       400    -19      202

 COOLING
  YESTERDAY        0                         0      0        0
  MONTH TO DATE    0                         0      0        0
  SINCE JUN 1      0                         0      0        0
  SINCE JAN 1      0                         0      0        0
..................................................................


WIND (MPH)
  RESULTANT WIND SPEED  10   RESULTANT WIND DIRECTION   W (250)
  HIGHEST WIND SPEED    16   HIGHEST WIND DIRECTION     W (260)
  HIGHEST GUST SPEED    20   HIGHEST GUST DIRECTION     W (250)
  AVERAGE WIND SPEED    10.7



WEATHER CONDITIONS
 THE FOLLOWING WEATHER WAS RECORDED YESTERDAY.
  FOG
  FOG W/VISIBILITY <= 1/4 MILE


..........................................................


THE SAINT PAUL ISLAND CLIMATE NORMALS FOR TODAY
                         NORMAL    RECORD    YEAR
 MAXIMUM TEMPERATURE (F)   51        60      1979
 MINIMUM TEMPERATURE (F)   44        33      1992


SUNRISE AND SUNSET
JULY 23 2017..........SUNRISE   703 AM AKDT  SUNSET  1151 PM AKDT
JULY 24 2017..........SUNRISE   704 AM AKDT  SUNSET  1149 PM AKDT


-  INDICATES NEGATIVE NUMBERS.
R  INDICATES RECORD WAS SET OR TIED.
MM INDICATES DATA IS MISSING.
T  INDICATES TRACE AMOUNT.




$$
