000
CDAK48 PASN 221203
CLISNP

CLIMATE REPORT
NATIONAL WEATHER SERVICE ST PAUL, AK
303 AM AKST MON DEC 22 2014

...................................
...THE ST PAUL AIRPORT CLIMATE SUMMARY FOR DECEMBER 21 2014...

CLIMATE NORMAL PERIOD  1981 TO  2010
CLIMATE RECORD PERIOD  1892 TO  2014

WEATHER ITEM   OBSERVED TIME    RECORD YEAR NORMAL DEPARTURE LAST
               VALUE    (LST)   VALUE       VALUE  FROM      YEAR
                                                   NORMAL
...................................................................
TEMPERATURE
YESTERDAY
 MAXIMUM            32  0309 PM    41  1983     32       0     26
 MINIMUM            29  1159 PM     0  1956     24       5     21
 AVERAGE            31                          28       3     24

PRECIPITATION
(INCHES)
 YESTERDAY           T           0.70  1983   0.07   -0.07   0.02
 MONTH TO DATE    1.82                        1.58    0.24   2.96
 SINCE DEC 1      1.82                        1.58    0.24   2.96
 SINCE JAN 1     22.60                       23.00   -0.40  27.25

SNOWFALL
(INCHES)
 YESTERDAY           T            5.2  1969    0.4    -0.4    0.2
 MONTH TO DATE     2.3                         8.1    -5.8    5.4
 SINCE DEC 1       2.3                         8.1    -5.8    5.4
 SINCE JUL 1       3.0                        18.4   -15.4    8.1
 SNOW DEPTH (IN)     0                                          3

DEGREE DAYS
 HEATING
  YESTERDAY         34                          37      -3     41
  MONTH TO DATE    660                         746     -86    664
  SINCE DEC 1      660                         746     -86    664
  SINCE JUL 1     3565                        4166    -601   3946

 COOLING
  YESTERDAY          0                           0       0      0
  MONTH TO DATE      0                           0       0      0
  SINCE DEC 1        0                           0       0      0
  SINCE JAN 1        0                           0       0      0
...................................................................

WIND (MPH)
 HIGHEST WIND SPEED    30     HIGHEST WIND DIRECTION     20
 HIGHEST GUST SPEED    36     HIGHEST GUST DIRECTION     20
 AVERAGE WIND SPEED  17.8

WEATHER CONDITIONS
 THE FOLLOWING WEATHER WAS RECORDED YESTERDAY.
  SNOW

...................................................................

THE ST PAUL CLIMATE NORMALS FOR TODAY
                           NORMAL    RECORD   YEAR
 MAXIMUM TEMPERATURE (F)     32        39     1969
 MINIMUM TEMPERATURE (F)     24        -8     1894

SUNRISE AND SUNSET
 DEC 22 2014..........SUNRISE 11:00 AM      SUNSET  5:40 PM
 DEC 23 2014..........SUNRISE 11:00 AM      SUNSET  5:41 PM

-  INDICATES NEGATIVE NUMBERS.
R  INDICATES RECORD HAS BEEN SET OR TIED.
MM INDICATES DATA IS MISSING.
T  INDICATES TRACE OF PRECIPITATION.

&&
-------------------------------------------------------------------

AMOUNT OF DAYLIGHT TODAY  (HOUR:MIN)........6 HOURS 40 MINUTES
GAIN/LOSS SINCE YESTERDAY (HOUR:MIN:SEC)....+0:00:04

$$
TR DEC 14
