000
CDAK48 PASN 310010
CLISNP

CLIMATE REPORT
NATIONAL WEATHER SERVICE ST PAUL, AK
410 PM AKDT THU OCT 30 2014

...................................
...THE ST PAUL AIRPORT CLIMATE SUMMARY FOR OCTOBER 30 2014...
VALID TODAY AS OF 2:00 PM LOCAL TIME

CLIMATE NORMAL PERIOD  1981 TO  2010
CLIMATE RECORD PERIOD  1949 TO  2014

WEATHER ITEM   OBSERVED TIME    RECORD YEAR NORMAL DEPARTURE LAST
               VALUE    (LST)   VALUE       VALUE  FROM      YEAR
                                                   NORMAL
...................................................................
TEMPERATURE
TODAY
 MAXIMUM            39  0159 PM    47  1979     40      -1     43
 MINIMUM            38  1255 AM    12  1983     32       6     29
 AVERAGE            39                          36       3     36

PRECIPITATION
(INCHES)
 TODAY            0.01           1.10  1964   0.10   -0.09   0.14
 MONTH TO DATE    1.04                        3.01   -1.97   3.48
 SINCE SEP 1      4.61                        6.00   -1.39   6.49
 SINCE JAN 1     17.84                       18.43   -0.59  20.52

SNOWFALL
(INCHES)
 TODAY             0.0            0.9  1988    0.2    -0.2    0.0
 MONTH TO DATE       T                         1.9    -1.9      T
 SINCE SEP 1       0.0                         1.9    -1.9    0.0
 SINCE JUL 1         T                         1.9    -1.9      T
 SNOW DEPTH (IN)     0                                          0

DEGREE DAYS
 HEATING
  TODAY             26                          29      -3     29
  MONTH TO DATE    773                         788     -15    716
  SINCE SEP 1     1232                        1379    -147   1308
  SINCE JUL 1     2049                        2431    -382   2351

 COOLING
  TODAY              0                           0       0      0
  MONTH TO DATE      0                           0       0      0
  SINCE SEP 1        0                           0       0      0
  SINCE JAN 1        0                           0       0      0
...................................................................

WIND (MPH)
 HIGHEST WIND SPEED    35     HIGHEST WIND DIRECTION    100
 HIGHEST GUST SPEED    43     HIGHEST GUST DIRECTION     90
 AVERAGE WIND SPEED    MM

SKY COVER
  POSSIBLE SUNSHINE  MM            AVERAGE SKY COVER MM

WEATHER CONDITIONS
 THE FOLLOWING WEATHER WAS RECORDED TODAY.
FOG
DRIZZLE
RAIN


RELATIVE HUMIDITY
 HIGHEST RH     MM PERCENT       MM
 LOWEST  RH     MM PERCENT       MM
 AVERAGE RH     MM PERCENT       MM
...................................................................

THE ST PAUL CLIMATE NORMALS FOR TOMORROW
                        NORMAL    RECORD   YEAR
 MAXIMUM TEMPERATURE      39        47     1979
 MINIMUM TEMPERATURE      32        13     1960

SUNRISE AND SUNSET
 OCT 30 2014..........SUNRISE 10:29 AM      SUNSET  7:41 PM
 OCT 31 2014..........SUNRISE 10:31 AM      SUNSET  7:38 PM

-  INDICATES NEGATIVE NUMBERS.
R  INDICATES RECORD HAS BEEN SET OR TIED.
MM INDICATES DATA IS MISSING.
T  INDICATES TRACE OF PRECIPITATION.

&&
-------------------------------------------------------------------

AMOUNT OF DAYLIGHT TODAY  (HOUR:MIN)........9 HOURS 12 MINUTES
GAIN/LOSS SINCE YESTERDAY (HOUR:MIN:SEC)....-0:04:34

$$
*** OCT 14
