000
CDAK48 PAFC 301308 RRA
CLISNP

CLIMATE REPORT
NATIONAL WEATHER SERVICE ANCHORAGE, AK
458 AM AKDT THU MAR 30 2017


...................................

...THE SAINT PAUL ISLAND CLIMATE SUMMARY FOR MARCH 29 2017...

CLIMATE NORMAL PERIOD 1981 TO 2010
CLIMATE RECORD PERIOD 1892 TO 2017


WEATHER ITEM   OBSERVED TIME   RECORD YEAR NORMAL DEPARTURE LAST
                VALUE   (LST)  VALUE       VALUE  FROM      YEAR
                                                  NORMAL
..................................................................
TEMPERATURE (F)
 YESTERDAY
  MAXIMUM         25    340 PM  42    1996  30     -5       29
                                      1894
  MINIMUM         10    337 AM  -7    1953  21    -11       22
  AVERAGE         18                        26     -8       26

PRECIPITATION (IN)
  YESTERDAY        0.00          0.33 1967   0.03  -0.03     0.00
  MONTH TO DATE    0.10                      1.00  -0.90     1.00
  SINCE MAR 1      0.10                      1.00  -0.90     1.00
  SINCE JAN 1      3.19                      3.88  -0.69     3.76

SNOWFALL (IN)
  YESTERDAY        0.0          MM      MM   0.3   -0.3      0.0
  MONTH TO DATE    0.4                       7.5   -7.1      0.0
  SINCE MAR 1      0.4                       7.5   -7.1      0.0
  SINCE JUL 1     48.6                      52.5   -3.9     23.7
  SNOW DEPTH       0

DEGREE DAYS
 HEATING
  YESTERDAY       47                        39      8       39
  MONTH TO DATE 1115                      1159    -44      877
  SINCE MAR 1   1115                      1159    -44      877
  SINCE JUL 1   6990                      8076  -1086     6062

 COOLING
  YESTERDAY        0                         0      0        0
  MONTH TO DATE    0                         0      0        0
  SINCE MAR 1      0                         0      0        0
  SINCE JAN 1      0                         0      0        0
..................................................................


WIND (MPH)
  RESULTANT WIND SPEED  18   RESULTANT WIND DIRECTION  NE (50)
  HIGHEST WIND SPEED    29   HIGHEST WIND DIRECTION    NE (40)
  HIGHEST GUST SPEED    37   HIGHEST GUST DIRECTION    NE (30)
  AVERAGE WIND SPEED    17.5



WEATHER CONDITIONS
 THE FOLLOWING WEATHER WAS RECORDED YESTERDAY.
  FOG


..........................................................


THE SAINT PAUL ISLAND CLIMATE NORMALS FOR TODAY
                         NORMAL    RECORD    YEAR
 MAXIMUM TEMPERATURE (F)   30        43      1980
 MINIMUM TEMPERATURE (F)   21        -3      1953


SUNRISE AND SUNSET
MARCH 30 2017.........SUNRISE   854 AM AKDT  SUNSET   958 PM AKDT
MARCH 31 2017.........SUNRISE   851 AM AKDT  SUNSET  1000 PM AKDT


-  INDICATES NEGATIVE NUMBERS.
R  INDICATES RECORD WAS SET OR TIED.
MM INDICATES DATA IS MISSING.
T  INDICATES TRACE AMOUNT.




$$
