383
CDAK48 PAFC 261238
CLISNP


CLIMATE REPORT
NATIONAL WEATHER SERVICE ANCHORAGE, AK
438 AM AKDT TUE SEP 26 2017


...................................

...THE SAINT PAUL ISLAND CLIMATE SUMMARY FOR SEPTEMBER 25 2017...

CLIMATE NORMAL PERIOD 1981 TO 2010
CLIMATE RECORD PERIOD 1892 TO 2017


WEATHER ITEM   OBSERVED TIME   RECORD YEAR NORMAL DEPARTURE LAST
                VALUE   (LST)  VALUE       VALUE  FROM      YEAR
                                                  NORMAL
..................................................................
TEMPERATURE (F)
 YESTERDAY
  MAXIMUM         47        MM  52    1981  48     -1       50
                                      1979
  MINIMUM         43        MM  22    1992  39      4       42
  AVERAGE         45                        43      2       46

PRECIPITATION (IN)
  YESTERDAY        0.01          0.81 1963   0.10  -0.09     0.21
  MONTH TO DATE    1.61                      2.50  -0.89     3.61
  SINCE SEP 1      1.61                      2.50  -0.89     3.61
  SINCE JAN 1     14.28                     14.93  -0.65    14.35

SNOWFALL (IN)
  YESTERDAY        0.0          MM      MM   0.0    0.0      0.0
  MONTH TO DATE    0.0                       0.0    0.0      0.0
  SINCE SEP 1      0.0                       0.0    0.0      0.0
  SINCE JUL 1      0.0                       0.0    0.0      0.0
  SNOW DEPTH       0

DEGREE DAYS
 HEATING
  YESTERDAY       20                        22     -2       19
  MONTH TO DATE  468                       478    -10      346
  SINCE SEP 1    468                       478    -10      346
  SINCE JUL 1   1459                      1531    -72      959

 COOLING
  YESTERDAY        0                         0      0        0
  MONTH TO DATE    0                         0      0        0
  SINCE SEP 1      0                         0      0        0
  SINCE JAN 1      0                         0      0        0
..................................................................


WIND (MPH)
  RESULTANT WIND SPEED  20   RESULTANT WIND DIRECTION   N (360)
  HIGHEST WIND SPEED    27   HIGHEST WIND DIRECTION     N (10)
  HIGHEST GUST SPEED    36   HIGHEST GUST DIRECTION     N (360)
  AVERAGE WIND SPEED    19.9



WEATHER CONDITIONS
 THE FOLLOWING WEATHER WAS RECORDED YESTERDAY.
  LIGHT RAIN
  FOG


..........................................................


THE SAINT PAUL ISLAND CLIMATE NORMALS FOR TODAY
                         NORMAL    RECORD    YEAR
 MAXIMUM TEMPERATURE (F)   48        54      2016
                                             2014
 MINIMUM TEMPERATURE (F)   38        28      2009
                                             1993


SUNRISE AND SUNSET
SEPTEMBER 26 2017.....SUNRISE   915 AM AKDT  SUNSET   907 PM AKDT
SEPTEMBER 27 2017.....SUNRISE   917 AM AKDT  SUNSET   905 PM AKDT


-  INDICATES NEGATIVE NUMBERS.
R  INDICATES RECORD WAS SET OR TIED.
MM INDICATES DATA IS MISSING.
T  INDICATES TRACE AMOUNT.




$$
