000
CDAK48 PAFC 242337
CLISNP


CLIMATE REPORT
NATIONAL WEATHER SERVICE ANCHORAGE, AK
230 PM AKST SAT FEB 24 2018


...................................

...THE SAINT PAUL ISLAND CLIMATE SUMMARY FOR FEBRUARY 23 2018...

CLIMATE NORMAL PERIOD 1981 TO 2010
CLIMATE RECORD PERIOD 1892 TO 2018


WEATHER ITEM   OBSERVED TIME   RECORD YEAR NORMAL DEPARTURE LAST
                VALUE   (LST)  VALUE       VALUE  FROM      YEAR
                                                  NORMAL
..................................................................
TEMPERATURE (F)
 YESTERDAY
  MAXIMUM         39R   753 AM  39    2018  29     10       37
                                      1989
  MINIMUM         31   1000 PM -10    1991  20     11       32
  AVERAGE         35                        25     10       35

PRECIPITATION (IN)
  YESTERDAY        0.32R         0.32 1996   0.04   0.28     0.24
                                      1996
                                      2018
  MONTH TO DATE    1.53                      1.10   0.43     1.18
  SINCE SEP 1     17.35                     13.92   3.43    19.22
  SINCE JAN 1      2.49                      2.68  -0.19     2.69

SNOWFALL (IN)
  YESTERDAY        0.2          MM      MM   0.3   -0.1      0.1
  MONTH TO DATE    1.5                       8.5   -7.0     10.1
  SINCE SEP 1      8.6                      43.5  -34.9     48.2
  SINCE JUL 1      8.6                      43.5  -34.9     48.2
  SNOW DEPTH       0

DEGREE DAYS
 HEATING
  YESTERDAY       30                        40    -10       30
  MONTH TO DATE  684                       940   -256      961
  SINCE DEC 1   2763                      3298   -535     3136
  SINCE JUL 1   5841                      6719   -878     5705

 COOLING
  YESTERDAY        0                         0      0        0
  MONTH TO DATE    0                         0      0        0
  SINCE DEC 1      0                         0      0        0
  SINCE JAN 1      0                         0      0        0
..................................................................


WIND (MPH)
  RESULTANT WIND SPEED  17   RESULTANT WIND DIRECTION  SW (220)
  HIGHEST WIND SPEED    41   HIGHEST WIND DIRECTION     W (250)
  HIGHEST GUST SPEED    55   HIGHEST GUST DIRECTION     W (250)
  AVERAGE WIND SPEED    28.2



WEATHER CONDITIONS
 THE FOLLOWING WEATHER WAS RECORDED YESTERDAY.
  RAIN
  LIGHT RAIN
  LIGHT SNOW
  FOG


..........................................................


THE SAINT PAUL ISLAND CLIMATE NORMALS FOR TODAY
                         NORMAL    RECORD    YEAR
 MAXIMUM TEMPERATURE (F)   29        40      1989
 MINIMUM TEMPERATURE (F)   20       -11      1954


SUNRISE AND SUNSET
FEBRUARY 24 2018......SUNRISE   926 AM AKST  SUNSET   743 PM AKST
FEBRUARY 25 2018......SUNRISE   924 AM AKST  SUNSET   745 PM AKST


-  INDICATES NEGATIVE NUMBERS.
R  INDICATES RECORD WAS SET OR TIED.
MM INDICATES DATA IS MISSING.
T  INDICATES TRACE AMOUNT.




$$
