000
CDAK48 PASN 011202
CLISNP

CLIMATE REPORT
NATIONAL WEATHER SERVICE ST PAUL, AK
303 AM AKST SUN MAR 1 2015

...................................
...THE ST PAUL AIRPORT CLIMATE SUMMARY FOR FEBRUARY 28 2015...

CLIMATE NORMAL PERIOD  1981 TO  2010
CLIMATE RECORD PERIOD  1892 TO  2015

WEATHER ITEM   OBSERVED TIME    RECORD YEAR NORMAL DEPARTURE LAST
               VALUE    (LST)   VALUE       VALUE  FROM      YEAR
                                                   NORMAL
...................................................................
TEMPERATURE
YESTERDAY
 MAXIMUM            37  0409 PM    39  1952     29       8     35
 MINIMUM            22  0741 AM   -13  1894     20       2     22
 AVERAGE            30                          25       5     29

PRECIPITATION
(INCHES)
 YESTERDAY        0.00           0.22  1966   0.04   -0.04   0.00
 MONTH TO DATE    1.12                        1.30   -0.18   0.92
 SINCE DEC 1      5.28                        5.13    0.15   7.52
 SINCE JAN 1      2.32                        2.88   -0.56   4.33

SNOWFALL
(INCHES)
 YESTERDAY         0.0            3.2  1992    0.3    -0.3    0.0
 MONTH TO DATE    10.5                        10.0     0.5    7.9
 SINCE DEC 1      29.0                        34.7    -5.7   31.6
 SINCE JUL 1      29.7                        45.0   -15.3   34.3
 SNOW DEPTH (IN)     T                                          6

DEGREE DAYS
 HEATING
  YESTERDAY         35                          40      -5     36
  MONTH TO DATE   1016                        1140    -124   1099
  SINCE DEC 1     3052                        3499    -447   3164
  SINCE JUL 1     5957                        6919    -962   6446

 COOLING
  YESTERDAY          0                           0       0      0
  MONTH TO DATE      0                           0       0      0
  SINCE DEC 1        0                           0       0      0
  SINCE JAN 1        0                           0       0      0
...................................................................

WIND (MPH)
 HIGHEST WIND SPEED    23     HIGHEST WIND DIRECTION    140
 HIGHEST GUST SPEED    28     HIGHEST GUST DIRECTION    140
 AVERAGE WIND SPEED  10.5

SKY COVER
  POSSIBLE SUNSHINE    MM          AVERAGE SKY COVER     MM

WEATHER CONDITIONS
 THE FOLLOWING WEATHER WAS RECORDED YESTERDAY.
  FOG


RELATIVE HUMIDITY
 HIGHEST RH     MM PERCENT       MM
 LOWEST  RH     MM PERCENT       MM
 AVERAGE RH     MM PERCENT       MM
...................................................................

THE ST PAUL CLIMATE NORMALS FOR TODAY
                           NORMAL    RECORD   YEAR
 MAXIMUM TEMPERATURE (F)     29        40     2003
 MINIMUM TEMPERATURE (F)     20       -12     1956

SUNRISE AND SUNSET
 MAR 1 2015..........SUNRISE  9:14 AM      SUNSET  7:54 PM
 MAR 2 2015..........SUNRISE  9:12 AM      SUNSET  7:56 PM

-  INDICATES NEGATIVE NUMBERS.
R  INDICATES RECORD HAS BEEN SET OR TIED.
MM INDICATES DATA IS MISSING.
T  INDICATES TRACE OF PRECIPITATION.

&&
-------------------------------------------------------------------

AMOUNT OF DAYLIGHT TODAY  (HOUR:MIN)........10 HOURS 40 MINUTES
GAIN/LOSS SINCE YESTERDAY (HOUR:MIN:SEC)....+0:04:51

$$
WIW MAR 15
