000
CDAK48 PASN 241205
CLISNP

CLIMATE REPORT
NATIONAL WEATHER SERVICE ST PAUL, AK
305 AM AKST MON NOV 24 2014

...................................
...THE ST PAUL AIRPORT CLIMATE SUMMARY FOR NOVEMBER 23 2014...

CLIMATE NORMAL PERIOD  1981 TO  2010
CLIMATE RECORD PERIOD  1892 TO  2014

WEATHER ITEM   OBSERVED TIME    RECORD YEAR NORMAL DEPARTURE LAST
               VALUE    (LST)   VALUE       VALUE  FROM      YEAR
                                                   NORMAL
...................................................................
TEMPERATURE
YESTERDAY
 MAXIMUM            34  0313 AM    44  2003     36      -2     32
 MINIMUM            31  1131 AM    11  1972     28       3     27
 AVERAGE            33                          32       1     30

PRECIPITATION
(INCHES)
 YESTERDAY        0.03           0.49  1981   0.09   -0.06   0.03
 MONTH TO DATE    1.31                        2.27   -0.96   3.50
 SINCE SEP 1      6.46                        8.37   -1.91  10.06
 SINCE JAN 1     19.81                       20.80   -0.99  24.09

SNOWFALL
(INCHES)
 YESTERDAY           T            1.8  1966    0.4    -0.4    0.3
 MONTH TO DATE     0.7                         5.9    -5.2    1.4
 SINCE SEP 1       0.7                         7.9    -7.2    1.4
 SINCE JUL 1       0.7                         7.9    -7.2    1.4
 SNOW DEPTH (IN)     0                                          1

DEGREE DAYS
 HEATING
  YESTERDAY         32                          33      -1     35
  MONTH TO DATE    644                         723     -79    665
  SINCE SEP 1     1905                        2131    -226   2001
  SINCE JUL 1     2723                        3183    -460   3044

 COOLING
  YESTERDAY          0                           0       0      0
  MONTH TO DATE      0                           0       0      0
  SINCE SEP 1        0                           0       0      0
  SINCE JAN 1        0                           0       0      0
...................................................................

WIND (MPH)
 HIGHEST WIND SPEED    24     HIGHEST WIND DIRECTION    350
 HIGHEST GUST SPEED    29     HIGHEST GUST DIRECTION    350
 AVERAGE WIND SPEED  13.6

WEATHER CONDITIONS
 THE FOLLOWING WEATHER WAS RECORDED YESTERDAY.
  SMOKE OR HAZE
FOG
RAIN
SNOW

...................................................................

THE ST PAUL CLIMATE NORMALS FOR TODAY
                           NORMAL    RECORD   YEAR
 MAXIMUM TEMPERATURE (F)     36        45     1970
 MINIMUM TEMPERATURE (F)     28        12     1972

SUNRISE AND SUNSET
 NOV 24 2014..........SUNRISE 10:23 AM      SUNSET  5:53 PM
 NOV 25 2014..........SUNRISE 10:25 AM      SUNSET  5:52 PM

-  INDICATES NEGATIVE NUMBERS.
R  INDICATES RECORD HAS BEEN SET OR TIED.
MM INDICATES DATA IS MISSING.
T  INDICATES TRACE OF PRECIPITATION.

&&
-------------------------------------------------------------------

AMOUNT OF DAYLIGHT TODAY  (HOUR:MIN)........7 HOURS 30 MINUTES
GAIN/LOSS SINCE YESTERDAY (HOUR:MIN:SEC)....-0:03:23

$$
TR NOV 14
