000
CDUS46 KMTR 260030
CLISNS


CLIMATE REPORT
NATIONAL WEATHER SERVICE SAN FRANCISCO BAY AREA
530 PM PDT SUN SEP 25 2016


...................................

...THE SALINAS AIRPORT CLIMATE SUMMARY FOR SEPTEMBER 25 2016...
VALID TODAY AS OF 0500 PM LOCAL TIME.

CLIMATE NORMAL PERIOD 1981 TO 2010
CLIMATE RECORD PERIOD 1930 TO 2016


WEATHER ITEM   OBSERVED TIME   RECORD YEAR NORMAL DEPARTURE LAST
                VALUE   (LST)  VALUE       VALUE  FROM      YEAR
                                                  NORMAL
..................................................................
TEMPERATURE (F)
 TODAY
  MAXIMUM         93    114 PM  99    1937  74     19       82
  MINIMUM         54    342 AM  38    1934  53      1       57
  AVERAGE         74                        64     10       70

PRECIPITATION (IN)
  TODAY            0.00          0.42 1982   0.01  -0.01     0.00
  MONTH TO DATE    0.00                      0.12  -0.12     0.03
  SINCE OCT 1     13.47                     12.78   0.69     9.91
  SINCE JAN 1      8.57                      8.87  -0.30     1.92

DEGREE DAYS
 HEATING
  TODAY            0                         2     -2        0
  MONTH TO DATE   63                        50     13       11
  SINCE SEP 1     63                        50     13       11
  SINCE JUL 1    211                       185     26       14

 COOLING
  TODAY            9                         1      8        5
  MONTH TO DATE   28                        25      3      101
  SINCE SEP 1     28                        25      3      101
  SINCE JAN 1     61                        94    -33      312
..................................................................


WIND (MPH)
  RESULTANT WIND SPEED   4   RESULTANT WIND DIRECTION   E (100)
  HIGHEST WIND SPEED    20   HIGHEST WIND DIRECTION     E (110)
  HIGHEST GUST SPEED    25   HIGHEST GUST DIRECTION     E (110)
  AVERAGE WIND SPEED     9.5


SKY COVER
  POSSIBLE SUNSHINE  MM
  AVERAGE SKY COVER 0.0


WEATHER CONDITIONS
 THE FOLLOWING WEATHER WAS RECORDED TODAY.
  NO SIGNIFICANT WEATHER WAS OBSERVED.


RELATIVE HUMIDITY (PERCENT)
 HIGHEST    83           300 AM
 LOWEST     20           100 PM
 AVERAGE    52

..........................................................


THE SALINAS AIRPORT CLIMATE NORMALS FOR TOMORROW
                         NORMAL    RECORD    YEAR
 MAXIMUM TEMPERATURE (F)   74        99      1970
 MINIMUM TEMPERATURE (F)   53        36      1934


SUNRISE AND SUNSET
SEPTEMBER 25 2016.....SUNRISE   657 AM PDT   SUNSET   658 PM PDT
SEPTEMBER 26 2016.....SUNRISE   658 AM PDT   SUNSET   656 PM PDT


-  INDICATES NEGATIVE NUMBERS.
R  INDICATES RECORD WAS SET OR TIED.
MM INDICATES DATA IS MISSING.
T  INDICATES TRACE AMOUNT.




$$
