000
CDUS46 KMTR 230025
CLISNS


CLIMATE REPORT
NATIONAL WEATHER SERVICE SAN FRANCISCO BAY AREA
525 PM PDT FRI AUG 22 2014


...................................

...THE SALINAS AIRPORT CLIMATE SUMMARY FOR AUGUST 22 2014...
VALID TODAY AS OF 0500 PM LOCAL TIME.

CLIMATE NORMAL PERIOD 1981 TO 2010
CLIMATE RECORD PERIOD 1930 TO 2014


WEATHER ITEM   OBSERVED TIME   RECORD YEAR NORMAL DEPARTURE LAST
                VALUE   (LST)  VALUE       VALUE  FROM      YEAR
                                                  NORMAL
..................................................................
TEMPERATURE (F)
 TODAY
  MAXIMUM         72    153 PM  85    1972  73     -1       74
  MINIMUM         59    747 AM  42    1931  56      3       52
  AVERAGE         66                        64      2       63

PRECIPITATION (IN)
  TODAY            0.00          0.01 1976   0.00   0.00     0.00
  MONTH TO DATE    T                         0.02  -0.02     0.02
  SINCE JUL 1      0.01                      0.02  -0.01     0.02
  SINCE JAN 1      4.98                      8.74  -3.76     2.35

DEGREE DAYS
 HEATING
  TODAY            0                         2     -2        2
  MONTH TO DATE    3                        44    -41       35
  SINCE JUN 1    155                       235    -80      203
  SINCE JUL 1     41                       122    -81      105

 COOLING
  TODAY            1                         1      0        0
  MONTH TO DATE   17                        19     -2       13
  SINCE JUN 1     60                        49     11       50
  SINCE JAN 1    110                        65     45       60
..................................................................


WIND (MPH)
  RESULTANT WIND SPEED   5   RESULTANT WIND DIRECTION   W (280)
  HIGHEST WIND SPEED    18   HIGHEST WIND DIRECTION     W (280)
  HIGHEST GUST SPEED    25   HIGHEST GUST DIRECTION     W (280)
  AVERAGE WIND SPEED     5.7


SKY COVER
  POSSIBLE SUNSHINE  MM
  AVERAGE SKY COVER 0.6


WEATHER CONDITIONS
 THE FOLLOWING WEATHER WAS RECORDED TODAY.
  NO SIGNIFICANT WEATHER WAS OBSERVED.


RELATIVE HUMIDITY (PERCENT)
 HIGHEST    87           400 AM
 LOWEST     57          1100 AM
 AVERAGE    72

..........................................................


THE SALINAS AIRPORT CLIMATE NORMALS FOR TOMORROW
                         NORMAL    RECORD    YEAR
 MAXIMUM TEMPERATURE (F)   73        91      2010
 MINIMUM TEMPERATURE (F)   56        45      1931


SUNRISE AND SUNSET
AUGUST 22 2014........SUNRISE   530 AM PST   SUNSET   648 PM PST
AUGUST 23 2014........SUNRISE   530 AM PST   SUNSET   647 PM PST


-  INDICATES NEGATIVE NUMBERS.
R  INDICATES RECORD WAS SET OR TIED.
MM INDICATES DATA IS MISSING.
T  INDICATES TRACE AMOUNT.




$$
