000
CDUS46 KMTR 170033
CLISNS


CLIMATE REPORT
NATIONAL WEATHER SERVICE SAN FRANCISCO BAY AREA
533 PM PDT MON OCT 16 2017


...................................

...THE SALINAS AIRPORT CLIMATE SUMMARY FOR OCTOBER 16 2017...
VALID TODAY AS OF 0500 PM LOCAL TIME.

CLIMATE NORMAL PERIOD 1981 TO 2010
CLIMATE RECORD PERIOD 1930 TO 2017


WEATHER ITEM   OBSERVED TIME   RECORD YEAR NORMAL DEPARTURE LAST
                VALUE   (LST)  VALUE       VALUE  FROM      YEAR
                                                  NORMAL
..................................................................
TEMPERATURE (F)
 TODAY
  MAXIMUM         91    207 PM  98    1933  73     18       74
  MINIMUM         54    520 AM  37    1966  50      4       61
  AVERAGE         73                        61     12       68

PRECIPITATION (IN)
  TODAY            0.00          0.79 1972   0.02  -0.02     0.14
  MONTH TO DATE    0.00                      0.23  -0.23     0.16
  SINCE OCT 1      0.00                      0.23  -0.23     0.16
  SINCE JAN 1     12.49                      9.15   3.34     8.73

DEGREE DAYS
 HEATING
  TODAY            0                         4     -4        0
  MONTH TO DATE   54                        57     -3       61
  SINCE SEP 1     84                       117    -33      139
  SINCE JUL 1    175                       252    -77      287

 COOLING
  TODAY            8                         1      7        3
  MONTH TO DATE   17                        16      1       18
  SINCE SEP 1    162                        52    110       68
  SINCE JAN 1    230                       121    109      101
..................................................................


WIND (MPH)
  RESULTANT WIND SPEED   5   RESULTANT WIND DIRECTION   E (90)
  HIGHEST WIND SPEED    20   HIGHEST WIND DIRECTION     E (90)
  HIGHEST GUST SPEED    23   HIGHEST GUST DIRECTION     E (100)
  AVERAGE WIND SPEED     9.7


SKY COVER
  POSSIBLE SUNSHINE  MM
  AVERAGE SKY COVER 0.0


WEATHER CONDITIONS
 THE FOLLOWING WEATHER WAS RECORDED TODAY.
  LIGHT RAIN


RELATIVE HUMIDITY (PERCENT)
 HIGHEST    50          1200 AM
 LOWEST     10           200 PM
 AVERAGE    30

..........................................................


THE SALINAS AIRPORT CLIMATE NORMALS FOR TOMORROW
                         NORMAL    RECORD    YEAR
 MAXIMUM TEMPERATURE (F)   73        99      1933
 MINIMUM TEMPERATURE (F)   50        37      1938


SUNRISE AND SUNSET
OCTOBER 16 2017.......SUNRISE   715 AM PDT   SUNSET   628 PM PDT
OCTOBER 17 2017.......SUNRISE   716 AM PDT   SUNSET   627 PM PDT


-  INDICATES NEGATIVE NUMBERS.
R  INDICATES RECORD WAS SET OR TIED.
MM INDICATES DATA IS MISSING.
T  INDICATES TRACE AMOUNT.




$$
