000
CDUS46 KMTR 290030
CLISNS


CLIMATE REPORT
NATIONAL WEATHER SERVICE SAN FRANCISCO BAY AREA
529 PM PDT TUE JUL 28 2015


...................................

...THE SALINAS AIRPORT CLIMATE SUMMARY FOR JULY 28 2015...
VALID TODAY AS OF 0500 PM LOCAL TIME.

CLIMATE NORMAL PERIOD 1981 TO 2010
CLIMATE RECORD PERIOD 1930 TO 2015


WEATHER ITEM   OBSERVED TIME   RECORD YEAR NORMAL DEPARTURE LAST
                VALUE   (LST)  VALUE       VALUE  FROM      YEAR
                                                  NORMAL
..................................................................
TEMPERATURE (F)
 TODAY
  MAXIMUM         79   1037 AM  92    1954  71      8       74
  MINIMUM         54    546 AM  45    1933  56     -2       61
  AVERAGE         67                        63      4       68

PRECIPITATION (IN)
  TODAY            0.00          T    2009   0.00   0.00     0.00
                                      2009
                                      2013
  MONTH TO DATE    0.01                      0.00   0.01     0.01
  SINCE OCT 1      9.82                     12.63  -2.81     5.81
  SINCE JAN 1      1.83                      8.72  -6.89     4.98

DEGREE DAYS
 HEATING
  TODAY            0                         2     -2        0
  MONTH TO DATE    2                        76    -74       38
  SINCE JUN 1     83                       189   -106      152
  SINCE JUL 1      2                        76    -74       38

 COOLING
  TODAY            2                         0      2        3
  MONTH TO DATE   50                        26     24       35
  SINCE JUN 1     62                        38     24       35
  SINCE JAN 1     93                        54     39       85
..................................................................


WIND (MPH)
  RESULTANT WIND SPEED   5   RESULTANT WIND DIRECTION   W (290)
  HIGHEST WIND SPEED    17   HIGHEST WIND DIRECTION    NW (310)
  HIGHEST GUST SPEED    23   HIGHEST GUST DIRECTION     W (290)
  AVERAGE WIND SPEED     6.0


SKY COVER
  POSSIBLE SUNSHINE  MM
  AVERAGE SKY COVER 0.1


WEATHER CONDITIONS
 THE FOLLOWING WEATHER WAS RECORDED TODAY.
  FOG
  HAZE


RELATIVE HUMIDITY (PERCENT)
 HIGHEST    93           400 AM
 LOWEST     46          1000 AM
 AVERAGE    70

..........................................................


THE SALINAS AIRPORT CLIMATE NORMALS FOR TOMORROW
                         NORMAL    RECORD    YEAR
 MAXIMUM TEMPERATURE (F)   71        92      1977
 MINIMUM TEMPERATURE (F)   56        44      1932


SUNRISE AND SUNSET
JULY 28 2015..........SUNRISE   509 AM PST   SUNSET   716 PM PST
JULY 29 2015..........SUNRISE   510 AM PST   SUNSET   715 PM PST


-  INDICATES NEGATIVE NUMBERS.
R  INDICATES RECORD WAS SET OR TIED.
MM INDICATES DATA IS MISSING.
T  INDICATES TRACE AMOUNT.




$$
