000
CDUS46 KMTR 200825
CLISNS


CLIMATE REPORT
NATIONAL WEATHER SERVICE SAN FRANCISCO BAY AREA
1225 AM PST MON FEB 20 2017


...................................

...THE SALINAS AIRPORT CLIMATE SUMMARY FOR FEBRUARY 19 2017...

CLIMATE NORMAL PERIOD 1981 TO 2010
CLIMATE RECORD PERIOD 1930 TO 2017


WEATHER ITEM   OBSERVED TIME   RECORD YEAR NORMAL DEPARTURE LAST
                VALUE   (LST)  VALUE       VALUE  FROM      YEAR
                                                  NORMAL
..................................................................
TEMPERATURE (F)
 YESTERDAY
  MAXIMUM         56    403 PM  80    1964  63     -7       65
  MINIMUM         45    703 AM  29    1933  44      1       42
  AVERAGE         51                        53     -2       54

PRECIPITATION (IN)
  YESTERDAY        T             0.85 1944   0.09  -0.09     0.00
  MONTH TO DATE    2.58                      1.69   0.89     0.45
  SINCE OCT 1     12.44                      8.20   4.24     9.39
  SINCE JAN 1      8.44                      4.29   4.15     4.49

DEGREE DAYS
 HEATING
  YESTERDAY       14                        12      2       11
  MONTH TO DATE  162                       234    -72      130
  SINCE DEC 1   1053                      1094    -41      970
  SINCE JUL 1   1623                      1712    -89     1330

 COOLING
  YESTERDAY        0                         0      0        0
  MONTH TO DATE    0                         0      0        3
  SINCE DEC 1      0                         0      0        3
  SINCE JAN 1      0                         0      0        3
..................................................................


WIND (MPH)
  RESULTANT WIND SPEED  14   RESULTANT WIND DIRECTION   E (110)
  HIGHEST WIND SPEED    30   HIGHEST WIND DIRECTION     E (110)
  HIGHEST GUST SPEED    37   HIGHEST GUST DIRECTION     E (110)
  AVERAGE WIND SPEED    16.2


SKY COVER
  POSSIBLE SUNSHINE  MM
  AVERAGE SKY COVER 0.7


WEATHER CONDITIONS
 THE FOLLOWING WEATHER WAS RECORDED YESTERDAY.
  LIGHT RAIN


RELATIVE HUMIDITY (PERCENT)
 HIGHEST    89           600 AM
 LOWEST     66           500 PM
 AVERAGE    78

..........................................................


THE SALINAS AIRPORT CLIMATE NORMALS FOR TODAY
                         NORMAL    RECORD    YEAR
 MAXIMUM TEMPERATURE (F)   63        85      1995
 MINIMUM TEMPERATURE (F)   44        28      1953


SUNRISE AND SUNSET
FEBRUARY 20 2017......SUNRISE   648 AM PST   SUNSET   552 PM PST
FEBRUARY 21 2017......SUNRISE   647 AM PST   SUNSET   553 PM PST


-  INDICATES NEGATIVE NUMBERS.
R  INDICATES RECORD WAS SET OR TIED.
MM INDICATES DATA IS MISSING.
T  INDICATES TRACE AMOUNT.




$$
