000
CDUS46 KMTR 270829
CLISNS


CLIMATE REPORT
NATIONAL WEATHER SERVICE SAN FRANCISCO BAY AREA
1229 AM PST SAT DEC 27 2014


...................................

...THE SALINAS AIRPORT CLIMATE SUMMARY FOR DECEMBER 26 2014...

CLIMATE NORMAL PERIOD 1981 TO 2010
CLIMATE RECORD PERIOD 1930 TO 2014


WEATHER ITEM   OBSERVED TIME   RECORD YEAR NORMAL DEPARTURE LAST
                VALUE   (LST)  VALUE       VALUE  FROM      YEAR
                                                  NORMAL
..................................................................
TEMPERATURE (F)
 YESTERDAY
  MAXIMUM         60    413 PM  80    2013  61     -1       80
                                      1980
  MINIMUM         36    733 AM  27    1954  40     -4       45
  AVERAGE         48                        50     -2       63

PRECIPITATION (IN)
  YESTERDAY        0.00          1.00 1964   0.07  -0.07     0.00
  MONTH TO DATE    6.01                      1.58   4.43     0.21
  SINCE JUL 1      8.10                      3.76   4.34     0.94
  SINCE JAN 1     13.07                     12.48   0.59     3.27

DEGREE DAYS
 HEATING
  YESTERDAY       17                        15      2        2
  MONTH TO DATE  173                       365   -192      355
  SINCE DEC 1    173                       365   -192      355
  SINCE JUL 1    387                       983   -596      881

 COOLING
  YESTERDAY        0                         0      0        0
  MONTH TO DATE    1                         0      1        0
  SINCE DEC 1      1                         0      1        0
  SINCE JAN 1    270                       130    140      155
..................................................................


WIND (MPH)
  RESULTANT WIND SPEED   1   RESULTANT WIND DIRECTION  NE (50)
  HIGHEST WIND SPEED    12   HIGHEST WIND DIRECTION     N (350)
  HIGHEST GUST SPEED    24   HIGHEST GUST DIRECTION    NE (30)
  AVERAGE WIND SPEED     3.2


SKY COVER
  POSSIBLE SUNSHINE  MM
  AVERAGE SKY COVER 0.0


WEATHER CONDITIONS
 THE FOLLOWING WEATHER WAS RECORDED YESTERDAY.
  NO SIGNIFICANT WEATHER WAS OBSERVED.


RELATIVE HUMIDITY (PERCENT)
 HIGHEST    73          1000 PM
 LOWEST     29           200 PM
 AVERAGE    51

..........................................................


THE SALINAS AIRPORT CLIMATE NORMALS FOR TODAY
                         NORMAL    RECORD    YEAR
 MAXIMUM TEMPERATURE (F)   61        78      1956
 MINIMUM TEMPERATURE (F)   40        23      1954


SUNRISE AND SUNSET
DECEMBER 27 2014......SUNRISE   718 AM PST   SUNSET   458 PM PST
DECEMBER 28 2014......SUNRISE   718 AM PST   SUNSET   458 PM PST


-  INDICATES NEGATIVE NUMBERS.
R  INDICATES RECORD WAS SET OR TIED.
MM INDICATES DATA IS MISSING.
T  INDICATES TRACE AMOUNT.




$$
