000
CDUS46 KMTR 170031
CLISNS


CLIMATE REPORT
NATIONAL WEATHER SERVICE SAN FRANCISCO BAY AREA
531 PM PDT WED APR 16 2014


...................................

...THE SALINAS AIRPORT CLIMATE SUMMARY FOR APRIL 16 2014...
VALID TODAY AS OF 0500 PM LOCAL TIME.

CLIMATE NORMAL PERIOD 1981 TO 2010
CLIMATE RECORD PERIOD 1930 TO 2014


WEATHER ITEM   OBSERVED TIME   RECORD YEAR NORMAL DEPARTURE LAST
                VALUE   (LST)  VALUE       VALUE  FROM      YEAR
                                                  NORMAL
..................................................................
TEMPERATURE (F)
 TODAY
  MAXIMUM         72   1208 PM  89    1966  67      5       63
  MINIMUM         52    645 AM  36    1991  46      6       39
  AVERAGE         62                        57      5       51

PRECIPITATION (IN)
  TODAY            0.00          0.48 1942   0.03  -0.03     0.00
  MONTH TO DATE    0.37                      0.60  -0.23     0.27
  SINCE JUL 1      5.66                     12.06  -6.40     8.92
  SINCE JAN 1      4.72                      7.95  -3.23     2.28

DEGREE DAYS
 HEATING
  TODAY            3                         9     -6       14
  MONTH TO DATE   98                       146    -48      123
  SINCE MAR 1    296                       466   -170      403
  SINCE JUL 1   1728                      2280   -552     2158

 COOLING
  TODAY            0                         0      0        0
  MONTH TO DATE    3                         0      3        0
  SINCE MAR 1      4                         1      3        0
  SINCE JAN 1      6                         1      5        0
..................................................................


WIND (MPH)
  RESULTANT WIND SPEED   6   RESULTANT WIND DIRECTION   W (270)
  HIGHEST WIND SPEED    17   HIGHEST WIND DIRECTION     W (270)
  HIGHEST GUST SPEED    22   HIGHEST GUST DIRECTION     W (280)
  AVERAGE WIND SPEED     6.6


SKY COVER
  POSSIBLE SUNSHINE  MM
  AVERAGE SKY COVER 0.4


WEATHER CONDITIONS
 THE FOLLOWING WEATHER WAS RECORDED TODAY.
  FOG
  HAZE


RELATIVE HUMIDITY (PERCENT)
 HIGHEST    89           800 AM
 LOWEST     53          1200 PM
 AVERAGE    71

..........................................................


THE SALINAS AIRPORT CLIMATE NORMALS FOR TOMORROW
                         NORMAL    RECORD    YEAR
 MAXIMUM TEMPERATURE (F)   67        87      1952
 MINIMUM TEMPERATURE (F)   46        34      1944


SUNRISE AND SUNSET
APRIL 16 2014.........SUNRISE   531 AM PST   SUNSET   642 PM PST
APRIL 17 2014.........SUNRISE   530 AM PST   SUNSET   643 PM PST


-  INDICATES NEGATIVE NUMBERS.
R  INDICATES RECORD WAS SET OR TIED.
MM INDICATES DATA IS MISSING.
T  INDICATES TRACE AMOUNT.




$$
