000
CDUS46 KMTR 260827
CLISNS


CLIMATE REPORT
NATIONAL WEATHER SERVICE SAN FRANCISCO BAY AREA
127 AM PDT SUN MAR 26 2017


...................................

...THE SALINAS AIRPORT CLIMATE SUMMARY FOR MARCH 25 2017...

CLIMATE NORMAL PERIOD 1981 TO 2010
CLIMATE RECORD PERIOD 1930 TO 2017


WEATHER ITEM   OBSERVED TIME   RECORD YEAR NORMAL DEPARTURE LAST
                VALUE   (LST)  VALUE       VALUE  FROM      YEAR
                                                  NORMAL
..................................................................
TEMPERATURE (F)
 YESTERDAY
  MAXIMUM         63   1244 PM  85    1988  65     -2       66
  MINIMUM         51   1159 PM  29    1936  45      6       52
  AVERAGE         57                        55      2       59

PRECIPITATION (IN)
  YESTERDAY        0.07          0.52 1993   0.06   0.01     0.00
  MONTH TO DATE    1.20                      1.92  -0.72     3.45
  SINCE OCT 1     15.49                     10.92   4.57    12.84
  SINCE JAN 1     11.49                      7.01   4.48     7.94

DEGREE DAYS
 HEATING
  YESTERDAY        8                        10     -2        6
  MONTH TO DATE  195                       262    -67      177
  SINCE MAR 1    195                       262    -67      177
  SINCE JUL 1   1957                      2076   -119     1568

 COOLING
  YESTERDAY        0                         0      0        0
  MONTH TO DATE    1                         0      1        0
  SINCE MAR 1      1                         0      1        0
  SINCE JAN 1      1                         0      1        3
..................................................................


WIND (MPH)
  RESULTANT WIND SPEED   7   RESULTANT WIND DIRECTION   W (260)
  HIGHEST WIND SPEED    17   HIGHEST WIND DIRECTION     W (280)
  HIGHEST GUST SPEED    22   HIGHEST GUST DIRECTION     W (280)
  AVERAGE WIND SPEED     7.9


SKY COVER
  POSSIBLE SUNSHINE  MM
  AVERAGE SKY COVER 0.4


WEATHER CONDITIONS
 THE FOLLOWING WEATHER WAS RECORDED YESTERDAY.
  RAIN
  LIGHT RAIN
  FOG


RELATIVE HUMIDITY (PERCENT)
 HIGHEST   100           500 AM
 LOWEST     60           400 PM
 AVERAGE    80

..........................................................


THE SALINAS AIRPORT CLIMATE NORMALS FOR TODAY
                         NORMAL    RECORD    YEAR
 MAXIMUM TEMPERATURE (F)   66        90      2015
 MINIMUM TEMPERATURE (F)   45        30      1936


SUNRISE AND SUNSET
MARCH 26 2017.........SUNRISE   701 AM PDT   SUNSET   724 PM PDT
MARCH 27 2017.........SUNRISE   659 AM PDT   SUNSET   725 PM PDT


-  INDICATES NEGATIVE NUMBERS.
R  INDICATES RECORD WAS SET OR TIED.
MM INDICATES DATA IS MISSING.
T  INDICATES TRACE AMOUNT.




$$
