815
CDUS46 KMTR 300027
CLISNS


CLIMATE REPORT
NATIONAL WEATHER SERVICE SAN FRANCISCO BAY AREA
527 PM PDT MON AUG 29 2016


...................................

...THE SALINAS AIRPORT CLIMATE SUMMARY FOR AUGUST 29 2016...
VALID TODAY AS OF 0500 PM LOCAL TIME.

CLIMATE NORMAL PERIOD 1981 TO 2010
CLIMATE RECORD PERIOD 1930 TO 2016


WEATHER ITEM   OBSERVED TIME   RECORD YEAR NORMAL DEPARTURE LAST
                VALUE   (LST)  VALUE       VALUE  FROM      YEAR
                                                  NORMAL
..................................................................
TEMPERATURE (F)
 TODAY
  MAXIMUM         74   1224 PM  98    1968  73      1       83
  MINIMUM         54    207 AM  43    1945  56     -2       62
  AVERAGE         64                        64      0       73

PRECIPITATION (IN)
  TODAY            0.00          0.11 2000   0.00   0.00     0.00
  MONTH TO DATE    T                         0.03  -0.03     0.06
  SINCE OCT 1     13.47                     12.66   0.81     9.88
  SINCE JAN 1      8.57                      8.75  -0.18     1.89

DEGREE DAYS
 HEATING
  TODAY            1                         2     -1        0
  MONTH TO DATE   56                        58     -2        1
  SINCE JUN 1    224                       249    -25       84
  SINCE JUL 1    148                       136     12        3

 COOLING
  TODAY            0                         1     -1        8
  MONTH TO DATE    0                        26    -26      109
  SINCE JUN 1      8                        56    -48      175
  SINCE JAN 1     31                        72    -41      206
..................................................................


WIND (MPH)
  RESULTANT WIND SPEED   6   RESULTANT WIND DIRECTION   W (260)
  HIGHEST WIND SPEED    18   HIGHEST WIND DIRECTION     W (280)
  HIGHEST GUST SPEED    23   HIGHEST GUST DIRECTION     W (260)
  AVERAGE WIND SPEED     6.6


SKY COVER
  POSSIBLE SUNSHINE  MM
  AVERAGE SKY COVER 0.5


WEATHER CONDITIONS
 THE FOLLOWING WEATHER WAS RECORDED TODAY.
  FOG
  HAZE


RELATIVE HUMIDITY (PERCENT)
 HIGHEST    93           600 AM
 LOWEST     57           100 PM
 AVERAGE    75

..........................................................


THE SALINAS AIRPORT CLIMATE NORMALS FOR TOMORROW
                         NORMAL    RECORD    YEAR
 MAXIMUM TEMPERATURE (F)   73        87      1943
 MINIMUM TEMPERATURE (F)   56        43      1941


SUNRISE AND SUNSET
AUGUST 29 2016........SUNRISE   636 AM PDT   SUNSET   738 PM PDT
AUGUST 30 2016........SUNRISE   636 AM PDT   SUNSET   737 PM PDT


-  INDICATES NEGATIVE NUMBERS.
R  INDICATES RECORD WAS SET OR TIED.
MM INDICATES DATA IS MISSING.
T  INDICATES TRACE AMOUNT.




$$
