000
CDUS45 KPIH 242324
CLISNT


CLIMATE REPORT
NATIONAL WEATHER SERVICE POCATELLO ID
522 PM MDT SAT SEP 24 2016


...................................

...THE STANLEY ID CLIMATE SUMMARY FOR SEPTEMBER 24 2016...
VALID TODAY AS OF 0500 PM LOCAL TIME.

CLIMATE NORMAL PERIOD 1981 TO 2010
CLIMATE RECORD PERIOD 1916 TO 2016


WEATHER ITEM   OBSERVED TIME   RECORD YEAR NORMAL DEPARTURE LAST
                VALUE   (LST)  VALUE       VALUE  FROM      YEAR
                                                  NORMAL
..................................................................
TEMPERATURE (F)
 TODAY
  MAXIMUM         62    334 PM  86    1922  64     -2       77
  MINIMUM         32    701 AM   2    1926  27      5       28
  AVERAGE         47                        45      2       53

PRECIPITATION (IN)
  TODAY            0.00          0.42 1977   0.03  -0.03     0.00
  MONTH TO DATE    1.40                      0.78   0.62     2.09
  SINCE OCT 1     18.55                     16.92   1.63    19.32
  SINCE JAN 1     10.98                     12.07  -1.09    12.61

SNOWFALL (IN)
  TODAY           MM
  MONTH TO DATE    0.0
  SINCE SEP 1      0.0
  SINCE JUL 1      0.0
  SNOW DEPTH      MM

DEGREE DAYS
 HEATING
  TODAY           18                        20     -2       12
  MONTH TO DATE  390                       398     -8      367
  SINCE SEP 1    390                       398     -8      367
  SINCE JUL 1    868                       918    -50      782

 COOLING
  TODAY            0                         0      0        0
  MONTH TO DATE    0                         0      0        0
  SINCE SEP 1      0                         0      0        0
  SINCE JAN 1      4                         3      1       25
..................................................................


WIND (MPH)
  HIGHEST WIND SPEED    13   HIGHEST WIND DIRECTION     N (350)
  HIGHEST GUST SPEED    21   HIGHEST GUST DIRECTION     N (340)
  AVERAGE WIND SPEED     5.1


SKY COVER
  POSSIBLE SUNSHINE  MM
  AVERAGE SKY COVER 0.0


WEATHER CONDITIONS
 THE FOLLOWING WEATHER WAS RECORDED TODAY.
  NO SIGNIFICANT WEATHER WAS OBSERVED.


RELATIVE HUMIDITY (PERCENT)
 HIGHEST    96           600 AM
 LOWEST     23           400 PM
 AVERAGE    60

..........................................................


THE STANLEY ID CLIMATE NORMALS FOR TOMORROW
                         NORMAL    RECORD    YEAR
 MAXIMUM TEMPERATURE (F)   64        85      1922
 MINIMUM TEMPERATURE (F)   27         1      1926


SUNRISE AND SUNSET
SEPTEMBER 24 2016.....SUNRISE   730 AM MDT   SUNSET   732 PM MDT
SEPTEMBER 25 2016.....SUNRISE   731 AM MDT   SUNSET   730 PM MDT


-  INDICATES NEGATIVE NUMBERS.
R  INDICATES RECORD WAS SET OR TIED.
MM INDICATES DATA IS MISSING.
T  INDICATES TRACE AMOUNT.




$$
