000
CDUS45 KPIH 280733
CLISNT


CLIMATE REPORT
NATIONAL WEATHER SERVICE POCATELLO ID
132 AM MDT FRI AUG 28 2015


...................................

...THE STANLEY ID CLIMATE SUMMARY FOR AUGUST 27 2015...

CLIMATE NORMAL PERIOD 1981 TO 2010
CLIMATE RECORD PERIOD 1916 TO 2015


WEATHER ITEM   OBSERVED TIME   RECORD YEAR NORMAL DEPARTURE LAST
                VALUE   (LST)  VALUE       VALUE  FROM      YEAR
                                                  NORMAL
..................................................................
TEMPERATURE (F)
 YESTERDAY
  MAXIMUM         81    309 PM  91    1924  74      7       77
  MINIMUM         41    621 AM  19    1980  32      9       34
  AVERAGE         61                        53      8       56

PRECIPITATION (IN)
  YESTERDAY        0.00          0.10 2003   0.03  -0.03     0.00
                                      1977
  MONTH TO DATE    0.42                      0.56  -0.14     0.98
  SINCE OCT 1     17.08                     16.02   1.06    18.21
  SINCE JAN 1     10.37                     11.17  -0.80    14.60

SNOWFALL (IN)
  YESTERDAY       MM
  MONTH TO DATE   MM
  SINCE JUN 1     MM
  SINCE JUL 1     MM
  SNOW DEPTH      MM

DEGREE DAYS
 HEATING
  YESTERDAY        4                        12     -8        9
  MONTH TO DATE  167                       229    -62      189
  SINCE JUN 1    617                       924   -307      771
  SINCE JUL 1    383                       470    -87      301

 COOLING
  YESTERDAY        0                         0      0        0
  MONTH TO DATE    6                         0      6        4
  SINCE JUN 1     24                         3     21       16
  SINCE JAN 1     24                         3     21       16
..................................................................


WIND (MPH)
  HIGHEST WIND SPEED    14   HIGHEST WIND DIRECTION     W (270)
  HIGHEST GUST SPEED    22   HIGHEST GUST DIRECTION     W (260)
  AVERAGE WIND SPEED     3.6


SKY COVER
  POSSIBLE SUNSHINE  MM
  AVERAGE SKY COVER 0.0


WEATHER CONDITIONS
 THE FOLLOWING WEATHER WAS RECORDED YESTERDAY.
  NO SIGNIFICANT WEATHER WAS OBSERVED.


RELATIVE HUMIDITY (PERCENT)
 HIGHEST    89           700 AM
 LOWEST     13           500 PM
 AVERAGE    51

..........................................................


THE STANLEY ID CLIMATE NORMALS FOR TODAY
                         NORMAL    RECORD    YEAR
 MAXIMUM TEMPERATURE (F)   74        90      1922
 MINIMUM TEMPERATURE (F)   32        17      1980


SUNRISE AND SUNSET
AUGUST 28 2015........SUNRISE   658 AM MDT   SUNSET   823 PM MDT
AUGUST 29 2015........SUNRISE   659 AM MDT   SUNSET   821 PM MDT


-  INDICATES NEGATIVE NUMBERS.
R  INDICATES RECORD WAS SET OR TIED.
MM INDICATES DATA IS MISSING.
T  INDICATES TRACE AMOUNT.




$$
