000
CDUS45 KPIH 030730
CLISNT


CLIMATE REPORT
NATIONAL WEATHER SERVICE POCATELLO ID
1229 AM MST SAT DEC 3 2016


...................................

...THE STANLEY ID CLIMATE SUMMARY FOR DECEMBER 2 2016...

CLIMATE NORMAL PERIOD 1981 TO 2010
CLIMATE RECORD PERIOD 1916 TO 2016


WEATHER ITEM   OBSERVED TIME   RECORD YEAR NORMAL DEPARTURE LAST
                VALUE   (LST)  VALUE       VALUE  FROM      YEAR
                                                  NORMAL
..................................................................
TEMPERATURE (F)
 YESTERDAY
  MAXIMUM         28    340 PM  50    1921  27      1       28
  MINIMUM          1    815 AM -26    1984   6     -5       -3
  AVERAGE         15                        16     -1       13

PRECIPITATION (IN)
  YESTERDAY        0.00          0.89 2012   0.04  -0.04     0.00
  MONTH TO DATE    0.00                      0.07  -0.07     0.00
  SINCE OCT 1      5.46                      3.65   1.81     2.61
  SINCE JAN 1     16.45                     15.86   0.59    15.22

SNOWFALL (IN)
  YESTERDAY       MM
  MONTH TO DATE   MM
  SINCE DEC 1     MM
  SINCE JUL 1     MM
  SNOW DEPTH      MM

DEGREE DAYS
 HEATING
  YESTERDAY       50                        48      2       52
  MONTH TO DATE   94                        96     -2      108
  SINCE DEC 1     94                        96     -2      108
  SINCE JUL 1   2711                      3193   -482     2880

 COOLING
  YESTERDAY        0                         0      0        0
  MONTH TO DATE    0                         0      0        0
  SINCE DEC 1      0                         0      0        0
  SINCE JAN 1      4                         3      1       25
..................................................................


WIND (MPH)
  HIGHEST WIND SPEED     8   HIGHEST WIND DIRECTION    SE (140)
  HIGHEST GUST SPEED    12   HIGHEST GUST DIRECTION    SE (140)
  AVERAGE WIND SPEED     2.1


SKY COVER
  POSSIBLE SUNSHINE  MM
  AVERAGE SKY COVER 0.0


WEATHER CONDITIONS
 THE FOLLOWING WEATHER WAS RECORDED YESTERDAY.
  NO SIGNIFICANT WEATHER WAS OBSERVED.


RELATIVE HUMIDITY (PERCENT)
 HIGHEST    91           300 AM
 LOWEST     46           400 PM
 AVERAGE    69

..........................................................


THE STANLEY ID CLIMATE NORMALS FOR TODAY
                         NORMAL    RECORD    YEAR
 MAXIMUM TEMPERATURE (F)   26        51      1918
 MINIMUM TEMPERATURE (F)    6       -29      1984


SUNRISE AND SUNSET
DECEMBER  3 2016......SUNRISE   758 AM MST   SUNSET   502 PM MST
DECEMBER  4 2016......SUNRISE   759 AM MST   SUNSET   501 PM MST


-  INDICATES NEGATIVE NUMBERS.
R  INDICATES RECORD WAS SET OR TIED.
MM INDICATES DATA IS MISSING.
T  INDICATES TRACE AMOUNT.




$$
