000
CDUS45 KPIH 260735
CLISNT


CLIMATE REPORT
NATIONAL WEATHER SERVICE POCATELLO ID
134 AM MDT TUE JUL 26 2016


...................................

...THE STANLEY ID CLIMATE SUMMARY FOR JULY 25 2016...

CLIMATE NORMAL PERIOD 1981 TO 2010
CLIMATE RECORD PERIOD 1916 TO 2016


WEATHER ITEM   OBSERVED TIME   RECORD YEAR NORMAL DEPARTURE LAST
                VALUE   (LST)  VALUE       VALUE  FROM      YEAR
                                                  NORMAL
..................................................................
TEMPERATURE (F)
 YESTERDAY
  MAXIMUM         86    425 PM  88    1968  80      6       77
  MINIMUM         35    605 AM  25    2014  38     -3       35
  AVERAGE         61                        59      2       56

PRECIPITATION (IN)
  YESTERDAY        0.00          0.40 2007   0.02  -0.02     0.00
  MONTH TO DATE    0.10                      0.58  -0.48     0.85
  SINCE OCT 1     17.13                     15.35   1.78    16.37
  SINCE JAN 1      9.56                     10.50  -0.94     9.66

SNOWFALL (IN)
  YESTERDAY       MM
  MONTH TO DATE   MM
  SINCE JUN 1     MM
  SINCE JUL 1     MM
  SNOW DEPTH      MM

DEGREE DAYS
 HEATING
  YESTERDAY        4                         6     -2        9
  MONTH TO DATE  218                       203     15      155
  SINCE JUN 1    522                       657   -135      389
  SINCE JUL 1    218                       203     15      155

 COOLING
  YESTERDAY        0                         0      0        0
  MONTH TO DATE    0                         0      0        1
  SINCE JUN 1      3                         0      3       18
  SINCE JAN 1      3                         0      3       18
..................................................................


WIND (MPH)
  HIGHEST WIND SPEED    13   HIGHEST WIND DIRECTION     N (350)
  HIGHEST GUST SPEED    21   HIGHEST GUST DIRECTION     N (350)
  AVERAGE WIND SPEED     4.5


SKY COVER
  POSSIBLE SUNSHINE  MM
  AVERAGE SKY COVER  MM


WEATHER CONDITIONS
 THE FOLLOWING WEATHER WAS RECORDED YESTERDAY.
  NO SIGNIFICANT WEATHER WAS OBSERVED.


RELATIVE HUMIDITY (PERCENT)
 HIGHEST    MM
 LOWEST     MM
 AVERAGE    MM

..........................................................


THE STANLEY ID CLIMATE NORMALS FOR TODAY
                         NORMAL    RECORD    YEAR
 MAXIMUM TEMPERATURE (F)   80        90      1978
 MINIMUM TEMPERATURE (F)   38        21      1968


SUNRISE AND SUNSET
JULY 26 2016..........SUNRISE   622 AM MDT   SUNSET   910 PM MDT
JULY 27 2016..........SUNRISE   623 AM MDT   SUNSET   909 PM MDT


-  INDICATES NEGATIVE NUMBERS.
R  INDICATES RECORD WAS SET OR TIED.
MM INDICATES DATA IS MISSING.
T  INDICATES TRACE AMOUNT.




$$
