000
CDUS45 KPIH 012322
CLISNT


CLIMATE REPORT
NATIONAL WEATHER SERVICE POCATELLO ID
421 PM MST SUN FEB 1 2015


...................................

...THE STANLEY ID CLIMATE SUMMARY FOR FEBRUARY 1 2015...
VALID TODAY AS OF 0400 PM LOCAL TIME.

CLIMATE NORMAL PERIOD 1981 TO 2010
CLIMATE RECORD PERIOD 1916 TO 2015


WEATHER ITEM   OBSERVED TIME   RECORD YEAR NORMAL DEPARTURE LAST
                VALUE   (LST)  VALUE       VALUE  FROM      YEAR
                                                  NORMAL
..................................................................
TEMPERATURE (F)
 TODAY
  MAXIMUM         23    202 PM  48    1971  29     -6       27
  MINIMUM          0    429 AM -44    1923   2     -2       -1
  AVERAGE         12                        15     -3       13

PRECIPITATION (IN)
  TODAY            0.02          1.43 2008   0.07  -0.05     0.00
  MONTH TO DATE    0.02                      0.07  -0.05     0.00
  SINCE OCT 1      8.17                      6.44   1.73     5.57
  SINCE JAN 1      1.46                      1.59  -0.13     1.96

SNOWFALL (IN)
  TODAY           MM
  MONTH TO DATE   MM
  SINCE DEC 1     MM
  SINCE JUL 1     MM
  SNOW DEPTH      MM

DEGREE DAYS
 HEATING
  TODAY           53                        50      3       52
  MONTH TO DATE   53                        50      3       52
  SINCE DEC 1   2833                      3182   -349     3203
  SINCE JUL 1   5426                      6279   -853     5992

 COOLING
  TODAY            0                         0      0        0
  MONTH TO DATE    0                         0      0        0
  SINCE DEC 1      0                         0      0        0
  SINCE JAN 1      0                         0      0        0
..................................................................


WIND (MPH)
  HIGHEST WIND SPEED     7   HIGHEST WIND DIRECTION     E (90)
  HIGHEST GUST SPEED     9   HIGHEST GUST DIRECTION    SE (140)
  AVERAGE WIND SPEED     1.0


SKY COVER
  POSSIBLE SUNSHINE  MM
  AVERAGE SKY COVER 0.0


WEATHER CONDITIONS
 THE FOLLOWING WEATHER WAS RECORDED TODAY.
  NO SIGNIFICANT WEATHER WAS OBSERVED.


RELATIVE HUMIDITY (PERCENT)
 HIGHEST    80           900 AM
 LOWEST     56           100 PM
 AVERAGE    68

..........................................................


THE STANLEY ID CLIMATE NORMALS FOR TOMORROW
                         NORMAL    RECORD    YEAR
 MAXIMUM TEMPERATURE (F)   29        46      1987
 MINIMUM TEMPERATURE (F)    2       -38      1996


SUNRISE AND SUNSET
FEBRUARY  1 2015......SUNRISE   758 AM MST   SUNSET   549 PM MST
FEBRUARY  2 2015......SUNRISE   756 AM MST   SUNSET   551 PM MST


-  INDICATES NEGATIVE NUMBERS.
R  INDICATES RECORD WAS SET OR TIED.
MM INDICATES DATA IS MISSING.
T  INDICATES TRACE AMOUNT.




$$
