000
CDUS45 KPIH 282326
CLISNT


CLIMATE REPORT
NATIONAL WEATHER SERVICE POCATELLO ID
524 PM MDT SAT MAY 28 2016


...................................

...THE STANLEY ID CLIMATE SUMMARY FOR MAY 28 2016...
VALID TODAY AS OF 0500 PM LOCAL TIME.

CLIMATE NORMAL PERIOD 1981 TO 2010
CLIMATE RECORD PERIOD 1916 TO 2016


WEATHER ITEM   OBSERVED TIME   RECORD YEAR NORMAL DEPARTURE LAST
                VALUE   (LST)  VALUE       VALUE  FROM      YEAR
                                                  NORMAL
..................................................................
TEMPERATURE (F)
 TODAY
  MAXIMUM         61    354 PM  84    2003  61      0       65
  MINIMUM         25    508 AM  18    1923  31     -6       35
  AVERAGE         43                        46     -3       50

PRECIPITATION (IN)
  TODAY            0.00          0.86 2010   0.06  -0.06     0.00
  MONTH TO DATE    1.17                      1.56  -0.39     2.23
  SINCE OCT 1     16.59                     13.25   3.34    14.48
  SINCE JAN 1      9.02                      8.40   0.62     7.77

SNOWFALL (IN)
  TODAY           MM
  MONTH TO DATE   MM
  SINCE MAR 1     MM
  SINCE JUL 1     MM
  SNOW DEPTH      MM

DEGREE DAYS
 HEATING
  TODAY           22                        19      3       15
  MONTH TO DATE  559                       627    -68      529
  SINCE MAR 1   2375                      2753   -378     2294
  SINCE JUL 1   9325                     10287   -962     8672

 COOLING
  TODAY            0                         0      0        0
  MONTH TO DATE    0                         0      0        0
  SINCE MAR 1      0                         0      0        0
  SINCE JAN 1      0                         0      0        0
..................................................................


WIND (MPH)
  HIGHEST WIND SPEED    15   HIGHEST WIND DIRECTION     N (340)
  HIGHEST GUST SPEED    21   HIGHEST GUST DIRECTION     N (340)
  AVERAGE WIND SPEED     5.3


SKY COVER
  POSSIBLE SUNSHINE  MM
  AVERAGE SKY COVER 0.0


WEATHER CONDITIONS
 THE FOLLOWING WEATHER WAS RECORDED TODAY.
  NO SIGNIFICANT WEATHER WAS OBSERVED.


RELATIVE HUMIDITY (PERCENT)
 HIGHEST    85           200 AM
 LOWEST     23           300 PM
 AVERAGE    54

..........................................................


THE STANLEY ID CLIMATE NORMALS FOR TOMORROW
                         NORMAL    RECORD    YEAR
 MAXIMUM TEMPERATURE (F)   62        82      2003
                                             1986
 MINIMUM TEMPERATURE (F)   31        18      1977


SUNRISE AND SUNSET
MAY 28 2016...........SUNRISE   601 AM MDT   SUNSET   913 PM MDT
MAY 29 2016...........SUNRISE   601 AM MDT   SUNSET   914 PM MDT


-  INDICATES NEGATIVE NUMBERS.
R  INDICATES RECORD WAS SET OR TIED.
MM INDICATES DATA IS MISSING.
T  INDICATES TRACE AMOUNT.




$$
