000
CDUS45 KCYS 300737
CLISNY


CLIMATE REPORT
NATIONAL WEATHER SERVICE CHEYENNE WY
1236 AM MST FRI JAN 30 2015


...................................

...THE SIDNEY NE AIRPORT CLIMATE SUMMARY FOR JANUARY 29 2015...

CLIMATE NORMAL PERIOD 1981 TO 2010
CLIMATE RECORD PERIOD 1948 TO 2015


WEATHER ITEM   OBSERVED TIME   RECORD YEAR NORMAL DEPARTURE LAST
                VALUE   (LST)  VALUE       VALUE  FROM      YEAR
                                                  NORMAL
..................................................................
TEMPERATURE (F)
 YESTERDAY
  MAXIMUM         47    313 PM  62    2012  42      5       53
                                      1967
  MINIMUM         24    717 AM -17    1949  17      7        9
  AVERAGE         36                        30      6       31

PRECIPITATION (IN)
  YESTERDAY        0.00          0.11 1991   0.00   0.00     0.00
  MONTH TO DATE    0.03                      0.18  -0.15     0.05
  SINCE JAN 1      0.03                      0.18  -0.15     0.05

DEGREE DAYS
 HEATING
  YESTERDAY       29                        35     -6       34
  MONTH TO DATE 1049                      1043      6     1028
  SINCE DEC 1   2252                      2168     84     2170
  SINCE JUL 1   3742                      3590    152     3662

 COOLING
  YESTERDAY        0                         0      0        0
  MONTH TO DATE    0                         0      0        0
  SINCE DEC 1      0                         0      0        0
  SINCE JAN 1      0                         0      0        0
..................................................................


WIND (MPH)
  HIGHEST WIND SPEED    21   HIGHEST WIND DIRECTION     N (350)
  HIGHEST GUST SPEED    26   HIGHEST GUST DIRECTION    NW (320)
  AVERAGE WIND SPEED     9.0


SKY COVER
  AVERAGE SKY COVER 0.0


WEATHER CONDITIONS
 THE FOLLOWING WEATHER WAS RECORDED YESTERDAY.
  NO SIGNIFICANT WEATHER WAS OBSERVED.


RELATIVE HUMIDITY (PERCENT)
 HIGHEST    85           100 AM
 LOWEST     21           200 PM
 AVERAGE    53

..........................................................


THE SIDNEY NE AIRPORT CLIMATE NORMALS FOR TODAY
                         NORMAL    RECORD    YEAR
 MAXIMUM TEMPERATURE (F)   42        66      2012
 MINIMUM TEMPERATURE (F)   17       -15      1951


SUNRISE AND SUNSET
JANUARY 30 2015.......SUNRISE   705 AM MST   SUNSET   506 PM MST
JANUARY 31 2015.......SUNRISE   704 AM MST   SUNSET   507 PM MST


-  INDICATES NEGATIVE NUMBERS.
R  INDICATES RECORD WAS SET OR TIED.
MM INDICATES DATA IS MISSING.
T  INDICATES TRACE AMOUNT.




$$
