000
CDUS45 KCYS 010733
CLISNY


CLIMATE REPORT
NATIONAL WEATHER SERVICE CHEYENNE WY
132 AM MDT MON SEP 1 2014


...................................

...THE SIDNEY NE AIRPORT CLIMATE SUMMARY FOR AUGUST 31 2014...

CLIMATE NORMAL PERIOD 1981 TO 2010
CLIMATE RECORD PERIOD 1948 TO 2014


WEATHER ITEM   OBSERVED TIME   RECORD YEAR NORMAL DEPARTURE LAST
                VALUE   (LST)  VALUE       VALUE  FROM      YEAR
                                                  NORMAL
..................................................................
TEMPERATURE (F)
 YESTERDAY
  MAXIMUM         80    446 PM  99    2013  86     -6       99
                                      1985
  MINIMUM         48   1047 PM  40    1965  55     -7       59
  AVERAGE         64                        70     -6       79

PRECIPITATION (IN)
  YESTERDAY        0.05          0.87 1949   0.07  -0.02     0.00
  MONTH TO DATE    2.91                      2.26   0.65     0.69
  SINCE JAN 1     11.68                     15.16  -3.48     8.17

DEGREE DAYS
 HEATING
  YESTERDAY        1                         1      0        0
  MONTH TO DATE    3                         4     -1        1
  SINCE JUN 1     67                        70     -3       46
  SINCE JUL 1     12                        11      1        9

 COOLING
  YESTERDAY        0                         6     -6       14
  MONTH TO DATE  215                       264    -49      292
  SINCE JUN 1    542                       720   -178      730
  SINCE JAN 1    558                       742   -184      763
..................................................................


WIND (MPH)
  HIGHEST WIND SPEED    40   HIGHEST WIND DIRECTION    NW (300)
  HIGHEST GUST SPEED    53   HIGHEST GUST DIRECTION    NW (310)
  AVERAGE WIND SPEED    13.8


SKY COVER
  AVERAGE SKY COVER 0.2


WEATHER CONDITIONS
 THE FOLLOWING WEATHER WAS RECORDED YESTERDAY.
  THUNDERSTORM
  LIGHT RAIN


RELATIVE HUMIDITY (PERCENT)
 HIGHEST    86          1100 PM
 LOWEST     23           500 PM
 AVERAGE    55

..........................................................


THE SIDNEY NE AIRPORT CLIMATE NORMALS FOR TODAY
                         NORMAL    RECORD    YEAR
 MAXIMUM TEMPERATURE (F)   85        98      2012
                                             1988
                                             1975
 MINIMUM TEMPERATURE (F)   55        34      1965


SUNRISE AND SUNSET
SEPTEMBER  1 2014.....SUNRISE   619 AM MDT   SUNSET   724 PM MDT
SEPTEMBER  2 2014.....SUNRISE   620 AM MDT   SUNSET   723 PM MDT


-  INDICATES NEGATIVE NUMBERS.
R  INDICATES RECORD WAS SET OR TIED.
MM INDICATES DATA IS MISSING.
T  INDICATES TRACE AMOUNT.




$$
