000
CDUS45 KCYS 240337
CLISNY


CLIMATE REPORT
NATIONAL WEATHER SERVICE CHEYENNE WY
936 PM MDT TUE AUG 23 2016


...................................

...THE SIDNEY NE AIRPORT CLIMATE SUMMARY FOR AUGUST 23 2016...
VALID TODAY AS OF 0900 PM LOCAL TIME.

CLIMATE NORMAL PERIOD 1981 TO 2010
CLIMATE RECORD PERIOD 1948 TO 2016


WEATHER ITEM   OBSERVED TIME   RECORD YEAR NORMAL DEPARTURE LAST
                VALUE   (LST)  VALUE       VALUE  FROM      YEAR
                                                  NORMAL
..................................................................
TEMPERATURE (F)
 TODAY
  MAXIMUM         88    300 PM 102    2011  87      1       75
  MINIMUM         51    452 AM  35    2015  57     -6       35
  AVERAGE         70                        72     -2       55

PRECIPITATION (IN)
  TODAY            0.00          0.73 1982   0.07  -0.07     0.00
  MONTH TO DATE    1.80                      1.73   0.07     0.54
  SINCE JAN 1     11.00                     14.63  -3.63    19.27

DEGREE DAYS
 HEATING
  TODAY            0                         0      0       10
  MONTH TO DATE   13                         0     13       31
  SINCE JUN 1     23                        62    -39       38
  SINCE JUL 1     13                         3     10       38

 COOLING
  TODAY            5                         8     -3        0
  MONTH TO DATE  159                       211    -52      161
  SINCE JUN 1    680                       667     13      510
  SINCE JAN 1    684                       689     -5      510
..................................................................


WIND (MPH)
  HIGHEST WIND SPEED    24   HIGHEST WIND DIRECTION     N (340)
  HIGHEST GUST SPEED    30   HIGHEST GUST DIRECTION     N (350)
  AVERAGE WIND SPEED    12.7


SKY COVER
  AVERAGE SKY COVER 0.0


WEATHER CONDITIONS
 THE FOLLOWING WEATHER WAS RECORDED TODAY.
  FOG


RELATIVE HUMIDITY (PERCENT)
 HIGHEST    96           500 AM
 LOWEST     13           100 PM
 AVERAGE    55

..........................................................


THE SIDNEY NE AIRPORT CLIMATE NORMALS FOR TOMORROW
                         NORMAL    RECORD    YEAR
 MAXIMUM TEMPERATURE (F)   87        98      2003
                                             1948
 MINIMUM TEMPERATURE (F)   57        42      1968


SUNRISE AND SUNSET
AUGUST 23 2016........SUNRISE   610 AM MDT   SUNSET   738 PM MDT
AUGUST 24 2016........SUNRISE   611 AM MDT   SUNSET   736 PM MDT


-  INDICATES NEGATIVE NUMBERS.
R  INDICATES RECORD WAS SET OR TIED.
MM INDICATES DATA IS MISSING.
T  INDICATES TRACE AMOUNT.




$$
