000
CDUS45 KCYS 260731
CLISNY


CLIMATE REPORT
NATIONAL WEATHER SERVICE CHEYENNE WY
130 AM MDT THU MAY 26 2016


...................................

...THE SIDNEY NE AIRPORT CLIMATE SUMMARY FOR MAY 25 2016...

CLIMATE NORMAL PERIOD 1981 TO 2010
CLIMATE RECORD PERIOD 1948 TO 2016


WEATHER ITEM   OBSERVED TIME   RECORD YEAR NORMAL DEPARTURE LAST
                VALUE   (LST)  VALUE       VALUE  FROM      YEAR
                                                  NORMAL
..................................................................
TEMPERATURE (F)
 YESTERDAY
  MAXIMUM         75   1235 PM  90    1964  74      1       57
  MINIMUM         45   1133 PM  28    2001  46     -1       44
  AVERAGE         60                        60      0       51

PRECIPITATION (IN)
  YESTERDAY        0.23          1.04 1950   0.10   0.13     0.32
  MONTH TO DATE    1.19                      2.42  -1.23     7.57
  SINCE JAN 1      5.64                      6.09  -0.45    14.10

DEGREE DAYS
 HEATING
  YESTERDAY        5                         6     -1       14
  MONTH TO DATE  294                       221     73      356
  SINCE MAR 1   1598                      1551     47     1532
  SINCE JUL 1   6164                      6133     31     6264

 COOLING
  YESTERDAY        0                         1     -1        0
  MONTH TO DATE    3                        16    -13        0
  SINCE MAR 1      3                        17    -14        0
  SINCE JAN 1      3                        17    -14        0
..................................................................


WIND (MPH)
  HIGHEST WIND SPEED    33   HIGHEST WIND DIRECTION    NW (300)
  HIGHEST GUST SPEED    41   HIGHEST GUST DIRECTION    NW (300)
  AVERAGE WIND SPEED     9.4


SKY COVER
  AVERAGE SKY COVER 0.4


WEATHER CONDITIONS
 THE FOLLOWING WEATHER WAS RECORDED YESTERDAY.
  THUNDERSTORM
  HEAVY RAIN
  LIGHT RAIN
  FOG
  FOG W/VISIBILITY <= 1/4 MILE


RELATIVE HUMIDITY (PERCENT)
 HIGHEST   100           600 AM
 LOWEST     33           100 PM
 AVERAGE    67

..........................................................


THE SIDNEY NE AIRPORT CLIMATE NORMALS FOR TODAY
                         NORMAL    RECORD    YEAR
 MAXIMUM TEMPERATURE (F)   74        92      2012
 MINIMUM TEMPERATURE (F)   47        31      1950


SUNRISE AND SUNSET
MAY 26 2016...........SUNRISE   525 AM MDT   SUNSET   814 PM MDT
MAY 27 2016...........SUNRISE   524 AM MDT   SUNSET   815 PM MDT


-  INDICATES NEGATIVE NUMBERS.
R  INDICATES RECORD WAS SET OR TIED.
MM INDICATES DATA IS MISSING.
T  INDICATES TRACE AMOUNT.




$$
