000
CDUS45 KPUB 221044
CLISPD


CLIMATE REPORT
NATIONAL WEATHER SERVICE PUEBLO
444 AM MDT FRI AUG 22 2014


...................................

...THE SPRINGFIELD CO CLIMATE SUMMARY FOR AUGUST 21 2014...

CLIMATE NORMAL PERIOD 1981 TO 2010
CLIMATE RECORD PERIOD 9999 TO 9999


WEATHER ITEM   OBSERVED TIME   NORMAL DEPARTURE LAST
                VALUE   (LST)  VALUE  FROM      YEAR
                                      NORMAL
......................................................
TEMPERATURE (F)
 YESTERDAY
  MAXIMUM         92    411 PM  87      5       96
  MINIMUM         62    532 AM  60      2       64
  AVERAGE         77                            80

PRECIPITATION (IN)
  YESTERDAY        0.00          0.10  -0.10     0.00
  MONTH TO DATE    0.44          2.05  -1.61     2.29
  SINCE JUN 1      5.96          7.38  -1.42     7.76
  SINCE JAN 1      9.85         12.95  -3.10     9.74

DEGREE DAYS
 HEATING
  YESTERDAY        0             0      0        0
  MONTH TO DATE    0             0      0        1
  SINCE JUN 1     28            23      5       20
  SINCE JUL 1      6             2      4        1

 COOLING
  YESTERDAY       12             9      3       15
  MONTH TO DATE  228           212     16      188
  SINCE JUN 1    765           769     -4      898
  SINCE JAN 1    823           823      0     1015
......................................................


WIND (MPH)
  HIGHEST WIND SPEED    21   HIGHEST WIND DIRECTION    SE (150)
  HIGHEST GUST SPEED    25   HIGHEST GUST DIRECTION     S (160)
  AVERAGE WIND SPEED     9.2


SKY COVER
  POSSIBLE SUNSHINE  MM



RELATIVE HUMIDITY (PERCENT)
 HIGHEST    78           400 AM
 LOWEST     27           500 PM
 AVERAGE    53

..........................................................


THE SPRINGFIELD CO CLIMATE NORMALS FOR TODAY
                         NORMAL    RECORD    YEAR
 MAXIMUM TEMPERATURE (F)   87        MM        MM
 MINIMUM TEMPERATURE (F)   60        MM        MM


SUNRISE AND SUNSET
AUGUST 22 2014........SUNRISE   613 AM MDT   SUNSET   733 PM MDT
AUGUST 23 2014........SUNRISE   614 AM MDT   SUNSET   732 PM MDT


-  INDICATES NEGATIVE NUMBERS.
R  INDICATES RECORD WAS SET OR TIED.
MM INDICATES DATA IS MISSING.
T  INDICATES TRACE AMOUNT.




$$
