000
CDUS45 KPUB 221023
CLISPD


CLIMATE REPORT
NATIONAL WEATHER SERVICE PUEBLO
422 AM MDT TUE APR 22 2014


...................................

...THE SPRINGFIELD CO CLIMATE SUMMARY FOR APRIL 21 2014...

CLIMATE NORMAL PERIOD 1981 TO 2010
CLIMATE RECORD PERIOD 9999 TO 9999


WEATHER ITEM   OBSERVED TIME   NORMAL DEPARTURE LAST
                VALUE   (LST)  VALUE  FROM      YEAR
                                      NORMAL
......................................................
TEMPERATURE (F)
 YESTERDAY
  MAXIMUM         71    305 PM  68      3       71
  MINIMUM         47   1151 PM  38      9       36
  AVERAGE         59                            54

PRECIPITATION (IN)
  YESTERDAY        0.00          0.05  -0.05     0.00
  MONTH TO DATE    0.70          0.89  -0.19     0.30
  SINCE MAR 1      1.07          2.02  -0.95     0.47
  SINCE JAN 1      1.40          2.83  -1.43     0.60

DEGREE DAYS
 HEATING
  YESTERDAY        6            12     -6       11
  MONTH TO DATE  321           312      9      432
  SINCE MAR 1   1033           999     34     1113
  SINCE JUL 1   5030          5005     25     4890

 COOLING
  YESTERDAY        0             0      0        0
  MONTH TO DATE    4             0      4        0
  SINCE MAR 1      4             0      4        0
  SINCE JAN 1      4             0      4        0
......................................................


WIND (MPH)
  HIGHEST WIND SPEED    28   HIGHEST WIND DIRECTION    NW (330)
  HIGHEST GUST SPEED    32   HIGHEST GUST DIRECTION    NW (330)
  AVERAGE WIND SPEED    13.2


SKY COVER
  POSSIBLE SUNSHINE  MM



RELATIVE HUMIDITY (PERCENT)
 HIGHEST    86           100 AM
 LOWEST     31           200 PM
 AVERAGE    59

..........................................................


THE SPRINGFIELD CO CLIMATE NORMALS FOR TODAY
                         NORMAL    RECORD    YEAR
 MAXIMUM TEMPERATURE (F)   69        MM        MM
 MINIMUM TEMPERATURE (F)   38        MM        MM


SUNRISE AND SUNSET
APRIL 22 2014.........SUNRISE   607 AM MDT   SUNSET   732 PM MDT
APRIL 23 2014.........SUNRISE   605 AM MDT   SUNSET   733 PM MDT


-  INDICATES NEGATIVE NUMBERS.
R  INDICATES RECORD WAS SET OR TIED.
MM INDICATES DATA IS MISSING.
T  INDICATES TRACE AMOUNT.




$$
