000
CDUS45 KPUB 241050
CLISPD


CLIMATE REPORT
NATIONAL WEATHER SERVICE PUEBLO
449 AM MDT SUN MAY 24 2015


...................................

...THE SPRINGFIELD CO CLIMATE SUMMARY FOR MAY 23 2015...

CLIMATE NORMAL PERIOD 1981 TO 2010
CLIMATE RECORD PERIOD 9999 TO 9999


WEATHER ITEM   OBSERVED TIME   NORMAL DEPARTURE LAST
                VALUE   (LST)  VALUE  FROM      YEAR
                                      NORMAL
......................................................
TEMPERATURE (F)
 YESTERDAY
  MAXIMUM         69    306 PM  78     -9       69
  MINIMUM         50    621 AM  49      1       55
  AVERAGE         60                            62

PRECIPITATION (IN)
  YESTERDAY        0.41          0.09   0.32     0.00
  MONTH TO DATE    4.30          1.57   2.73     0.65
  SINCE MAR 1      5.53          3.97   1.56     2.02
  SINCE JAN 1      7.37          4.78   2.59     2.35

DEGREE DAYS
 HEATING
  YESTERDAY        5             3      2        3
  MONTH TO DATE  200           142     58      160
  SINCE MAR 1   1190          1235    -45     1296
  SINCE JUL 1   5094          5241   -147     5293

 COOLING
  YESTERDAY        0             2     -2        0
  MONTH TO DATE    0            28    -28       29
  SINCE MAR 1      0            32    -32       35
  SINCE JAN 1      0            32    -32       35
......................................................


WIND (MPH)
  HIGHEST WIND SPEED    36   HIGHEST WIND DIRECTION     S (190)
  HIGHEST GUST SPEED    44   HIGHEST GUST DIRECTION     S (190)
  AVERAGE WIND SPEED    15.6


SKY COVER
  POSSIBLE SUNSHINE  MM



RELATIVE HUMIDITY (PERCENT)
 HIGHEST   100           700 AM
 LOWEST     57           300 PM
 AVERAGE    79

..........................................................


THE SPRINGFIELD CO CLIMATE NORMALS FOR TODAY
                         NORMAL    RECORD    YEAR
 MAXIMUM TEMPERATURE (F)   78        MM        MM
 MINIMUM TEMPERATURE (F)   50        MM        MM


SUNRISE AND SUNSET
MAY 24 2015...........SUNRISE   536 AM MDT   SUNSET   759 PM MDT
MAY 25 2015...........SUNRISE   535 AM MDT   SUNSET   800 PM MDT


-  INDICATES NEGATIVE NUMBERS.
R  INDICATES RECORD WAS SET OR TIED.
MM INDICATES DATA IS MISSING.
T  INDICATES TRACE AMOUNT.




$$
