000
CDUS45 KPUB 141024
CLISPD


CLIMATE REPORT
NATIONAL WEATHER SERVICE PUEBLO
423 AM MDT SUN SEP 14 2014


...................................

...THE SPRINGFIELD CO CLIMATE SUMMARY FOR SEPTEMBER 13 2014...

CLIMATE NORMAL PERIOD 1981 TO 2010
CLIMATE RECORD PERIOD 9999 TO 9999


WEATHER ITEM   OBSERVED TIME   NORMAL DEPARTURE LAST
                VALUE   (LST)  VALUE  FROM      YEAR
                                      NORMAL
......................................................
TEMPERATURE (F)
 YESTERDAY
  MAXIMUM         74    238 PM  82     -8       77
  MINIMUM         41    557 AM  53    -12       62
  AVERAGE         58                            70

PRECIPITATION (IN)
  YESTERDAY        0.00          0.05  -0.05     0.02
  MONTH TO DATE    1.21          0.68   0.53     2.64
  SINCE SEP 1      1.21          0.68   0.53     2.64
  SINCE JAN 1     11.85         14.42  -2.57    12.38

DEGREE DAYS
 HEATING
  YESTERDAY        7             2      5        0
  MONTH TO DATE   47            16     31        0
  SINCE SEP 1     47            16     31        0
  SINCE JUL 1     53            23     30        1

 COOLING
  YESTERDAY        0             4     -4        5
  MONTH TO DATE   64            72     -8      147
  SINCE SEP 1     64            72     -8      147
  SINCE JAN 1    979           973      6     1311
......................................................


WIND (MPH)
  HIGHEST WIND SPEED    28   HIGHEST WIND DIRECTION     S (180)
  HIGHEST GUST SPEED    34   HIGHEST GUST DIRECTION     S (180)
  AVERAGE WIND SPEED    16.2


SKY COVER
  POSSIBLE SUNSHINE  MM



RELATIVE HUMIDITY (PERCENT)
 HIGHEST   100          1100 PM
 LOWEST     46           300 PM
 AVERAGE    73

..........................................................


THE SPRINGFIELD CO CLIMATE NORMALS FOR TODAY
                         NORMAL    RECORD    YEAR
 MAXIMUM TEMPERATURE (F)   82        MM        MM
 MINIMUM TEMPERATURE (F)   52        MM        MM


SUNRISE AND SUNSET
SEPTEMBER 14 2014.....SUNRISE   632 AM MDT   SUNSET   700 PM MDT
SEPTEMBER 15 2014.....SUNRISE   632 AM MDT   SUNSET   658 PM MDT


-  INDICATES NEGATIVE NUMBERS.
R  INDICATES RECORD WAS SET OR TIED.
MM INDICATES DATA IS MISSING.
T  INDICATES TRACE AMOUNT.




$$
