000
CDUS45 KPUB 221141
CLISPD


CLIMATE REPORT
NATIONAL WEATHER SERVICE PUEBLO
441 AM MST WED FEB 22 2017


...................................

...THE SPRINGFIELD CO CLIMATE SUMMARY FOR FEBRUARY 21 2017...

CLIMATE NORMAL PERIOD 1981 TO 2010
CLIMATE RECORD PERIOD 9999 TO 9999


WEATHER ITEM   OBSERVED TIME   NORMAL DEPARTURE LAST
                VALUE   (LST)  VALUE  FROM      YEAR
                                      NORMAL
......................................................
TEMPERATURE (F)
 YESTERDAY
  MAXIMUM         77    207 PM  51     26       52
  MINIMUM         29    626 AM  22      7       24
  AVERAGE         53                            38

PRECIPITATION (IN)
  YESTERDAY        0.00          0.01  -0.01     0.00
  MONTH TO DATE    0.01          0.35  -0.34     0.14
  SINCE DEC 1      0.26          1.23  -0.97     0.39
  SINCE JAN 1      0.19          0.72  -0.53     0.30

DEGREE DAYS
 HEATING
  YESTERDAY       12            29    -17       27
  MONTH TO DATE  473           638   -165      531
  SINCE DEC 1   2583          2668    -85     2480
  SINCE JUL 1   3400          3814   -414     3485

 COOLING
  YESTERDAY        0             0      0        0
  MONTH TO DATE    0             0      0        0
  SINCE DEC 1      0             0      0        0
  SINCE JAN 1      0             0      0        0
......................................................


WIND (MPH)
  HIGHEST WIND SPEED    31   HIGHEST WIND DIRECTION    NW (300)
  HIGHEST GUST SPEED    39   HIGHEST GUST DIRECTION    NW (300)
  AVERAGE WIND SPEED    10.5


SKY COVER
  POSSIBLE SUNSHINE  MM



RELATIVE HUMIDITY (PERCENT)
 HIGHEST    51           700 AM
 LOWEST     10           200 PM
 AVERAGE    31

..........................................................


THE SPRINGFIELD CO CLIMATE NORMALS FOR TODAY
                         NORMAL    RECORD    YEAR
 MAXIMUM TEMPERATURE (F)   51        MM        MM
 MINIMUM TEMPERATURE (F)   22        MM        MM


SUNRISE AND SUNSET
FEBRUARY 22 2017......SUNRISE   630 AM MST   SUNSET   538 PM MST
FEBRUARY 23 2017......SUNRISE   629 AM MST   SUNSET   539 PM MST


-  INDICATES NEGATIVE NUMBERS.
R  INDICATES RECORD WAS SET OR TIED.
MM INDICATES DATA IS MISSING.
T  INDICATES TRACE AMOUNT.




$$
