000
CDUS43 KILX 300644
CLISPI


CLIMATE REPORT
NATIONAL WEATHER SERVICE LINCOLN IL
144 AM CDT SUN AUG 30 2015


...................................

...THE SPRINGFIELD IL CLIMATE SUMMARY FOR AUGUST 29 2015...

CLIMATE NORMAL PERIOD 1981 TO 2010
CLIMATE RECORD PERIOD 1879 TO 2015


WEATHER ITEM   OBSERVED TIME   RECORD YEAR NORMAL DEPARTURE LAST
                VALUE   (LST)  VALUE       VALUE  FROM      YEAR
                                                  NORMAL
..................................................................
TEMPERATURE (F)
 YESTERDAY
  MAXIMUM         83    419 PM  99    1984  84     -1       89
  MINIMUM         68    255 AM  43    1986  62      6       70
  AVERAGE         76                        73      3       80

PRECIPITATION (IN)
  YESTERDAY        0.03          1.90 1955   0.10  -0.07     0.03
  MONTH TO DATE    1.57                      3.03  -1.46     6.64
  SINCE JUN 1     14.87                     11.43   3.44    18.04
  SINCE JAN 1     27.78                     25.44   2.34    32.33

SNOWFALL (IN)
  YESTERDAY        0.0           0.0    MM   0.0    0.0      0.0
  MONTH TO DATE    0.0                       0.0    0.0      0.0
  SINCE JUN 1      0.0                       0.0    0.0      0.0
  SINCE JUL 1      0.0                       0.0    0.0      0.0
  SNOW DEPTH       0

DEGREE DAYS
 HEATING
  YESTERDAY        0                         0      0        0
  MONTH TO DATE    2                         0      2        0
  SINCE JUN 1      9                        16     -7        3
  SINCE JUL 1      6                         1      5        3

 COOLING
  YESTERDAY       11                         8      3       15
  MONTH TO DATE  240                       275    -35      309
  SINCE JUN 1    902                       850     52      827
  SINCE JAN 1   1068                       954    114     1003
..................................................................


WIND (MPH)
  HIGHEST WIND SPEED    15   HIGHEST WIND DIRECTION     S (200)
  HIGHEST GUST SPEED    18   HIGHEST GUST DIRECTION     S (200)
  AVERAGE WIND SPEED     6.6


SKY COVER
  POSSIBLE SUNSHINE  MM
  AVERAGE SKY COVER 0.7


WEATHER CONDITIONS
 THE FOLLOWING WEATHER WAS RECORDED YESTERDAY.
  LIGHT RAIN


RELATIVE HUMIDITY (PERCENT)
 HIGHEST    87           200 AM
 LOWEST     58           400 PM
 AVERAGE    73

..........................................................


THE SPRINGFIELD IL CLIMATE NORMALS FOR TODAY
                         NORMAL    RECORD    YEAR
 MAXIMUM TEMPERATURE (F)   84        98      1947
 MINIMUM TEMPERATURE (F)   61        48      1986


SUNRISE AND SUNSET
AUGUST 30 2015........SUNRISE   625 AM CDT   SUNSET   734 PM CDT
AUGUST 31 2015........SUNRISE   625 AM CDT   SUNSET   732 PM CDT


-  INDICATES NEGATIVE NUMBERS.
R  INDICATES RECORD WAS SET OR TIED.
MM INDICATES DATA IS MISSING.
T  INDICATES TRACE AMOUNT.




$$
