000
CDUS43 KILX 220641
CLISPI


CLIMATE REPORT
NATIONAL WEATHER SERVICE LINCOLN IL
135 AM CDT THU JUN 22 2017


...................................

...THE SPRINGFIELD IL CLIMATE SUMMARY FOR JUNE 21 2017...

CLIMATE NORMAL PERIOD 1981 TO 2010
CLIMATE RECORD PERIOD 1879 TO 2017


WEATHER ITEM   OBSERVED TIME   RECORD YEAR NORMAL DEPARTURE LAST
                VALUE   (LST)  VALUE       VALUE  FROM      YEAR
                                                  NORMAL
..................................................................
TEMPERATURE (F)
 YESTERDAY
  MAXIMUM         91    500 PM  99    1933  85      6       88
  MINIMUM         67    503 AM  44    1992  64      3       69
  AVERAGE         79                        74      5       79

PRECIPITATION (IN)
  YESTERDAY        0.00          2.79 1888   0.14  -0.14     0.00
  MONTH TO DATE    1.06                      3.21  -2.15     1.73
  SINCE JUN 1      1.06                      3.21  -2.15     1.73
  SINCE JAN 1     17.78                     17.22   0.56    15.32

SNOWFALL (IN)
  YESTERDAY        0.0           0.0    MM   0.0    0.0      0.0
  MONTH TO DATE    0.0                       0.0    0.0      0.0
  SINCE JUN 1      0.0                       0.0    0.0      0.0
  SINCE JUL 1     10.3                      20.9  -10.6     15.7
  SNOW DEPTH       0

DEGREE DAYS
 HEATING
  YESTERDAY        0                         0      0        0
  MONTH TO DATE    0                        11    -11        0
  SINCE JUN 1      0                        11    -11        0
  SINCE JUL 1   4164                      5481  -1317     4317

 COOLING
  YESTERDAY       14                         9      5       14
  MONTH TO DATE  249                       149    100      256
  SINCE JUN 1    249                       149    100      256
  SINCE JAN 1    393                       253    140      381
..................................................................


WIND (MPH)
  HIGHEST WIND SPEED    14   HIGHEST WIND DIRECTION     S (200)
  HIGHEST GUST SPEED    18   HIGHEST GUST DIRECTION     S (190)
  AVERAGE WIND SPEED     4.7


SKY COVER
  POSSIBLE SUNSHINE  MM
  AVERAGE SKY COVER 0.1


WEATHER CONDITIONS
 THE FOLLOWING WEATHER WAS RECORDED YESTERDAY.
  NO SIGNIFICANT WEATHER WAS OBSERVED.


RELATIVE HUMIDITY (PERCENT)
 HIGHEST   100           300 AM
 LOWEST     52           600 PM
 AVERAGE    76

..........................................................


THE SPRINGFIELD IL CLIMATE NORMALS FOR TODAY
                         NORMAL    RECORD    YEAR
 MAXIMUM TEMPERATURE (F)   85        99      1944
 MINIMUM TEMPERATURE (F)   64        47      1992
                                             1963
                                             1902


SUNRISE AND SUNSET
JUNE 22 2017..........SUNRISE   531 AM CDT   SUNSET   831 PM CDT
JUNE 23 2017..........SUNRISE   531 AM CDT   SUNSET   831 PM CDT


-  INDICATES NEGATIVE NUMBERS.
R  INDICATES RECORD WAS SET OR TIED.
MM INDICATES DATA IS MISSING.
T  INDICATES TRACE AMOUNT.




$$
