000
CDUS43 KILX 220640
CLISPI


CLIMATE REPORT
NATIONAL WEATHER SERVICE LINCOLN IL
139 AM CDT TUE JUL 22 2014


...................................

...THE SPRINGFIELD IL CLIMATE SUMMARY FOR JULY 21 2014...

CLIMATE NORMAL PERIOD 1981 TO 2010
CLIMATE RECORD PERIOD 1879 TO 2014


WEATHER ITEM   OBSERVED TIME   RECORD YEAR NORMAL DEPARTURE LAST
                VALUE   (LST)  VALUE       VALUE  FROM      YEAR
                                                  NORMAL
..................................................................
TEMPERATURE (F)
 YESTERDAY
  MAXIMUM         86    352 PM 106    1934  86      0       81
                                      1901
  MINIMUM         61    442 AM  50    1970  65     -4       67
  AVERAGE         74                        76     -2       74

PRECIPITATION (IN)
  YESTERDAY        0.00          2.56 1990   0.13  -0.13     0.29
  MONTH TO DATE    1.07                      2.73  -1.66     1.27
  SINCE JUN 1      9.94                      7.19   2.75     3.32
  SINCE JAN 1     24.23                     21.20   3.03    28.34

SNOWFALL (IN)
  YESTERDAY        0.0           0.0    MM   0.0    0.0      0.0
  MONTH TO DATE    0.0                       0.0    0.0      0.0
  SINCE JUN 1      0.0                       0.0    0.0      0.0
  SINCE JUL 1      0.0                       0.0    0.0      0.0
  SNOW DEPTH       0

DEGREE DAYS
 HEATING
  YESTERDAY        0                         0      0        0
  MONTH TO DATE    3                         0      3        0
  SINCE JUN 1      3                        15    -12       12
  SINCE JUL 1      3                         0      3        0

 COOLING
  YESTERDAY        9                        11     -2        9
  MONTH TO DATE  148                       231    -83      249
  SINCE JUN 1    454                       471    -17      507
  SINCE JAN 1    630                       575     55      633
..................................................................


WIND (MPH)
  HIGHEST WIND SPEED    12   HIGHEST WIND DIRECTION     S (160)
  HIGHEST GUST SPEED    17   HIGHEST GUST DIRECTION     S (160)
  AVERAGE WIND SPEED     5.3


SKY COVER
  POSSIBLE SUNSHINE  MM
  AVERAGE SKY COVER 0.0


WEATHER CONDITIONS
 THE FOLLOWING WEATHER WAS RECORDED YESTERDAY.
  NO SIGNIFICANT WEATHER WAS OBSERVED.


RELATIVE HUMIDITY (PERCENT)
 HIGHEST    93           100 AM
 LOWEST     55          1100 AM
 AVERAGE    74

..........................................................


THE SPRINGFIELD IL CLIMATE NORMALS FOR TODAY
                         NORMAL    RECORD    YEAR
 MAXIMUM TEMPERATURE (F)   86       107      1901
 MINIMUM TEMPERATURE (F)   65        52      2000


SUNRISE AND SUNSET
JULY 22 2014..........SUNRISE   549 AM CDT   SUNSET   821 PM CDT
JULY 23 2014..........SUNRISE   549 AM CDT   SUNSET   820 PM CDT


-  INDICATES NEGATIVE NUMBERS.
R  INDICATES RECORD WAS SET OR TIED.
MM INDICATES DATA IS MISSING.
T  INDICATES TRACE AMOUNT.




$$
