000
CDUS43 KILX 220647
CLISPI


CLIMATE REPORT
NATIONAL WEATHER SERVICE LINCOLN IL
147 AM CDT MON SEP 22 2014


...................................

...THE SPRINGFIELD IL CLIMATE SUMMARY FOR SEPTEMBER 21 2014...

CLIMATE NORMAL PERIOD 1981 TO 2010
CLIMATE RECORD PERIOD 1879 TO 2014


WEATHER ITEM   OBSERVED TIME   RECORD YEAR NORMAL DEPARTURE LAST
                VALUE   (LST)  VALUE       VALUE  FROM      YEAR
                                                  NORMAL
..................................................................
TEMPERATURE (F)
 YESTERDAY
  MAXIMUM         76    211 PM  96    1931  77     -1       71
  MINIMUM         54   1159 PM  36    1991  52      2       47
  AVERAGE         65                        65      0       59

PRECIPITATION (IN)
  YESTERDAY        0.00          1.85 1947   0.09  -0.09     0.00
  MONTH TO DATE    5.18                      2.04   3.14     1.00
  SINCE SEP 1      5.18                      2.04   3.14     1.00
  SINCE JAN 1     37.51                     27.69   9.82    31.67

SNOWFALL (IN)
  YESTERDAY        0.0           0.0    MM   0.0    0.0      0.0
  MONTH TO DATE    0.0                       0.0    0.0      0.0
  SINCE SEP 1      0.0                       0.0    0.0      0.0
  SINCE JUL 1      0.0                       0.0    0.0      0.0
  SNOW DEPTH       0

DEGREE DAYS
 HEATING
  YESTERDAY        0                         3     -3        6
  MONTH TO DATE   69                        32     37       22
  SINCE SEP 1     69                        32     37       22
  SINCE JUL 1     72                        37     35       33

 COOLING
  YESTERDAY        0                         3     -3        0
  MONTH TO DATE   87                       107    -20      142
  SINCE SEP 1     87                       107    -20      142
  SINCE JAN 1   1120                      1077     43     1082
..................................................................


WIND (MPH)
  HIGHEST WIND SPEED    21   HIGHEST WIND DIRECTION     N (340)
  HIGHEST GUST SPEED    30   HIGHEST GUST DIRECTION    NW (320)
  AVERAGE WIND SPEED    10.3


SKY COVER
  POSSIBLE SUNSHINE  MM
  AVERAGE SKY COVER 0.2


WEATHER CONDITIONS
 THE FOLLOWING WEATHER WAS RECORDED YESTERDAY.
  FOG


RELATIVE HUMIDITY (PERCENT)
 HIGHEST    93           600 AM
 LOWEST     38          1200 PM
 AVERAGE    66

..........................................................


THE SPRINGFIELD IL CLIMATE NORMALS FOR TODAY
                         NORMAL    RECORD    YEAR
 MAXIMUM TEMPERATURE (F)   77        95      2005
 MINIMUM TEMPERATURE (F)   52        33      1983


SUNRISE AND SUNSET
SEPTEMBER 22 2014.....SUNRISE   646 AM CDT   SUNSET   656 PM CDT
SEPTEMBER 23 2014.....SUNRISE   647 AM CDT   SUNSET   654 PM CDT


-  INDICATES NEGATIVE NUMBERS.
R  INDICATES RECORD WAS SET OR TIED.
MM INDICATES DATA IS MISSING.
T  INDICATES TRACE AMOUNT.




$$
