000
CDUS43 KILX 040636
CLISPI


CLIMATE REPORT
NATIONAL WEATHER SERVICE LINCOLN IL
136 AM CDT WED MAY 4 2016


...................................

...THE SPRINGFIELD IL CLIMATE SUMMARY FOR MAY 3 2016...

CLIMATE NORMAL PERIOD 1981 TO 2010
CLIMATE RECORD PERIOD 1879 TO 2016


WEATHER ITEM   OBSERVED TIME   RECORD YEAR NORMAL DEPARTURE LAST
                VALUE   (LST)  VALUE       VALUE  FROM      YEAR
                                                  NORMAL
..................................................................
TEMPERATURE (F)
 YESTERDAY
  MAXIMUM         68    247 PM  89    1959  71     -3       85
                                      1949
  MINIMUM         46    537 AM  29    1976  48     -2       59
  AVERAGE         57                        60     -3       72

PRECIPITATION (IN)
  YESTERDAY        0.00          2.18 2013   0.13  -0.13     0.00
  MONTH TO DATE    0.02                      0.39  -0.37      T
  SINCE MAR 1      8.38                      6.53   1.85     3.68
  SINCE JAN 1     10.71                     10.16   0.55     6.96

SNOWFALL (IN)
  YESTERDAY        0.0           T    1954   0.0    0.0      0.0
  MONTH TO DATE    0.0                       0.0    0.0      0.0
  SINCE MAR 1      0.1                       2.8   -2.7      3.7
  SINCE JUL 1     15.7                      20.9   -5.2     33.9
  SNOW DEPTH       0

DEGREE DAYS
 HEATING
  YESTERDAY        8                         7      1        0
  MONTH TO DATE   25                        21      4       13
  SINCE MAR 1    797                      1095   -298     1028
  SINCE JUL 1   4223                      5366  -1143     5597

 COOLING
  YESTERDAY        0                         1     -1        7
  MONTH TO DATE    0                         3     -3        7
  SINCE MAR 1     20                        23     -3       17
  SINCE JAN 1     20                        23     -3       17
..................................................................


WIND (MPH)
  HIGHEST WIND SPEED    17   HIGHEST WIND DIRECTION     W (260)
  HIGHEST GUST SPEED    23   HIGHEST GUST DIRECTION    NW (300)
  AVERAGE WIND SPEED     6.8


SKY COVER
  POSSIBLE SUNSHINE  MM
  AVERAGE SKY COVER 0.5


WEATHER CONDITIONS
 THE FOLLOWING WEATHER WAS RECORDED YESTERDAY.
  FOG


RELATIVE HUMIDITY (PERCENT)
 HIGHEST    93           500 AM
 LOWEST     40           100 PM
 AVERAGE    67

..........................................................


THE SPRINGFIELD IL CLIMATE NORMALS FOR TODAY
                         NORMAL    RECORD    YEAR
 MAXIMUM TEMPERATURE (F)   71        90      1952
 MINIMUM TEMPERATURE (F)   49        30      2005
                                             1954


SUNRISE AND SUNSET
MAY  4 2016...........SUNRISE   555 AM CDT   SUNSET   757 PM CDT
MAY  5 2016...........SUNRISE   554 AM CDT   SUNSET   758 PM CDT


-  INDICATES NEGATIVE NUMBERS.
R  INDICATES RECORD WAS SET OR TIED.
MM INDICATES DATA IS MISSING.
T  INDICATES TRACE AMOUNT.




$$
