000
CDUS43 KILX 212229
CLISPI


CLIMATE REPORT
NATIONAL WEATHER SERVICE LINCOLN IL
428 PM CST SAT JAN 21 2017


...................................

...THE SPRINGFIELD IL CLIMATE SUMMARY FOR JANUARY 21 2017...
VALID TODAY AS OF 0400 PM LOCAL TIME.

CLIMATE NORMAL PERIOD 1981 TO 2010
CLIMATE RECORD PERIOD 1879 TO 2017


WEATHER ITEM   OBSERVED TIME   RECORD YEAR NORMAL DEPARTURE LAST
                VALUE   (LST)  VALUE       VALUE  FROM      YEAR
                                                  NORMAL
..................................................................
TEMPERATURE (F)
 TODAY
  MAXIMUM         65R   326 PM  63    1986  35     30       24
                                      1906
  MINIMUM         50    803 AM -15    1984  18     32       10
  AVERAGE         58                        27     31       17

PRECIPITATION (IN)
  TODAY            0.00          1.92 1906   0.06  -0.06     0.00
  MONTH TO DATE    1.02                      1.28  -0.26     1.09
  SINCE DEC 1      1.93                      3.80  -1.87     7.65
  SINCE JAN 1      1.02                      1.28  -0.26     1.09

SNOWFALL (IN)
  TODAY            0.0           5.1  1902   0.2   -0.2      0.0
  MONTH TO DATE    0.9                       4.3   -3.4      6.7
  SINCE DEC 1      3.6                       9.9   -6.3      6.8
  SINCE JUL 1      3.6                      10.5   -6.9      7.3
  SNOW DEPTH       0

DEGREE DAYS
 HEATING
  TODAY            7                        38    -31       48
  MONTH TO DATE  669                       805   -136      812
  SINCE DEC 1   1717                      1877   -160     1504
  SINCE JUL 1   2368                      2945   -577     2274

 COOLING
  TODAY            0                         0      0        0
  MONTH TO DATE    0                         0      0        0
  SINCE DEC 1      0                         0      0        0
  SINCE JAN 1      0                         0      0        0
..................................................................


WIND (MPH)
  HIGHEST WIND SPEED    21   HIGHEST WIND DIRECTION     S (200)
  HIGHEST GUST SPEED    25   HIGHEST GUST DIRECTION    SW (210)
  AVERAGE WIND SPEED    14.0


SKY COVER
  POSSIBLE SUNSHINE  MM
  AVERAGE SKY COVER 0.0


WEATHER CONDITIONS
 THE FOLLOWING WEATHER WAS RECORDED TODAY.
  NO SIGNIFICANT WEATHER WAS OBSERVED.


RELATIVE HUMIDITY (PERCENT)
 HIGHEST    89          1200 AM
 LOWEST     48           100 PM
 AVERAGE    69

..........................................................


THE SPRINGFIELD IL CLIMATE NORMALS FOR TOMORROW
                         NORMAL    RECORD    YEAR
 MAXIMUM TEMPERATURE (F)   35        64      1967
 MINIMUM TEMPERATURE (F)   19       -15      1936


SUNRISE AND SUNSET
JANUARY 21 2017.......SUNRISE   715 AM CST   SUNSET   506 PM CST
JANUARY 22 2017.......SUNRISE   715 AM CST   SUNSET   507 PM CST


-  INDICATES NEGATIVE NUMBERS.
R  INDICATES RECORD WAS SET OR TIED.
MM INDICATES DATA IS MISSING.
T  INDICATES TRACE AMOUNT.




$$
