000
CDUS43 KILX 060636
CLISPI


CLIMATE REPORT
NATIONAL WEATHER SERVICE LINCOLN IL
1236 AM CST SAT FEB 6 2016


...................................

...THE SPRINGFIELD IL CLIMATE SUMMARY FOR FEBRUARY 5 2016...

CLIMATE NORMAL PERIOD 1981 TO 2010
CLIMATE RECORD PERIOD 1879 TO 2016


WEATHER ITEM   OBSERVED TIME   RECORD YEAR NORMAL DEPARTURE LAST
                VALUE   (LST)  VALUE       VALUE  FROM      YEAR
                                                  NORMAL
..................................................................
TEMPERATURE (F)
 YESTERDAY
  MAXIMUM         37    306 PM  66    1938  37      0       21
  MINIMUM         22    716 AM -12    1979  20      2        1
  AVERAGE         30                        28      2       11

PRECIPITATION (IN)
  YESTERDAY        0.00          1.38 2008   0.05  -0.05     0.00
  MONTH TO DATE    0.42                      0.27   0.15     0.47
  SINCE DEC 1      8.07                      4.61   3.46     3.82
  SINCE JAN 1      1.51                      2.09  -0.58     1.87

SNOWFALL (IN)
  YESTERDAY        0.0           3.8  1905   0.2   -0.2      0.0
  MONTH TO DATE    0.0                       1.1   -1.1      3.0
  SINCE DEC 1      6.8                      13.1   -6.3      6.9
  SINCE JUL 1      7.3                      13.7   -6.4     10.6
  SNOW DEPTH       0

DEGREE DAYS
 HEATING
  YESTERDAY       35                        37     -2       54
  MONTH TO DATE  141                       185    -44      220
  SINCE DEC 1   1946                      2443   -497     2313
  SINCE JUL 1   2716                      3511   -795     3549

 COOLING
  YESTERDAY        0                         0      0        0
  MONTH TO DATE    0                         0      0        0
  SINCE DEC 1      0                         0      0        0
  SINCE JAN 1      0                         0      0        0
..................................................................


WIND (MPH)
  HIGHEST WIND SPEED    12   HIGHEST WIND DIRECTION    NW (320)
  HIGHEST GUST SPEED    14   HIGHEST GUST DIRECTION     S (180)
  AVERAGE WIND SPEED     4.6


SKY COVER
  POSSIBLE SUNSHINE  MM
  AVERAGE SKY COVER 0.0


WEATHER CONDITIONS
 THE FOLLOWING WEATHER WAS RECORDED YESTERDAY.
  NO SIGNIFICANT WEATHER WAS OBSERVED.


RELATIVE HUMIDITY (PERCENT)
 HIGHEST    88           600 AM
 LOWEST     51           500 PM
 AVERAGE    70

..........................................................


THE SPRINGFIELD IL CLIMATE NORMALS FOR TODAY
                         NORMAL    RECORD    YEAR
 MAXIMUM TEMPERATURE (F)   37        63      1904
 MINIMUM TEMPERATURE (F)   20       -16      1982


SUNRISE AND SUNSET
FEBRUARY  6 2016......SUNRISE   702 AM CST   SUNSET   524 PM CST
FEBRUARY  7 2016......SUNRISE   701 AM CST   SUNSET   525 PM CST


-  INDICATES NEGATIVE NUMBERS.
R  INDICATES RECORD WAS SET OR TIED.
MM INDICATES DATA IS MISSING.
T  INDICATES TRACE AMOUNT.




$$
