000
CDUS44 KOUN 252315
CLISPS

CLIMATE REPORT
NATIONAL WEATHER SERVICE NORMAN OK
513 PM CST THU DEC 25 2014


...................................

...THE WICHITA FALLS CLIMATE SUMMARY FOR DECEMBER 25 2014...
VALID TODAY AS OF 0500 PM LOCAL TIME.

CLIMATE NORMAL PERIOD 1981 TO 2010
CLIMATE RECORD PERIOD 1897 TO 2014


WEATHER ITEM   OBSERVED TIME   RECORD YEAR NORMAL DEPARTURE LAST
                VALUE   (LST)  VALUE       VALUE  FROM      YEAR
                                                  NORMAL
..................................................................
TEMPERATURE (F)
 TODAY
  MAXIMUM         60    405 PM  75    1971  53      7       47
                                      1942
  MINIMUM         34    402 AM   5    1983  30      4       28
  AVERAGE         47                        41      6       38

PRECIPITATION (IN)
  TODAY            0.00          1.97 1987   0.06  -0.06     0.00
  MONTH TO DATE    0.80                      1.35  -0.55     1.29
  SINCE JAN 1     23.62                     28.65  -5.03    21.33

SNOWFALL (IN)
  TODAY            0.0                       0.0    0.0      0.0
  MONTH TO DATE    0.0                       0.7   -0.7      0.5
  SINCE JUL 1      0.3                       1.0   -0.7      0.7
  SNOW DEPTH       0

DEGREE DAYS
 HEATING
  TODAY           18                        24     -6       27
  MONTH TO DATE  414                       548   -134      652
  SINCE JUL 1    926                      1055   -129     1210
..................................................................


WIND (MPH)
  HIGHEST WIND SPEED    33   HIGHEST WIND DIRECTION     S (190)
  HIGHEST GUST SPEED    41   HIGHEST GUST DIRECTION     S (200)
  AVERAGE WIND SPEED    17.7


SKY COVER
  AVERAGE SKY COVER 0.0


WEATHER CONDITIONS
 THE FOLLOWING WEATHER WAS RECORDED TODAY.
  NO SIGNIFICANT WEATHER WAS OBSERVED.


RELATIVE HUMIDITY (PERCENT)
 HIGHEST    64          1200 AM
 LOWEST     27           300 PM
 AVERAGE    46

..........................................................


THE WICHITA FALLS CLIMATE NORMALS FOR TOMORROW
                         NORMAL    RECORD    YEAR
 MAXIMUM TEMPERATURE (F)   53        81      2005
 MINIMUM TEMPERATURE (F)   30        13      1983


SUNRISE AND SUNSET
DECEMBER 25 2014......SUNRISE   737 AM CST   SUNSET   531 PM CST
DECEMBER 26 2014......SUNRISE   738 AM CST   SUNSET   532 PM CST


-  INDICATES NEGATIVE NUMBERS.
R  INDICATES RECORD WAS SET OR TIED.
MM INDICATES DATA IS MISSING.
T  INDICATES TRACE AMOUNT.

$$
