000
CDUS44 KOUN 290630 RRA
CLISPS

CLIMATE REPORT
NATIONAL WEATHER SERVICE NORMAN OK
128 AM CDT SUN MAR 29 2015


...................................

...THE WICHITA FALLS CLIMATE SUMMARY FOR MARCH 28 2015...

CLIMATE NORMAL PERIOD 1981 TO 2010
CLIMATE RECORD PERIOD 1897 TO 2015


WEATHER ITEM   OBSERVED TIME   RECORD YEAR NORMAL DEPARTURE LAST
                VALUE   (LST)  VALUE       VALUE  FROM      YEAR
                                                  NORMAL
..................................................................
TEMPERATURE (F)
 YESTERDAY
  MAXIMUM         81    539 PM  96    1928  71     10       64
  MINIMUM         42    538 AM  23    1931  44     -2       43
  AVERAGE         62                        58      4       54

PRECIPITATION (IN)
  YESTERDAY        0.00          1.09 1938   0.07  -0.07     0.00
  MONTH TO DATE    1.31                      2.01  -0.70     2.18
  SINCE JAN 1      3.91                      4.90  -0.99     2.53

SNOWFALL (IN)
  YESTERDAY        0.0                       0.0    0.0      0.0
  MONTH TO DATE    1.8                       0.5    1.3       T
  SINCE JUL 1      6.5                       3.9    2.6      5.0
  SNOW DEPTH       0

DEGREE DAYS
 HEATING
  YESTERDAY        3                         9     -6       11
  MONTH TO DATE  340                       334      6      436
  SINCE JUL 1   2779                      2780     -1     3206

 COOLING
  YESTERDAY        0                         1     -1        0
  MONTH TO DATE    9                        14     -5        9
  SINCE JAN 1      9                        17     -8        9
..................................................................


WIND (MPH)
  HIGHEST WIND SPEED    16   HIGHEST WIND DIRECTION     S (190)
  HIGHEST GUST SPEED    20   HIGHEST GUST DIRECTION     S (190)
  AVERAGE WIND SPEED     8.3


SKY COVER
  AVERAGE SKY COVER 0.0


WEATHER CONDITIONS
 THE FOLLOWING WEATHER WAS RECORDED YESTERDAY.
  NO SIGNIFICANT WEATHER WAS OBSERVED.


RELATIVE HUMIDITY (PERCENT)
 HIGHEST    89           600 AM
 LOWEST     30           500 PM
 AVERAGE    60

..........................................................


THE WICHITA FALLS CLIMATE NORMALS FOR TODAY
                         NORMAL    RECORD    YEAR
 MAXIMUM TEMPERATURE (F)   71        98      1967
 MINIMUM TEMPERATURE (F)   44        23      1944


SUNRISE AND SUNSET
MARCH 29 2015.........SUNRISE   726 AM CDT   SUNSET   752 PM CDT
MARCH 30 2015.........SUNRISE   724 AM CDT   SUNSET   753 PM CDT


-  INDICATES NEGATIVE NUMBERS.
R  INDICATES RECORD WAS SET OR TIED.
MM INDICATES DATA IS MISSING.
T  INDICATES TRACE AMOUNT.




$$
