000
CDUS44 KOUN 171313
CLISPS

CLIMATE REPORT
NATIONAL WEATHER SERVICE NORMAN OK
1235 AM CST WED JAN 17 2018


...................................

...THE WICHITA FALLS CLIMATE SUMMARY FOR JANUARY 16 2018...

CLIMATE NORMAL PERIOD 1981 TO 2010
CLIMATE RECORD PERIOD 1897 TO 2018


WEATHER ITEM   OBSERVED TIME   RECORD YEAR NORMAL DEPARTURE LAST
                VALUE   (LST)  VALUE       VALUE  FROM      YEAR
                                                  NORMAL
..................................................................
TEMPERATURE (F)
 YESTERDAY
  MAXIMUM         29    341 PM  79    1974  54    -25       57
                                      1938
  MINIMUM          6R   734 AM   7    1930  30    -24       38
  AVERAGE         18                        42    -24       48

PRECIPITATION (IN)
  YESTERDAY        0.00          0.82 1932   0.04  -0.04     0.02
  MONTH TO DATE    0.01                      0.56  -0.55     1.59
  SINCE DEC 1      0.98                      2.18  -1.20     2.42
  SINCE JAN 1      0.01                      0.56  -0.55     1.59

SNOWFALL (IN)
  YESTERDAY        0.0           1.8  2016   0.1   -0.1      0.0
  MONTH TO DATE    0.0                       0.8   -0.8       T
  SINCE DEC 1      T                         1.8   -1.8       T
  SINCE JUL 1      T                         2.1   -2.1       T

DEGREE DAYS
 HEATING
  YESTERDAY       47                        23     24       17
  MONTH TO DATE  457                       376     81      379
  SINCE DEC 1   1117                      1066     51     1047
  SINCE JUL 1   1531                      1573    -42     1298

 COOLING
  YESTERDAY        0                         0      0        0
  MONTH TO DATE    0                         0      0        0
  SINCE DEC 1      1                         1      0        3
  SINCE JAN 1      0                         0      0        0
..................................................................


WIND (MPH)
  HIGHEST WIND SPEED    26   HIGHEST WIND DIRECTION     N (20)
  HIGHEST GUST SPEED    31   HIGHEST GUST DIRECTION     N (20)
  AVERAGE WIND SPEED    12.1


SKY COVER
  AVERAGE SKY COVER 0.1


WEATHER CONDITIONS
 THE FOLLOWING WEATHER WAS RECORDED YESTERDAY.
  HAZE


RELATIVE HUMIDITY (PERCENT)
 HIGHEST    63           700 AM
 LOWEST     27           300 PM
 AVERAGE    45

..........................................................


THE WICHITA FALLS CLIMATE NORMALS FOR TODAY
                         NORMAL    RECORD    YEAR
 MAXIMUM TEMPERATURE (F)   54        77      2000
 MINIMUM TEMPERATURE (F)   30         1      1930


SUNRISE AND SUNSET
JANUARY 17 2018.......SUNRISE   738 AM CST   SUNSET   550 PM CST
JANUARY 18 2018.......SUNRISE   738 AM CST   SUNSET   551 PM CST


-  INDICATES NEGATIVE NUMBERS.
R  INDICATES RECORD WAS SET OR TIED.
MM INDICATES DATA IS MISSING.
T  INDICATES TRACE AMOUNT.




$$
