000
CDUS44 KOUN 240634 RRA
CLISPS

CLIMATE REPORT
NATIONAL WEATHER SERVICE NORMAN OK
1233 AM CST MON NOV 24 2014


...................................

...THE WICHITA FALLS CLIMATE SUMMARY FOR NOVEMBER 23 2014...

CLIMATE NORMAL PERIOD 1981 TO 2010
CLIMATE RECORD PERIOD 1897 TO 2014


WEATHER ITEM   OBSERVED TIME   RECORD YEAR NORMAL DEPARTURE LAST
                VALUE   (LST)  VALUE       VALUE  FROM      YEAR
                                                  NORMAL
..................................................................
TEMPERATURE (F)
 YESTERDAY
  MAXIMUM         70    140 PM  84    1973  62      8       38
  MINIMUM         45   1215 AM  21    1950  37      8       30
  AVERAGE         58                        49      9       34

PRECIPITATION (IN)
  YESTERDAY        0.00          1.90 1913   0.04  -0.04      T
  MONTH TO DATE    4.24                      1.31   2.93     0.57
  SINCE JAN 1     22.82                     26.96  -4.14    19.97

SNOWFALL (IN)
  YESTERDAY        0.0                       0.0    0.0      0.0
  MONTH TO DATE    0.3                       0.2    0.1       T
  SINCE JUL 1      0.3                       0.2    0.1       T
  SNOW DEPTH       0

DEGREE DAYS
 HEATING
  YESTERDAY        7                        16     -9       31
  MONTH TO DATE  369                       259    110      277
  SINCE JUL 1    415                       385     30      379

 COOLING
  YESTERDAY        0                         0      0        0
  MONTH TO DATE    0                        10    -10        8
  SINCE JAN 1   2558                      2386    172     2628
..................................................................


WIND (MPH)
  HIGHEST WIND SPEED    37   HIGHEST WIND DIRECTION    NW (320)
  HIGHEST GUST SPEED    46   HIGHEST GUST DIRECTION    NW (330)
  AVERAGE WIND SPEED    17.0


SKY COVER
  AVERAGE SKY COVER 0.6


WEATHER CONDITIONS
 THE FOLLOWING WEATHER WAS RECORDED YESTERDAY.
  FOG
  FOG W/VISIBILITY <= 1/4 MILE


RELATIVE HUMIDITY (PERCENT)
 HIGHEST   100           200 AM
 LOWEST     28          1200 PM
 AVERAGE    64

..........................................................


THE WICHITA FALLS CLIMATE NORMALS FOR TODAY
                         NORMAL    RECORD    YEAR
 MAXIMUM TEMPERATURE (F)   61        85      2010
 MINIMUM TEMPERATURE (F)   37        14      1950


SUNRISE AND SUNSET
NOVEMBER 24 2014......SUNRISE   715 AM CST   SUNSET   526 PM CST
NOVEMBER 25 2014......SUNRISE   716 AM CST   SUNSET   526 PM CST


-  INDICATES NEGATIVE NUMBERS.
R  INDICATES RECORD WAS SET OR TIED.
MM INDICATES DATA IS MISSING.
T  INDICATES TRACE AMOUNT.




$$
