000
CDUS44 KOUN 302216 RRA
CLISPS

CLIMATE REPORT
NATIONAL WEATHER SERVICE NORMAN OK
516 PM CDT THU MAR 30 2017


...................................

...THE WICHITA FALLS CLIMATE SUMMARY FOR MARCH 30 2017...
VALID TODAY AS OF 0500 PM LOCAL TIME.

CLIMATE NORMAL PERIOD 1981 TO 2010
CLIMATE RECORD PERIOD 1897 TO 2017


WEATHER ITEM   OBSERVED TIME   RECORD YEAR NORMAL DEPARTURE LAST
                VALUE   (LST)  VALUE       VALUE  FROM      YEAR
                                                  NORMAL
..................................................................
TEMPERATURE (F)
 TODAY
  MAXIMUM         74    359 PM  91    2008  71      3       84
  MINIMUM         45    528 AM  23    1987  45      0       63
  AVERAGE         60                        58      2       74

PRECIPITATION (IN)
  TODAY            0.00          2.40 1918   0.06  -0.06      T
  MONTH TO DATE    0.75                      2.13  -1.38     1.35
  SINCE JAN 1      4.72                      5.02  -0.30     3.05

SNOWFALL (IN)
  TODAY            0.0                       0.0    0.0      0.0
  MONTH TO DATE    0.0                       0.5   -0.5      0.0
  SINCE JUL 1      T                         3.9   -3.9      2.6
  SNOW DEPTH       0

DEGREE DAYS
 HEATING
  TODAY            5                         8     -3        0
  MONTH TO DATE  202                       350   -148      222
  SINCE JUL 1   2046                      2796   -750     2184

 COOLING
  TODAY            0                         1     -1        9
  MONTH TO DATE   57                        16     41       12
  SINCE JAN 1     75                        19     56       21
..................................................................


WIND (MPH)
  HIGHEST WIND SPEED    21   HIGHEST WIND DIRECTION     W (280)
  HIGHEST GUST SPEED    24   HIGHEST GUST DIRECTION     W (280)
  AVERAGE WIND SPEED    11.8


SKY COVER
  AVERAGE SKY COVER 0.2


WEATHER CONDITIONS
 THE FOLLOWING WEATHER WAS RECORDED TODAY.
  NO SIGNIFICANT WEATHER WAS OBSERVED.


RELATIVE HUMIDITY (PERCENT)
 HIGHEST    86           200 AM
 LOWEST     35           300 PM
 AVERAGE    61

..........................................................


THE WICHITA FALLS CLIMATE NORMALS FOR TOMORROW
                         NORMAL    RECORD    YEAR
 MAXIMUM TEMPERATURE (F)   72        99      1974
 MINIMUM TEMPERATURE (F)   45        27      1926


SUNRISE AND SUNSET
MARCH 30 2017.........SUNRISE   724 AM CDT   SUNSET   753 PM CDT
MARCH 31 2017.........SUNRISE   722 AM CDT   SUNSET   754 PM CDT


-  INDICATES NEGATIVE NUMBERS.
R  INDICATES RECORD WAS SET OR TIED.
MM INDICATES DATA IS MISSING.
T  INDICATES TRACE AMOUNT.




$$
