000
CDUS44 KOUN 300630
CLISPS

CLIMATE REPORT
NATIONAL WEATHER SERVICE NORMAN OK
128 AM CDT TUE SEP 30 2014


...................................

...THE WICHITA FALLS CLIMATE SUMMARY FOR SEPTEMBER 29 2014...

CLIMATE NORMAL PERIOD 1981 TO 2010
CLIMATE RECORD PERIOD 1897 TO 2014


WEATHER ITEM   OBSERVED TIME   RECORD YEAR NORMAL DEPARTURE LAST
                VALUE   (LST)  VALUE       VALUE  FROM      YEAR
                                                  NORMAL
..................................................................
TEMPERATURE (F)
 YESTERDAY
  MAXIMUM         89    159 PM 104    1977  83      6       79
  MINIMUM         62    620 AM  43    1984  58      4       51
  AVERAGE         76                        70      6       65

PRECIPITATION (IN)
  YESTERDAY        0.00          2.58 1945   0.08  -0.08     0.00
  MONTH TO DATE    1.47                      2.74  -1.27     1.97
  SINCE JAN 1     17.28                     22.47  -5.19    17.45

DEGREE DAYS
 HEATING
  YESTERDAY        0                         1     -1        0
  MONTH TO DATE    8                        11     -3        0
  SINCE JUL 1      8                        11     -3        0

 COOLING
  YESTERDAY       11                         7      4        0
  MONTH TO DATE  379                       329     50      440
  SINCE JAN 1   2373                      2274     99     2499
..................................................................


WIND (MPH)
  HIGHEST WIND SPEED    15   HIGHEST WIND DIRECTION     E (110)
  HIGHEST GUST SPEED    19   HIGHEST GUST DIRECTION    SE (120)
  AVERAGE WIND SPEED     6.2


SKY COVER
  AVERAGE SKY COVER 0.2


WEATHER CONDITIONS
 THE FOLLOWING WEATHER WAS RECORDED YESTERDAY.
  NO SIGNIFICANT WEATHER WAS OBSERVED.


RELATIVE HUMIDITY (PERCENT)
 HIGHEST    84           600 AM
 LOWEST     34           300 PM
 AVERAGE    59

..........................................................


THE WICHITA FALLS CLIMATE NORMALS FOR TODAY
                         NORMAL    RECORD    YEAR
 MAXIMUM TEMPERATURE (F)   83       108      1977
 MINIMUM TEMPERATURE (F)   58        38      1984


SUNRISE AND SUNSET
SEPTEMBER 30 2014.....SUNRISE   728 AM CDT   SUNSET   720 PM CDT
OCTOBER  1 2014.......SUNRISE   728 AM CDT   SUNSET   718 PM CDT


-  INDICATES NEGATIVE NUMBERS.
R  INDICATES RECORD WAS SET OR TIED.
MM INDICATES DATA IS MISSING.
T  INDICATES TRACE AMOUNT.




$$
