000
CDUS44 KOUN 210631
CLISPS

CLIMATE REPORT
NATIONAL WEATHER SERVICE NORMAN OK
131 AM CDT THU AUG 21 2014


...................................

...THE WICHITA FALLS CLIMATE SUMMARY FOR AUGUST 20 2014...

CLIMATE NORMAL PERIOD 1981 TO 2010
CLIMATE RECORD PERIOD 1897 TO 2014


WEATHER ITEM   OBSERVED TIME   RECORD YEAR NORMAL DEPARTURE LAST
                VALUE   (LST)  VALUE       VALUE  FROM      YEAR
                                                  NORMAL
..................................................................
TEMPERATURE (F)
 YESTERDAY
  MAXIMUM        101    459 PM 107    2011  96      5       96
  MINIMUM         77    637 AM  57    1940  71      6       68
  AVERAGE         89                        84      5       82

PRECIPITATION (IN)
  YESTERDAY        0.00          2.32 1979   0.08  -0.08     0.00
  MONTH TO DATE    1.12                      1.53  -0.41     1.49
  SINCE JAN 1     14.89                     18.76  -3.87    15.48

DEGREE DAYS
 COOLING
  YESTERDAY       24                        19      5       17
  MONTH TO DATE  368                       395    -27      390
  SINCE JAN 1   1758                      1751      7     1836
..................................................................


WIND (MPH)
  HIGHEST WIND SPEED    25   HIGHEST WIND DIRECTION     S (170)
  HIGHEST GUST SPEED    32   HIGHEST GUST DIRECTION     S (190)
  AVERAGE WIND SPEED    15.6


SKY COVER
  AVERAGE SKY COVER 0.2


WEATHER CONDITIONS
 THE FOLLOWING WEATHER WAS RECORDED YESTERDAY.
  NO SIGNIFICANT WEATHER WAS OBSERVED.


RELATIVE HUMIDITY (PERCENT)
 HIGHEST    69           500 AM
 LOWEST     21           400 PM
 AVERAGE    45

..........................................................


THE WICHITA FALLS CLIMATE NORMALS FOR TODAY
                         NORMAL    RECORD    YEAR
 MAXIMUM TEMPERATURE (F)   96       107      1934
 MINIMUM TEMPERATURE (F)   71        57      1956
                                             1950


SUNRISE AND SUNSET
AUGUST 21 2014........SUNRISE   700 AM CDT   SUNSET   814 PM CDT
AUGUST 22 2014........SUNRISE   701 AM CDT   SUNSET   812 PM CDT


-  INDICATES NEGATIVE NUMBERS.
R  INDICATES RECORD WAS SET OR TIED.
MM INDICATES DATA IS MISSING.
T  INDICATES TRACE AMOUNT.




$$
