000
CDUS44 KOUN 210633 RRA
CLISPS

CLIMATE REPORT
NATIONAL WEATHER SERVICE NORMAN OK
131 AM CDT SUN SEP 21 2014


...................................

...THE WICHITA FALLS CLIMATE SUMMARY FOR SEPTEMBER 20 2014...

CLIMATE NORMAL PERIOD 1981 TO 2010
CLIMATE RECORD PERIOD 1897 TO 2014


WEATHER ITEM   OBSERVED TIME   RECORD YEAR NORMAL DEPARTURE LAST
                VALUE   (LST)  VALUE       VALUE  FROM      YEAR
                                                  NORMAL
..................................................................
TEMPERATURE (F)
 YESTERDAY
  MAXIMUM         89    409 PM 103    1954  86      3       73
                                      1953
  MINIMUM         70    647 AM  45    1971  62      8       60
  AVERAGE         80                        74      6       67

PRECIPITATION (IN)
  YESTERDAY        0.00          1.34 2013   0.09  -0.09     1.34
  MONTH TO DATE    1.47                      1.95  -0.48     1.35
  SINCE JAN 1     17.28                     21.68  -4.40    16.83

DEGREE DAYS
 HEATING
  YESTERDAY        0                         1     -1        0
  MONTH TO DATE    8                         2      6        0
  SINCE JUL 1      8                         2      6        0

 COOLING
  YESTERDAY       15                        10      5        2
  MONTH TO DATE  293                       257     36      369
  SINCE JAN 1   2287                      2202     85     2428
..................................................................


WIND (MPH)
  HIGHEST WIND SPEED    14   HIGHEST WIND DIRECTION     S (190)
  HIGHEST GUST SPEED    17   HIGHEST GUST DIRECTION    SE (140)
  AVERAGE WIND SPEED     7.7


SKY COVER
  AVERAGE SKY COVER 0.4


WEATHER CONDITIONS
 THE FOLLOWING WEATHER WAS RECORDED YESTERDAY.
  FOG


RELATIVE HUMIDITY (PERCENT)
 HIGHEST    97           600 AM
 LOWEST     50           300 PM
 AVERAGE    74

..........................................................


THE WICHITA FALLS CLIMATE NORMALS FOR TODAY
                         NORMAL    RECORD    YEAR
 MAXIMUM TEMPERATURE (F)   86       103      1998
 MINIMUM TEMPERATURE (F)   61        38      1983


SUNRISE AND SUNSET
SEPTEMBER 21 2014.....SUNRISE   721 AM CDT   SUNSET   732 PM CDT
SEPTEMBER 22 2014.....SUNRISE   722 AM CDT   SUNSET   731 PM CDT


-  INDICATES NEGATIVE NUMBERS.
R  INDICATES RECORD WAS SET OR TIED.
MM INDICATES DATA IS MISSING.
T  INDICATES TRACE AMOUNT.




$$
