000
CDUS44 KOUN 020633
CLISPS

CLIMATE REPORT
NATIONAL WEATHER SERVICE NORMAN OK
133 AM CDT THU JUL 2 2015


...................................

...THE WICHITA FALLS CLIMATE SUMMARY FOR JULY 1 2015...

CLIMATE NORMAL PERIOD 1981 TO 2010
CLIMATE RECORD PERIOD 1897 TO 2015


WEATHER ITEM   OBSERVED TIME   RECORD YEAR NORMAL DEPARTURE LAST
                VALUE   (LST)  VALUE       VALUE  FROM      YEAR
                                                  NORMAL
..................................................................
TEMPERATURE (F)
 YESTERDAY
  MAXIMUM         94    404 PM 113    1980  95     -1       95
  MINIMUM         74    622 AM  59    1995  71      3       70
  AVERAGE         84                        83      1       83

PRECIPITATION (IN)
  YESTERDAY        0.00          1.94 2014   0.06  -0.06     1.94
  MONTH TO DATE    0.00                      0.06  -0.06     1.94
  SINCE JAN 1     29.30                     15.70  13.60    10.18

DEGREE DAYS
 COOLING
  YESTERDAY       19                        18      1       18
  MONTH TO DATE   19                        18      1       18
  SINCE JAN 1    711                       773    -62      908
..................................................................


WIND (MPH)
  HIGHEST WIND SPEED    24   HIGHEST WIND DIRECTION    SW (210)
  HIGHEST GUST SPEED    32   HIGHEST GUST DIRECTION     S (190)
  AVERAGE WIND SPEED    15.2


SKY COVER
  AVERAGE SKY COVER 0.2


WEATHER CONDITIONS
 THE FOLLOWING WEATHER WAS RECORDED YESTERDAY.
  NO SIGNIFICANT WEATHER WAS OBSERVED.


RELATIVE HUMIDITY (PERCENT)
 HIGHEST    84           500 AM
 LOWEST     44           200 PM
 AVERAGE    64

..........................................................


THE WICHITA FALLS CLIMATE NORMALS FOR TODAY
                         NORMAL    RECORD    YEAR
 MAXIMUM TEMPERATURE (F)   95       114      1980
 MINIMUM TEMPERATURE (F)   71        60      2013


SUNRISE AND SUNSET
JULY  2 2015..........SUNRISE   627 AM CDT   SUNSET   849 PM CDT
JULY  3 2015..........SUNRISE   627 AM CDT   SUNSET   849 PM CDT


-  INDICATES NEGATIVE NUMBERS.
R  INDICATES RECORD WAS SET OR TIED.
MM INDICATES DATA IS MISSING.
T  INDICATES TRACE AMOUNT.




$$
