000
CDUS42 KTBW 272114
CLISRQ


CLIMATE REPORT
NATIONAL WEATHER SERVICE TAMPA BAY FL
512 PM EDT MON MAR 27 2017


...................................

...THE SARASOTA BRADENTON CLIMATE SUMMARY FOR MARCH 27 2017...
VALID TODAY AS OF 0500 PM LOCAL TIME.

CLIMATE NORMAL PERIOD 1981 TO 2010
CLIMATE RECORD PERIOD 1911 TO 2017


WEATHER ITEM   OBSERVED TIME   RECORD YEAR NORMAL DEPARTURE LAST
                VALUE   (LST)  VALUE       VALUE  FROM      YEAR
                                                  NORMAL
..................................................................
TEMPERATURE (F)
 TODAY
  MAXIMUM         81   1142 AM  90    1994  78      3       85
  MINIMUM         62    656 AM  40    1979  59      3       70
  AVERAGE         72                        68      4       78

PRECIPITATION (IN)
  TODAY            0.00          3.41 1987   0.11  -0.11     0.00
  MONTH TO DATE    0.48                      3.36  -2.88     0.56
  SINCE MAR 1      0.48                      3.36  -2.88     0.56
  SINCE JAN 1      2.97                      8.55  -5.58     6.24

DEGREE DAYS
 HEATING
  TODAY            0                         1     -1        0
  MONTH TO DATE   53                        46      7       14
  SINCE MAR 1     53                        46      7       14
  SINCE JUL 1    201                       464   -263      320

 COOLING
  TODAY            7                         4      3       13
  MONTH TO DATE   92                        86      6      164
  SINCE MAR 1     92                        86      6      164
  SINCE JAN 1    266                       190     76      230
..................................................................


WIND (MPH)
  RESULTANT WIND SPEED   1   RESULTANT WIND DIRECTION  SE (150)
  HIGHEST WIND SPEED    15   HIGHEST WIND DIRECTION     W (270)
  HIGHEST GUST SPEED    18   HIGHEST GUST DIRECTION     W (260)
  AVERAGE WIND SPEED     8.1


SKY COVER
  POSSIBLE SUNSHINE  MM
  AVERAGE SKY COVER 0.2


WEATHER CONDITIONS
 THE FOLLOWING WEATHER WAS RECORDED TODAY.
  NO SIGNIFICANT WEATHER WAS OBSERVED.


RELATIVE HUMIDITY (PERCENT)
 HIGHEST    93           700 AM
 LOWEST     45          1100 AM

..........................................................


THE SARASOTA BRADENTON CLIMATE NORMALS FOR TOMORROW
                         NORMAL    RECORD    YEAR
 MAXIMUM TEMPERATURE (F)   78        89      1989
 MINIMUM TEMPERATURE (F)   59        40      1969


SUNRISE AND SUNSET
MARCH 27 2017.........SUNRISE   726 AM EDT   SUNSET   745 PM EDT
MARCH 28 2017.........SUNRISE   725 AM EDT   SUNSET   746 PM EDT


-  INDICATES NEGATIVE NUMBERS.
R  INDICATES RECORD WAS SET OR TIED.
MM INDICATES DATA IS MISSING.
T  INDICATES TRACE AMOUNT.




$$


&&
------------------------------------------------------------------
******************** SUPPLEMENTAL DATA ***************************

...GULF WATER TEMPERATURE AT VENICE 73 DEGREES
