000
CDUS42 KTBW 232113
CLISRQ


CLIMATE REPORT
NATIONAL WEATHER SERVICE TAMPA BAY FL
511 PM EDT TUE SEP 23 2014


...................................

...THE SARASOTA BRADENTON CLIMATE SUMMARY FOR SEPTEMBER 23 2014...
VALID TODAY AS OF 0500 PM LOCAL TIME.

CLIMATE NORMAL PERIOD 1981 TO 2010
CLIMATE RECORD PERIOD 1911 TO 2014


WEATHER ITEM   OBSERVED TIME   RECORD YEAR NORMAL DEPARTURE LAST
                VALUE   (LST)  VALUE       VALUE  FROM      YEAR
                                                  NORMAL
..................................................................
TEMPERATURE (F)
 TODAY
  MAXIMUM         85   1225 PM  96    1987  88     -3       83
  MINIMUM         71    512 AM  62    1913  74     -3       76
  AVERAGE         78                        81     -3       80

PRECIPITATION (IN)
  TODAY            T             3.00 2013   0.19  -0.19     3.00
  MONTH TO DATE    3.83                      6.00  -2.17     8.05
  SINCE SEP 1      3.83                      6.00  -2.17     8.05
  SINCE JAN 1     35.31                     44.33  -9.02    46.66

DEGREE DAYS
 HEATING
  TODAY            0                         0      0        0
  MONTH TO DATE    0                         0      0        0
  SINCE SEP 1      0                         0      0        0
  SINCE JUL 1      0                         0      0        0

 COOLING
  TODAY           13                        16     -3       15
  MONTH TO DATE  342                       385    -43      403
  SINCE SEP 1    342                       385    -43      403
  SINCE JAN 1   2888                      2682    206     2903
..................................................................


WIND (MPH)
  RESULTANT WIND SPEED   4   RESULTANT WIND DIRECTION   S (160)
  HIGHEST WIND SPEED    15   HIGHEST WIND DIRECTION     W (270)
  HIGHEST GUST SPEED    17   HIGHEST GUST DIRECTION     W (270)
  AVERAGE WIND SPEED     7.5


SKY COVER
  POSSIBLE SUNSHINE  MM
  AVERAGE SKY COVER 0.4


WEATHER CONDITIONS
 THE FOLLOWING WEATHER WAS RECORDED TODAY.
  THUNDERSTORM


RELATIVE HUMIDITY (PERCENT)
 HIGHEST   100          1200 AM
 LOWEST     65          1100 AM

..........................................................


THE SARASOTA BRADENTON CLIMATE NORMALS FOR TOMORROW
                         NORMAL    RECORD    YEAR
 MAXIMUM TEMPERATURE (F)   88        95      1921
 MINIMUM TEMPERATURE (F)   73        59      1916


SUNRISE AND SUNSET
SEPTEMBER 23 2014.....SUNRISE   719 AM EDT   SUNSET   725 PM EDT
SEPTEMBER 24 2014.....SUNRISE   720 AM EDT   SUNSET   724 PM EDT


-  INDICATES NEGATIVE NUMBERS.
R  INDICATES RECORD WAS SET OR TIED.
MM INDICATES DATA IS MISSING.
T  INDICATES TRACE AMOUNT.




$$


&&
------------------------------------------------------------------
******************** SUPPLEMENTAL DATA ***************************

...GULF WATER TEMPERATURE AT NEW PASS 83
