000
CDUS42 KTBW 010832
CLISRQ


CLIMATE REPORT
NATIONAL WEATHER SERVICE TAMPA BAY FL
429 AM EDT SAT AUG 1 2015


...................................

...THE SARASOTA BRADENTON CLIMATE SUMMARY FOR JULY 31 2015...

CLIMATE NORMAL PERIOD 1981 TO 2010
CLIMATE RECORD PERIOD 1911 TO 2015


WEATHER ITEM   OBSERVED TIME   RECORD YEAR NORMAL DEPARTURE LAST
                VALUE   (LST)  VALUE       VALUE  FROM      YEAR
                                                  NORMAL
..................................................................
TEMPERATURE (F)
 YESTERDAY
  MAXIMUM         89   1137 AM  97    1927  90     -1       91
  MINIMUM         76   1145 PM  65    1976  75      1       74
  AVERAGE         83                        82      1       83

PRECIPITATION (IN)
  YESTERDAY        0.19          4.35 1965   0.27  -0.08     0.00
  MONTH TO DATE    6.81                      7.98  -1.17     2.15
  SINCE JUN 1     10.54                     15.49  -4.95     9.13
  SINCE JAN 1     22.86                     29.19  -6.33    27.51

DEGREE DAYS
 HEATING
  YESTERDAY        0                         0      0        0
  MONTH TO DATE    0                         0      0        0
  SINCE JUN 1      0                         0      0        0
  SINCE JUL 1      0                         0      0        0

 COOLING
  YESTERDAY       18                        17      1       18
  MONTH TO DATE  547                       539      8      597
  SINCE JUN 1   1048                      1011     37     1107
  SINCE JAN 1   2088                      1762    326     1919
..................................................................


WIND (MPH)
  HIGHEST WIND SPEED    26   HIGHEST WIND DIRECTION    NW (300)
  HIGHEST GUST SPEED    34   HIGHEST GUST DIRECTION     W (260)
  AVERAGE WIND SPEED    11.6


SKY COVER
  POSSIBLE SUNSHINE  MM
  AVERAGE SKY COVER 0.3


WEATHER CONDITIONS
 THE FOLLOWING WEATHER WAS RECORDED YESTERDAY.
  HEAVY RAIN
  LIGHT RAIN
  FOG


RELATIVE HUMIDITY (PERCENT)
 HIGHEST   100          1000 PM
 LOWEST     65           500 PM

..........................................................


THE SARASOTA BRADENTON CLIMATE NORMALS FOR TODAY
                         NORMAL    RECORD    YEAR
 MAXIMUM TEMPERATURE (F)   90       101      1972
 MINIMUM TEMPERATURE (F)   75        65      1968


SUNRISE AND SUNSET
AUGUST  1 2015........SUNRISE   654 AM EDT   SUNSET   819 PM EDT
AUGUST  2 2015........SUNRISE   654 AM EDT   SUNSET   818 PM EDT


-  INDICATES NEGATIVE NUMBERS.
R  INDICATES RECORD WAS SET OR TIED.
MM INDICATES DATA IS MISSING.
T  INDICATES TRACE AMOUNT.




$$


&&
------------------------------------------------------------------
******************** SUPPLEMENTAL DATA ***************************

...GULF WATER TEMPERATURE AT NEW PASS 85
