000
CDUS42 KTBW 052216
CLISRQ


CLIMATE REPORT
NATIONAL WEATHER SERVICE TAMPA BAY FL
515 PM EST FRI FEB 5 2016


...................................

...THE SARASOTA BRADENTON CLIMATE SUMMARY FOR FEBRUARY 5 2016...
VALID TODAY AS OF 0500 PM LOCAL TIME.

CLIMATE NORMAL PERIOD 1981 TO 2010
CLIMATE RECORD PERIOD 1911 TO 2016


WEATHER ITEM   OBSERVED TIME   RECORD YEAR NORMAL DEPARTURE LAST
                VALUE   (LST)  VALUE       VALUE  FROM      YEAR
                                                  NORMAL
..................................................................
TEMPERATURE (F)
 TODAY
  MAXIMUM         64    422 PM  87    1990  72     -8       69
  MINIMUM         48    804 AM  24    1996  53     -5       55
  AVERAGE         56                        62     -6       62

PRECIPITATION (IN)
  TODAY            0.00          2.49 1960   0.04  -0.04     1.30
  MONTH TO DATE    0.13                      0.21  -0.08     1.50
  SINCE DEC 1      5.83                      5.23   0.60     3.04
  SINCE JAN 1      4.54                      2.70   1.84     2.57

DEGREE DAYS
 HEATING
  TODAY            9                         4      5        3
  MONTH TO DATE    9                        20    -11       16
  SINCE DEC 1    179                       307   -128      237
  SINCE JUL 1    183                       340   -157      322

 COOLING
  TODAY            0                         2     -2        0
  MONTH TO DATE   27                         6     21        0
  SINCE DEC 1    311                       132    179      148
  SINCE JAN 1     52                        58     -6       59
..................................................................


WIND (MPH)
  RESULTANT WIND SPEED  12   RESULTANT WIND DIRECTION   N (10)
  HIGHEST WIND SPEED    22   HIGHEST WIND DIRECTION     N (340)
  HIGHEST GUST SPEED    30   HIGHEST GUST DIRECTION     N (340)
  AVERAGE WIND SPEED    13.3


SKY COVER
  POSSIBLE SUNSHINE  MM
  AVERAGE SKY COVER 0.0


WEATHER CONDITIONS
 THE FOLLOWING WEATHER WAS RECORDED TODAY.
  NO SIGNIFICANT WEATHER WAS OBSERVED.


RELATIVE HUMIDITY (PERCENT)
 HIGHEST    77          1200 AM
 LOWEST     27           100 PM

..........................................................


THE SARASOTA BRADENTON CLIMATE NORMALS FOR TOMORROW
                         NORMAL    RECORD    YEAR
 MAXIMUM TEMPERATURE (F)   72        85      1989
 MINIMUM TEMPERATURE (F)   53        28      1996


SUNRISE AND SUNSET
FEBRUARY  5 2016......SUNRISE   714 AM EST   SUNSET   614 PM EST
FEBRUARY  6 2016......SUNRISE   714 AM EST   SUNSET   615 PM EST


-  INDICATES NEGATIVE NUMBERS.
R  INDICATES RECORD WAS SET OR TIED.
MM INDICATES DATA IS MISSING.
T  INDICATES TRACE AMOUNT.




$$


&&
------------------------------------------------------------------
******************** SUPPLEMENTAL DATA ***************************

...GULF WATER TEMPERATURE AT VENICE 67 DEGREES
