000
CDUS42 KTBW 180930
CLISRQ


CLIMATE REPORT
NATIONAL WEATHER SERVICE TAMPA BAY FL
428 AM EST THU DEC 18 2014


...................................

...THE SARASOTA BRADENTON CLIMATE SUMMARY FOR DECEMBER 17 2014...

CLIMATE NORMAL PERIOD 1981 TO 2010
CLIMATE RECORD PERIOD 1911 TO 2014


WEATHER ITEM   OBSERVED TIME   RECORD YEAR NORMAL DEPARTURE LAST
                VALUE   (LST)  VALUE       VALUE  FROM      YEAR
                                                  NORMAL
..................................................................
TEMPERATURE (F)
 YESTERDAY
  MAXIMUM         73    330 PM  88    1965  73      0       73
  MINIMUM         53   1159 PM  29    1968  53      0       47
  AVERAGE         63                        63      0       60

PRECIPITATION (IN)
  YESTERDAY        0.00          1.70 1911   0.10  -0.10     0.00
  MONTH TO DATE    0.02                      1.29  -1.27     0.03
  SINCE DEC 1      0.02                      1.29  -1.27     0.03
  SINCE JAN 1     50.60                     51.77  -1.17    52.49

DEGREE DAYS
 HEATING
  YESTERDAY        2                         4     -2        5
  MONTH TO DATE   84                        55     29       12
  SINCE DEC 1     84                        55     29       12
  SINCE JUL 1    169                        88     81       30

 COOLING
  YESTERDAY        0                         2     -2        0
  MONTH TO DATE   42                        48     -6       86
  SINCE DEC 1     42                        48     -6       86
  SINCE JAN 1   3454                      3348    106     3714
..................................................................


WIND (MPH)
  HIGHEST WIND SPEED     9   HIGHEST WIND DIRECTION     W (290)
  HIGHEST GUST SPEED    16   HIGHEST GUST DIRECTION     E (100)
  AVERAGE WIND SPEED     5.1


SKY COVER
  POSSIBLE SUNSHINE  MM
  AVERAGE SKY COVER 0.5


WEATHER CONDITIONS
 THE FOLLOWING WEATHER WAS RECORDED YESTERDAY.
  NO SIGNIFICANT WEATHER WAS OBSERVED.


RELATIVE HUMIDITY (PERCENT)
 HIGHEST   100           400 AM
 LOWEST     63           500 PM

..........................................................


THE SARASOTA BRADENTON CLIMATE NORMALS FOR TODAY
                         NORMAL    RECORD    YEAR
 MAXIMUM TEMPERATURE (F)   73        90      1967
 MINIMUM TEMPERATURE (F)   53        32      1973


SUNRISE AND SUNSET
DECEMBER 18 2014......SUNRISE   714 AM EST   SUNSET   539 PM EST
DECEMBER 19 2014......SUNRISE   715 AM EST   SUNSET   540 PM EST


-  INDICATES NEGATIVE NUMBERS.
R  INDICATES RECORD WAS SET OR TIED.
MM INDICATES DATA IS MISSING.
T  INDICATES TRACE AMOUNT.




$$


&&
------------------------------------------------------------------
******************** SUPPLEMENTAL DATA ***************************

...GULF WATER TEMPERATURE AT NEW PASS 65
