000
CDUS42 KTBW 220833
CLISRQ


CLIMATE REPORT
NATIONAL WEATHER SERVICE TAMPA BAY FL
431 AM EDT FRI MAY 22 2015


...................................

...THE SARASOTA BRADENTON CLIMATE SUMMARY FOR MAY 21 2015...

CLIMATE NORMAL PERIOD 1981 TO 2010
CLIMATE RECORD PERIOD 1911 TO 2015


WEATHER ITEM   OBSERVED TIME   RECORD YEAR NORMAL DEPARTURE LAST
                VALUE   (LST)  VALUE       VALUE  FROM      YEAR
                                                  NORMAL
..................................................................
TEMPERATURE (F)
 YESTERDAY
  MAXIMUM         87    405 PM  96    1927  86      1       86
  MINIMUM         71    600 AM  55    1924  68      3       65
  AVERAGE         79                        77      2       76

PRECIPITATION (IN)
  YESTERDAY        0.00          1.78 1921   0.07  -0.07     0.00
  MONTH TO DATE    3.34                      1.31   2.03     5.24
  SINCE MAR 1      5.98                      7.61  -1.63    12.95
  SINCE JAN 1     10.86                     12.80  -1.94    16.57

DEGREE DAYS
 HEATING
  YESTERDAY        0                         0      0        0
  MONTH TO DATE    0                         0      0        0
  SINCE MAR 1     13                        59    -46       37
  SINCE JUL 1    470                       477     -7      345

 COOLING
  YESTERDAY       14                        12      2       11
  MONTH TO DATE  257                       221     36      256
  SINCE MAR 1    813                       514    299      558
  SINCE JAN 1    882                       618    264      674
..................................................................


WIND (MPH)
  HIGHEST WIND SPEED    20   HIGHEST WIND DIRECTION     W (290)
  HIGHEST GUST SPEED    23   HIGHEST GUST DIRECTION     W (290)
  AVERAGE WIND SPEED     8.2


SKY COVER
  POSSIBLE SUNSHINE  MM
  AVERAGE SKY COVER 0.1


WEATHER CONDITIONS
 THE FOLLOWING WEATHER WAS RECORDED YESTERDAY.
  NO SIGNIFICANT WEATHER WAS OBSERVED.


RELATIVE HUMIDITY (PERCENT)
 HIGHEST    93           500 AM
 LOWEST     59           300 PM

..........................................................


THE SARASOTA BRADENTON CLIMATE NORMALS FOR TODAY
                         NORMAL    RECORD    YEAR
 MAXIMUM TEMPERATURE (F)   87        96      1974
                                             1927
 MINIMUM TEMPERATURE (F)   69        53      1994


SUNRISE AND SUNSET
MAY 22 2015...........SUNRISE   638 AM EDT   SUNSET   816 PM EDT
MAY 23 2015...........SUNRISE   638 AM EDT   SUNSET   816 PM EDT


-  INDICATES NEGATIVE NUMBERS.
R  INDICATES RECORD WAS SET OR TIED.
MM INDICATES DATA IS MISSING.
T  INDICATES TRACE AMOUNT.




$$


&&
------------------------------------------------------------------
******************** SUPPLEMENTAL DATA ***************************

...GULF WATER TEMPERATURE AT NEW PASS 86 DEGREES.
