000
CDUS42 KTBW 212116
CLISRQ


CLIMATE REPORT
NATIONAL WEATHER SERVICE TAMPA BAY FL
512 PM EDT THU AUG 21 2014


...................................

...THE SARASOTA BRADENTON CLIMATE SUMMARY FOR AUGUST 21 2014...
VALID TODAY AS OF 0500 PM LOCAL TIME.

CLIMATE NORMAL PERIOD 1981 TO 2010
CLIMATE RECORD PERIOD 1911 TO 2014


WEATHER ITEM   OBSERVED TIME   RECORD YEAR NORMAL DEPARTURE LAST
                VALUE   (LST)  VALUE       VALUE  FROM      YEAR
                                                  NORMAL
..................................................................
TEMPERATURE (F)
 TODAY
  MAXIMUM         98R   237 PM  97    1919  90      8       94
  MINIMUM         79    558 AM  68    1927  74      5       74
  AVERAGE         89                        82      7       84

PRECIPITATION (IN)
  TODAY            0.00          2.85 1981   0.32  -0.32     0.53
  MONTH TO DATE    1.33                      6.20  -4.87     6.03
  SINCE JUN 1     10.46                     21.69 -11.23    25.18
  SINCE JAN 1     28.84                     35.39  -6.55    33.32

DEGREE DAYS
 HEATING
  TODAY            0                         0      0        0
  MONTH TO DATE    0                         0      0        0
  SINCE JUN 1      0                         0      0        0
  SINCE JUL 1      0                         0      0        0

 COOLING
  TODAY           24                        17      7       19
  MONTH TO DATE  427                       357     70      397
  SINCE JUN 1   1534                      1368    166     1459
  SINCE JAN 1   2346                      2119    227     2327
..................................................................


WIND (MPH)
  RESULTANT WIND SPEED   2   RESULTANT WIND DIRECTION   N (10)
  HIGHEST WIND SPEED    18   HIGHEST WIND DIRECTION     W (280)
  HIGHEST GUST SPEED    22   HIGHEST GUST DIRECTION     W (280)
  AVERAGE WIND SPEED     5.3


SKY COVER
  POSSIBLE SUNSHINE  MM
  AVERAGE SKY COVER 0.1


WEATHER CONDITIONS
 THE FOLLOWING WEATHER WAS RECORDED TODAY.
  THUNDERSTORM


RELATIVE HUMIDITY (PERCENT)
 HIGHEST    85           300 AM
 LOWEST     45          1200 PM

..........................................................


THE SARASOTA BRADENTON CLIMATE NORMALS FOR TOMORROW
                         NORMAL    RECORD    YEAR
 MAXIMUM TEMPERATURE (F)   90        97      1919
 MINIMUM TEMPERATURE (F)   74        64      1949


SUNRISE AND SUNSET
AUGUST 21 2014........SUNRISE   704 AM EDT   SUNSET   802 PM EDT
AUGUST 22 2014........SUNRISE   705 AM EDT   SUNSET   801 PM EDT


-  INDICATES NEGATIVE NUMBERS.
R  INDICATES RECORD WAS SET OR TIED.
MM INDICATES DATA IS MISSING.
T  INDICATES TRACE AMOUNT.




$$


&&
------------------------------------------------------------------
******************** SUPPLEMENTAL DATA ***************************

...GULF WATER TEMPERATURE AT VENICE 90
