278
CDUS42 KJAX 060532
CLISSI


CLIMATE REPORT
NATIONAL WEATHER SERVICE JACKSONVILLE FL
1231 AM EST SAT FEB 6 2016


...................................

...THE ST SIMONS ISLAND CLIMATE SUMMARY FOR FEBRUARY 5 2016...

CLIMATE NORMAL PERIOD 1981 TO 2010
CLIMATE RECORD PERIOD 1948 TO 2016


WEATHER ITEM   OBSERVED TIME   RECORD YEAR NORMAL DEPARTURE LAST
                VALUE   (LST)  VALUE       VALUE  FROM      YEAR
                                                  NORMAL
..................................................................
TEMPERATURE (F)
 YESTERDAY
  MAXIMUM         56    258 PM  81    2012  62     -6       61
  MINIMUM         38    733 AM  16    1996  44     -6       43
  AVERAGE         47                        53     -6       52

PRECIPITATION (IN)
  YESTERDAY        0.00          1.92 1963   0.12  -0.12     0.46
  MONTH TO DATE    2.29                      0.59   1.70     0.83
  SINCE DEC 1      6.79                      6.45   0.34     5.18
  SINCE JAN 1      5.44                      3.81   1.63     3.86

SNOWFALL (IN)
  YESTERDAY        0.0           0.0    MM                   0.0
  MONTH TO DATE    0.0                                       0.0
  SINCE DEC 1      0.0                                       0.0
  SINCE JUL 1      0.0                                       0.0
  SNOW DEPTH       0

DEGREE DAYS
 HEATING
  YESTERDAY       18                        12      6       13
  MONTH TO DATE   33                        62    -29       72
  SINCE DEC 1    565                       833   -268      729
  SINCE JUL 1    630                      1013   -383     1015

 COOLING
  YESTERDAY        0                         0      0        0
  MONTH TO DATE    0                         0      0        0
  SINCE DEC 1     90                        16     74       12
  SINCE JAN 1      0                         3     -3        6
..................................................................


WIND (MPH)
  HIGHEST WIND SPEED    18   HIGHEST WIND DIRECTION    NW (300)
  HIGHEST GUST SPEED    27   HIGHEST GUST DIRECTION     W (290)
  AVERAGE WIND SPEED     9.3


SKY COVER
  POSSIBLE SUNSHINE  MM
  AVERAGE SKY COVER 0.0


WEATHER CONDITIONS
 THE FOLLOWING WEATHER WAS RECORDED YESTERDAY.
  NO SIGNIFICANT WEATHER WAS OBSERVED.


RELATIVE HUMIDITY (PERCENT)
 HIGHEST    76          1100 PM
 LOWEST     38           300 PM
 AVERAGE    57

..........................................................


THE ST SIMONS ISLAND CLIMATE NORMALS FOR TODAY
                         NORMAL    RECORD    YEAR
 MAXIMUM TEMPERATURE (F)   62        81      2008
 MINIMUM TEMPERATURE (F)   44        23      1966


SUNRISE AND SUNSET
FEBRUARY  6 2016......SUNRISE   715 AM EST   SUNSET   605 PM EST
FEBRUARY  7 2016......SUNRISE   714 AM EST   SUNSET   606 PM EST


-  INDICATES NEGATIVE NUMBERS.
R  INDICATES RECORD WAS SET OR TIED.
MM INDICATES DATA IS MISSING.
T  INDICATES TRACE AMOUNT.




$$
