000
CDUS42 KJAX 240550
CLISSI


CLIMATE REPORT
NATIONAL WEATHER SERVICE JACKSONVILLE FL
1250 AM EST FRI FEB 24 2017


...................................

...THE ST SIMONS ISLAND CLIMATE SUMMARY FOR FEBRUARY 23 2017...

CLIMATE NORMAL PERIOD 1981 TO 2010
CLIMATE RECORD PERIOD 1948 TO 2017


WEATHER ITEM   OBSERVED TIME   RECORD YEAR NORMAL DEPARTURE LAST
                VALUE   (LST)  VALUE       VALUE  FROM      YEAR
                                                  NORMAL
..................................................................
TEMPERATURE (F)
 YESTERDAY
  MAXIMUM         74    214 PM  82    2012  65      9       73
  MINIMUM         63    356 AM  26    1963  47     16       61
  AVERAGE         69                        56     13       67

PRECIPITATION (IN)
  YESTERDAY        0.00          1.83 2013   0.13  -0.13     0.06
  MONTH TO DATE    0.86                      2.82  -1.96     3.94
  SINCE DEC 1      8.88                      8.68   0.20     8.44
  SINCE JAN 1      5.86                      6.04  -0.18     7.09

SNOWFALL (IN)
  YESTERDAY        0.0           0.0    MM                   0.0
  MONTH TO DATE    0.0                                       0.0
  SINCE DEC 1      0.0                                       0.0
  SINCE JUL 1      0.0                                       0.0
  SNOW DEPTH       0

DEGREE DAYS
 HEATING
  YESTERDAY        0                         9     -9        0
  MONTH TO DATE   98                       257   -159      248
  SINCE DEC 1    501                      1028   -527      780
  SINCE JUL 1    606                      1208   -602      845

 COOLING
  YESTERDAY        4                         0      4        2
  MONTH TO DATE   20                         0     20        2
  SINCE DEC 1     64                        16     48       92
  SINCE JAN 1     39                         3     36        2
..................................................................


WIND (MPH)
  HIGHEST WIND SPEED    24   HIGHEST WIND DIRECTION     N (20)
  HIGHEST GUST SPEED    32   HIGHEST GUST DIRECTION     N (350)
  AVERAGE WIND SPEED    13.8


SKY COVER
  POSSIBLE SUNSHINE  MM
  AVERAGE SKY COVER 0.4


WEATHER CONDITIONS
 THE FOLLOWING WEATHER WAS RECORDED YESTERDAY.
  NO SIGNIFICANT WEATHER WAS OBSERVED.


RELATIVE HUMIDITY (PERCENT)
 HIGHEST    93           100 AM
 LOWEST     68           200 PM
 AVERAGE    81

..........................................................


THE ST SIMONS ISLAND CLIMATE NORMALS FOR TODAY
                         NORMAL    RECORD    YEAR
 MAXIMUM TEMPERATURE (F)   65        84      2012
 MINIMUM TEMPERATURE (F)   48        26      1989


SUNRISE AND SUNSET
FEBRUARY 24 2017......SUNRISE   657 AM EST   SUNSET   620 PM EST
FEBRUARY 25 2017......SUNRISE   656 AM EST   SUNSET   621 PM EST


-  INDICATES NEGATIVE NUMBERS.
R  INDICATES RECORD WAS SET OR TIED.
MM INDICATES DATA IS MISSING.
T  INDICATES TRACE AMOUNT.




$$
