000
CDUS42 KJAX 250527
CLISSI


CLIMATE REPORT
NATIONAL WEATHER SERVICE JACKSONVILLE FL
126 AM EDT THU MAY 25 2017


...................................

...THE ST SIMONS ISLAND CLIMATE SUMMARY FOR MAY 24 2017...

CLIMATE NORMAL PERIOD 1981 TO 2010
CLIMATE RECORD PERIOD 1948 TO 2017


WEATHER ITEM   OBSERVED TIME   RECORD YEAR NORMAL DEPARTURE LAST
                VALUE   (LST)  VALUE       VALUE  FROM      YEAR
                                                  NORMAL
..................................................................
TEMPERATURE (F)
 YESTERDAY
  MAXIMUM         80    941 AM  96    1953  84     -4       82
  MINIMUM         71    144 PM  55    1967  69      2       64
  AVERAGE         76                        77     -1       73

PRECIPITATION (IN)
  YESTERDAY        1.31R         0.91 2009   0.07   1.24     0.00
  MONTH TO DATE    3.70                      1.27   2.43     1.68
  SINCE MAR 1      5.95                      7.64  -1.69     5.89
  SINCE JAN 1     11.81                     14.33  -2.52    13.03

SNOWFALL (IN)
  YESTERDAY        0.0           0.0    MM                   0.0
  MONTH TO DATE    0.0                                       0.0
  SINCE MAR 1      0.0                                       0.0
  SINCE JUL 1      0.0                                       0.0
  SNOW DEPTH       0

DEGREE DAYS
 HEATING
  YESTERDAY        0                         0      0        0
  MONTH TO DATE    0                         2     -2        4
  SINCE MAR 1    166                       235    -69      115
  SINCE JUL 1    781                      1486   -705     1021

 COOLING
  YESTERDAY       11                        12     -1        8
  MONTH TO DATE  272                       211     61      227
  SINCE MAR 1    558                       345    213      430
  SINCE JAN 1    610                       354    256      434
..................................................................


WIND (MPH)
  HIGHEST WIND SPEED    21   HIGHEST WIND DIRECTION    SW (220)
  HIGHEST GUST SPEED    35   HIGHEST GUST DIRECTION     S (170)
  AVERAGE WIND SPEED    11.5


SKY COVER
  POSSIBLE SUNSHINE  MM
  AVERAGE SKY COVER 0.6


WEATHER CONDITIONS
 THE FOLLOWING WEATHER WAS RECORDED YESTERDAY.
  THUNDERSTORM
  HEAVY RAIN
  RAIN
  LIGHT RAIN
  FOG
  HAZE


RELATIVE HUMIDITY (PERCENT)
 HIGHEST   100           200 PM
 LOWEST     74           800 AM
 AVERAGE    87

..........................................................


THE ST SIMONS ISLAND CLIMATE NORMALS FOR TODAY
                         NORMAL    RECORD    YEAR
 MAXIMUM TEMPERATURE (F)   84        96      1953
 MINIMUM TEMPERATURE (F)   70        55      1967


SUNRISE AND SUNSET
MAY 25 2017...........SUNRISE   625 AM EDT   SUNSET   821 PM EDT
MAY 26 2017...........SUNRISE   624 AM EDT   SUNSET   821 PM EDT


-  INDICATES NEGATIVE NUMBERS.
R  INDICATES RECORD WAS SET OR TIED.
MM INDICATES DATA IS MISSING.
T  INDICATES TRACE AMOUNT.




$$
