000
CDUS42 KJAX 222232
CLISSI


CLIMATE REPORT
NATIONAL WEATHER SERVICE JACKSONVILLE FL
532 PM EST MON DEC 22 2014


...................................

...THE ST SIMONS ISLAND CLIMATE SUMMARY FOR DECEMBER 22 2014...
VALID TODAY AS OF 0500 PM LOCAL TIME.

CLIMATE NORMAL PERIOD 1981 TO 2010
CLIMATE RECORD PERIOD 1948 TO 2014


WEATHER ITEM   OBSERVED TIME   RECORD YEAR NORMAL DEPARTURE LAST
                VALUE   (LST)  VALUE       VALUE  FROM      YEAR
                                                  NORMAL
..................................................................
TEMPERATURE (F)
 TODAY
  MAXIMUM         57    257 PM  82    1970  62     -5       73
  MINIMUM         53    254 AM  23    1960  44      9       62
  AVERAGE         55                        53      2       68

PRECIPITATION (IN)
  TODAY            0.37          0.68 1953   0.09   0.28     0.00
  MONTH TO DATE    0.73                      1.86  -1.13     1.25
  SINCE DEC 1      0.73                      1.86  -1.13     1.25
  SINCE JAN 1     43.45                     44.22  -0.77    51.42

SNOWFALL (IN)
  TODAY            0.0           0.0    MM                   0.0
  MONTH TO DATE    0.0                                       0.0
  SINCE DEC 1      0.0                                       0.0
  SINCE JUL 1      0.0                                       0.0

DEGREE DAYS
 HEATING
  TODAY           10                        13     -3        0
  MONTH TO DATE  204                       231    -27      139
  SINCE DEC 1    204                       231    -27      139
  SINCE JUL 1    490                       411     79      329

 COOLING
  TODAY            0                         0      0        3
  MONTH TO DATE    1                         9     -8       14
  SINCE DEC 1      1                         9     -8       14
  SINCE JAN 1   2587                      2624    -37     2601
..................................................................


WIND (MPH)
  HIGHEST WIND SPEED    16   HIGHEST WIND DIRECTION     E (70)
  HIGHEST GUST SPEED    20   HIGHEST GUST DIRECTION     E (70)
  AVERAGE WIND SPEED     6.7


SKY COVER
  POSSIBLE SUNSHINE  MM
  AVERAGE SKY COVER 1.0


WEATHER CONDITIONS
 THE FOLLOWING WEATHER WAS RECORDED TODAY.
  THUNDERSTORM
  RAIN
  LIGHT RAIN
  FOG
  FOG W/VISIBILITY <= 1/4 MILE


RELATIVE HUMIDITY (PERCENT)
 HIGHEST   100           800 AM
 LOWEST     93          1200 AM
 AVERAGE    97

..........................................................


THE ST SIMONS ISLAND CLIMATE NORMALS FOR TOMORROW
                         NORMAL    RECORD    YEAR
 MAXIMUM TEMPERATURE (F)   61        80      2013
 MINIMUM TEMPERATURE (F)   44        17      1989


SUNRISE AND SUNSET
DECEMBER 22 2014......SUNRISE   720 AM EST   SUNSET   528 PM EST
DECEMBER 23 2014......SUNRISE   721 AM EST   SUNSET   528 PM EST


-  INDICATES NEGATIVE NUMBERS.
R  INDICATES RECORD WAS SET OR TIED.
MM INDICATES DATA IS MISSING.
T  INDICATES TRACE AMOUNT.




$$
