000
CDUS42 KJAX 010533
CLISSI


CLIMATE REPORT
NATIONAL WEATHER SERVICE JACKSONVILLE FL
132 AM EDT SUN MAY 1 2016


...................................

...THE ST SIMONS ISLAND CLIMATE SUMMARY FOR APRIL 30 2016...

CLIMATE NORMAL PERIOD 1981 TO 2010
CLIMATE RECORD PERIOD 1948 TO 2016


WEATHER ITEM   OBSERVED TIME   RECORD YEAR NORMAL DEPARTURE LAST
                VALUE   (LST)  VALUE       VALUE  FROM      YEAR
                                                  NORMAL
..................................................................
TEMPERATURE (F)
 YESTERDAY
  MAXIMUM         81    248 PM  89    1990  78      3       78
  MINIMUM         70    545 AM  48    2008  62      8       57
  AVERAGE         76                        70      6       68

PRECIPITATION (IN)
  YESTERDAY        0.00          1.81 1971   0.06  -0.06     0.00
  MONTH TO DATE    2.65                      2.49   0.16     3.43
  SINCE MAR 1      4.21                      6.37  -2.16     5.80
  SINCE JAN 1     11.35                     13.06  -1.71    11.52

SNOWFALL (IN)
  YESTERDAY        0.0           0.0    MM                   0.0
  MONTH TO DATE    0.0                                       0.0
  SINCE MAR 1      0.0                                       0.0
  SINCE JUL 1      0.0                                       0.0
  SNOW DEPTH       0

DEGREE DAYS
 HEATING
  YESTERDAY        0                         1     -1        0
  MONTH TO DATE   30                        57    -27        0
  SINCE MAR 1    111                       233   -122      114
  SINCE JUL 1   1017                      1484   -467     1494

 COOLING
  YESTERDAY       11                         6      5        3
  MONTH TO DATE  115                       103     12      175
  SINCE MAR 1    203                       134     69      205
  SINCE JAN 1    207                       143     64      211
..................................................................


WIND (MPH)
  HIGHEST WIND SPEED    15   HIGHEST WIND DIRECTION     E (100)
  HIGHEST GUST SPEED    25   HIGHEST GUST DIRECTION    NE (60)
  AVERAGE WIND SPEED     7.8


SKY COVER
  POSSIBLE SUNSHINE  MM
  AVERAGE SKY COVER 0.3


WEATHER CONDITIONS
 THE FOLLOWING WEATHER WAS RECORDED YESTERDAY.
  FOG
  FOG W/VISIBILITY <= 1/4 MILE


RELATIVE HUMIDITY (PERCENT)
 HIGHEST   100          1200 AM
 LOWEST     74           200 PM
 AVERAGE    87

..........................................................


THE ST SIMONS ISLAND CLIMATE NORMALS FOR TODAY
                         NORMAL    RECORD    YEAR
 MAXIMUM TEMPERATURE (F)   79        93      1981
 MINIMUM TEMPERATURE (F)   62        50      1999


SUNRISE AND SUNSET
MAY  1 2016...........SUNRISE   641 AM EDT   SUNSET   805 PM EDT
MAY  2 2016...........SUNRISE   640 AM EDT   SUNSET   806 PM EDT


-  INDICATES NEGATIVE NUMBERS.
R  INDICATES RECORD WAS SET OR TIED.
MM INDICATES DATA IS MISSING.
T  INDICATES TRACE AMOUNT.




$$
