000
CDUS42 KJAX 012227
CLISSI


CLIMATE REPORT
NATIONAL WEATHER SERVICE JACKSONVILLE FL
526 PM EST SUN MAR 1 2015


...................................

...THE ST SIMONS ISLAND CLIMATE SUMMARY FOR MARCH 1 2015...
VALID TODAY AS OF 0500 PM LOCAL TIME.

CLIMATE NORMAL PERIOD 1981 TO 2010
CLIMATE RECORD PERIOD 1948 TO 2015


WEATHER ITEM   OBSERVED TIME   RECORD YEAR NORMAL DEPARTURE LAST
                VALUE   (LST)  VALUE       VALUE  FROM      YEAR
                                                  NORMAL
..................................................................
TEMPERATURE (F)
 TODAY
  MAXIMUM         56    338 PM  82    1971  66    -10       62
  MINIMUM         46    915 AM  29    1968  49     -3       48
  AVERAGE         51                        57     -6       55

PRECIPITATION (IN)
  TODAY            0.02          1.51 2003   0.14  -0.12     0.00
  MONTH TO DATE    0.02                      0.14  -0.12     0.00
  SINCE MAR 1      0.02                      0.14  -0.12     0.00
  SINCE JAN 1      5.74                      6.83  -1.09     6.48

SNOWFALL (IN)
  TODAY            0.0           0.0    MM                   0.0
  MONTH TO DATE    0.0                                       0.0
  SINCE MAR 1      0.0                                       0.0
  SINCE JUL 1      0.0                                        T

DEGREE DAYS
 HEATING
  TODAY           14                         8      6       10
  MONTH TO DATE   14                         8      6       10
  SINCE MAR 1     14                         8      6       10
  SINCE JUL 1   1394                      1259    135     1238

 COOLING
  TODAY            0                         0      0        0
  MONTH TO DATE    0                         0      0        0
  SINCE MAR 1      0                         0      0        0
  SINCE JAN 1      6                         9     -3        8
..................................................................


WIND (MPH)
  HIGHEST WIND SPEED    22   HIGHEST WIND DIRECTION     N (20)
  HIGHEST GUST SPEED    29   HIGHEST GUST DIRECTION     N (20)
  AVERAGE WIND SPEED    10.7


SKY COVER
  POSSIBLE SUNSHINE  MM
  AVERAGE SKY COVER 1.0


WEATHER CONDITIONS
 THE FOLLOWING WEATHER WAS RECORDED TODAY.
  LIGHT RAIN
  FOG


RELATIVE HUMIDITY (PERCENT)
 HIGHEST   100          1000 AM
 LOWEST     83           200 PM
 AVERAGE    92

..........................................................


THE ST SIMONS ISLAND CLIMATE NORMALS FOR TOMORROW
                         NORMAL    RECORD    YEAR
 MAXIMUM TEMPERATURE (F)   66        84      1971
 MINIMUM TEMPERATURE (F)   49        27      1980


SUNRISE AND SUNSET
MARCH  1 2015.........SUNRISE   653 AM EST   SUNSET   624 PM EST
MARCH  2 2015.........SUNRISE   651 AM EST   SUNSET   624 PM EST


-  INDICATES NEGATIVE NUMBERS.
R  INDICATES RECORD WAS SET OR TIED.
MM INDICATES DATA IS MISSING.
T  INDICATES TRACE AMOUNT.




$$
