000
CDUS43 KMPX 190759
CLISTC


CLIMATE REPORT
NATIONAL WEATHER SERVICE CHANHASSEN MN
258 AM CDT FRI SEP 19 2014


...................................

...THE ST CLOUD MN CLIMATE SUMMARY FOR SEPTEMBER 18 2014...

CLIMATE NORMAL PERIOD 1981 TO 2010
CLIMATE RECORD PERIOD 1893 TO 2014


WEATHER ITEM   OBSERVED TIME   RECORD YEAR NORMAL DEPARTURE LAST
                VALUE   (LST)  VALUE       VALUE  FROM      YEAR
                                                  NORMAL
..................................................................
TEMPERATURE (F)
 YESTERDAY
  MAXIMUM         75    421 PM  88    2000  69      6       73
                                      1998
                                      1984
  MINIMUM         47    614 AM  29    1993  46      1       58
  AVERAGE         61                        58      3       66

PRECIPITATION (IN)
  YESTERDAY        0.00          1.84 1963   0.11  -0.11     0.04
  MONTH TO DATE    3.73                      2.22   1.51     1.43
  SINCE SEP 1      3.73                      2.22   1.51     1.43
  SINCE JAN 1     33.10                     21.80  11.30    21.76

SNOWFALL (IN)
  YESTERDAY        0.0           T    1954   0.0    0.0      0.0
  MONTH TO DATE    0.0                       0.0    0.0      0.0
  SINCE SEP 1      0.0                       0.0    0.0      0.0
  SINCE JUL 1      0.0                       0.0    0.0      0.0
  SNOW DEPTH       0

DEGREE DAYS
 HEATING
  YESTERDAY        4                         8     -4        0
  MONTH TO DATE  111                       100     11       74
  SINCE SEP 1    111                       100     11       74
  SINCE JUL 1    120                       158    -38      123

 COOLING
  YESTERDAY        0                         1     -1        1
  MONTH TO DATE   20                        28     -8       61
  SINCE SEP 1     20                        28     -8       61
  SINCE JAN 1    574                       457    117      565
..................................................................


WIND (MPH)
  HIGHEST WIND SPEED    16   HIGHEST WIND DIRECTION    SE (150)
  HIGHEST GUST SPEED    20   HIGHEST GUST DIRECTION    SE (150)
  AVERAGE WIND SPEED     8.0


SKY COVER
  POSSIBLE SUNSHINE  MM
  AVERAGE SKY COVER 0.5


WEATHER CONDITIONS
 THE FOLLOWING WEATHER WAS RECORDED YESTERDAY.
  FOG


RELATIVE HUMIDITY (PERCENT)
 HIGHEST    93           600 AM
 LOWEST     50           400 PM
 AVERAGE    72

..........................................................


THE ST CLOUD MN CLIMATE NORMALS FOR TODAY
                         NORMAL    RECORD    YEAR
 MAXIMUM TEMPERATURE (F)   69        94      1984
                                             1895
 MINIMUM TEMPERATURE (F)   45        28      1991


SUNRISE AND SUNSET
SEPTEMBER 19 2014.....SUNRISE   700 AM CDT   SUNSET   720 PM CDT
SEPTEMBER 20 2014.....SUNRISE   701 AM CDT   SUNSET   718 PM CDT


-  INDICATES NEGATIVE NUMBERS.
R  INDICATES RECORD WAS SET OR TIED.
MM INDICATES DATA IS MISSING.
T  INDICATES TRACE AMOUNT.




$$
