657
CDUS43 KMPX 130624
CLISTC


CLIMATE REPORT
NATIONAL WEATHER SERVICE CHANHASSEN MN
1222 AM CST SAT FEB 13 2016


...................................

...THE ST CLOUD MN CLIMATE SUMMARY FOR FEBRUARY 12 2016...

CLIMATE NORMAL PERIOD 1981 TO 2010
CLIMATE RECORD PERIOD 1893 TO 2016


WEATHER ITEM   OBSERVED TIME   RECORD YEAR NORMAL DEPARTURE LAST
                VALUE   (LST)  VALUE       VALUE  FROM      YEAR
                                                  NORMAL
..................................................................
TEMPERATURE (F)
 YESTERDAY
  MAXIMUM         13   1251 AM  52    1990  26    -13        8
  MINIMUM         -6   1159 PM -27    1988   6    -12       -8
  AVERAGE          4                        16    -12        0

PRECIPITATION (IN)
  YESTERDAY        T             0.38 1946   0.02  -0.02      T
  MONTH TO DATE    0.26                      0.21   0.05     0.26
  SINCE DEC 1      1.59                      1.68  -0.09     1.25
  SINCE JAN 1      0.57                      0.86  -0.29     0.50

SNOWFALL (IN)
  YESTERDAY        T             6.0  1946   0.2   -0.2       T
  MONTH TO DATE    6.5                       2.7    3.8      2.7
  SINCE DEC 1     19.3                      20.7   -1.4      7.7
  SINCE JUL 1     25.0                      29.9   -4.9     25.3
  SNOW DEPTH       5

DEGREE DAYS
 HEATING
  YESTERDAY       61                        49     12       65
  MONTH TO DATE  595                       608    -13      611
  SINCE DEC 1   3358                      3785   -427     3368
  SINCE JUL 1   4817                      5710   -893     5300

 COOLING
  YESTERDAY        0                         0      0        0
  MONTH TO DATE    0                         0      0        0
  SINCE DEC 1      0                         0      0        0
  SINCE JAN 1      0                         0      0        0
..................................................................


WIND (MPH)
  HIGHEST WIND SPEED    21   HIGHEST WIND DIRECTION    NW (310)
  HIGHEST GUST SPEED    30   HIGHEST GUST DIRECTION     N (340)
  AVERAGE WIND SPEED    13.2


SKY COVER
  POSSIBLE SUNSHINE  MM
  AVERAGE SKY COVER 0.1


WEATHER CONDITIONS
 THE FOLLOWING WEATHER WAS RECORDED YESTERDAY.
  LIGHT SNOW


RELATIVE HUMIDITY (PERCENT)
 HIGHEST    87           200 AM
 LOWEST     41           400 PM
 AVERAGE    64

..........................................................


THE ST CLOUD MN CLIMATE NORMALS FOR TODAY
                         NORMAL    RECORD    YEAR
 MAXIMUM TEMPERATURE (F)   26        47      2011
 MINIMUM TEMPERATURE (F)    6       -26      1936
                                             1905


SUNRISE AND SUNSET
FEBRUARY 13 2016......SUNRISE   722 AM CST   SUNSET   540 PM CST
FEBRUARY 14 2016......SUNRISE   720 AM CST   SUNSET   541 PM CST


-  INDICATES NEGATIVE NUMBERS.
R  INDICATES RECORD WAS SET OR TIED.
MM INDICATES DATA IS MISSING.
T  INDICATES TRACE AMOUNT.




$$
