000
CDUS43 KMPX 040036
CLISTC


CLIMATE REPORT
NATIONAL WEATHER SERVICE CHANHASSEN MN
736 PM CDT FRI JUL 3 2015


...................................

...THE ST CLOUD MN CLIMATE SUMMARY FOR JULY 3 2015...
VALID TODAY AS OF 0700 PM LOCAL TIME.

CLIMATE NORMAL PERIOD 1981 TO 2010
CLIMATE RECORD PERIOD 1893 TO 2015


WEATHER ITEM   OBSERVED TIME   RECORD YEAR NORMAL DEPARTURE LAST
                VALUE   (LST)  VALUE       VALUE  FROM      YEAR
                                                  NORMAL
..................................................................
TEMPERATURE (F)
 TODAY
  MAXIMUM         81    400 PM 102    1949  82     -1       80
  MINIMUM         50    508 AM  45    1972  58     -8       54
                                      1967
                                      1915
  AVERAGE         66                        70     -4       67

PRECIPITATION (IN)
  TODAY            0.00          2.40 1905   0.12  -0.12     0.00
  MONTH TO DATE    0.00                      0.35  -0.35     0.01
  SINCE JUN 1      4.66                      4.52   0.14     6.19
  SINCE JAN 1     13.33                     12.83   0.50    22.54

SNOWFALL (IN)
  TODAY            0.0           0.0    MM   0.0    0.0      0.0
  MONTH TO DATE    0.0                       0.0    0.0      0.0
  SINCE JUN 1      0.0                       0.0    0.0      0.0
  SINCE JUL 1      0.0                       0.0    0.0      0.0
  SNOW DEPTH       0

DEGREE DAYS
 HEATING
  TODAY            0                         1     -1        0
  MONTH TO DATE    2                         3     -1        0
  SINCE JUN 1     30                        81    -51       26
  SINCE JUL 1      2                         3     -1        0

 COOLING
  TODAY            1                         6     -5        2
  MONTH TO DATE    1                        17    -16        4
  SINCE JUN 1     73                       112    -39      137
  SINCE JAN 1     78                       137    -59      181
..................................................................


WIND (MPH)
  HIGHEST WIND SPEED    14   HIGHEST WIND DIRECTION    SW (230)
  HIGHEST GUST SPEED    18   HIGHEST GUST DIRECTION    SW (220)
  AVERAGE WIND SPEED     5.0


SKY COVER
  POSSIBLE SUNSHINE  MM
  AVERAGE SKY COVER 0.3


WEATHER CONDITIONS
 THE FOLLOWING WEATHER WAS RECORDED TODAY.
  FOG
  HAZE


RELATIVE HUMIDITY (PERCENT)
 HIGHEST    96           300 AM
 LOWEST     54          1200 PM
 AVERAGE    75

..........................................................


THE ST CLOUD MN CLIMATE NORMALS FOR TOMORROW
                         NORMAL    RECORD    YEAR
 MAXIMUM TEMPERATURE (F)   82        97      2012
 MINIMUM TEMPERATURE (F)   58        43      1972


SUNRISE AND SUNSET
JULY  3 2015..........SUNRISE   532 AM CDT   SUNSET   908 PM CDT
JULY  4 2015..........SUNRISE   533 AM CDT   SUNSET   908 PM CDT


-  INDICATES NEGATIVE NUMBERS.
R  INDICATES RECORD WAS SET OR TIED.
MM INDICATES DATA IS MISSING.
T  INDICATES TRACE AMOUNT.




$$
