000
CDUS43 KEAX 270643
CLISTJ


CLIMATE REPORT
NATIONAL WEATHER SERVICE KANSAS CITY/PLEASANT HILL MO
1243 AM CST THU NOV 27 2014


...................................

...THE ST. JOSEPH MO CLIMATE SUMMARY FOR NOVEMBER 26 2014...

CLIMATE NORMAL PERIOD 1981 TO 2010
CLIMATE RECORD PERIOD 1892 TO 2014


WEATHER ITEM   OBSERVED TIME   RECORD YEAR NORMAL DEPARTURE LAST
                VALUE   (LST)  VALUE       VALUE  FROM      YEAR
                                                  NORMAL
..................................................................
TEMPERATURE (F)
 YESTERDAY
  MAXIMUM         40   1111 AM  77    1990  47     -7       38
  MINIMUM         26   1159 PM  10    1977  26      0       18
  AVERAGE         33                        37     -4       28

PRECIPITATION (IN)
  YESTERDAY        0.01          1.21 1935   0.04  -0.03     0.00
  MONTH TO DATE    0.24                      1.39  -1.15     1.93
  SINCE SEP 1      8.40                      7.62   0.78    11.15
  SINCE JAN 1     30.95                     33.92  -2.97    30.82

DEGREE DAYS
 HEATING
  YESTERDAY       32                        28      4       37
  MONTH TO DATE  773                       575    198      626
  SINCE SEP 1   1130                       989    141     1029
  SINCE JUL 1   1136                       994    142     1031

 COOLING
  YESTERDAY        0                         0      0        0
  MONTH TO DATE    0                         0      0        0
  SINCE SEP 1    133                       143    -10      215
  SINCE JAN 1   1182                      1220    -38     1285
..................................................................


WIND (MPH)
  HIGHEST WIND SPEED    32   HIGHEST WIND DIRECTION    NW (320)
  HIGHEST GUST SPEED    41   HIGHEST GUST DIRECTION    NW (300)
  AVERAGE WIND SPEED    18.5


SKY COVER
  POSSIBLE SUNSHINE  MM
  AVERAGE SKY COVER 1.0


WEATHER CONDITIONS
 THE FOLLOWING WEATHER WAS RECORDED YESTERDAY.
  LIGHT RAIN
  LIGHT SNOW


RELATIVE HUMIDITY (PERCENT)
 HIGHEST    89           400 AM
 LOWEST     50          1200 AM
 AVERAGE    70

..........................................................


THE ST. JOSEPH MO CLIMATE NORMALS FOR TODAY
                         NORMAL    RECORD    YEAR
 MAXIMUM TEMPERATURE (F)   47        72      1990
 MINIMUM TEMPERATURE (F)   26        10      2012
                                             1976


SUNRISE AND SUNSET
NOVEMBER 27 2014......SUNRISE   718 AM CST   SUNSET   457 PM CST
NOVEMBER 28 2014......SUNRISE   719 AM CST   SUNSET   456 PM CST


-  INDICATES NEGATIVE NUMBERS.
R  INDICATES RECORD WAS SET OR TIED.
MM INDICATES DATA IS MISSING.
T  INDICATES TRACE AMOUNT.




$$
