741
CDUS43 KEAX 090648
CLISTJ


CLIMATE REPORT
NATIONAL WEATHER SERVICE KANSAS CITY/PLEASANT HILL MO
1247 AM CST TUE FEB 9 2016


...................................

...THE ST. JOSEPH MO CLIMATE SUMMARY FOR FEBRUARY 8 2016...

CLIMATE NORMAL PERIOD 1981 TO 2010
CLIMATE RECORD PERIOD 1892 TO 2016


WEATHER ITEM   OBSERVED TIME   RECORD YEAR NORMAL DEPARTURE LAST
                VALUE   (LST)  VALUE       VALUE  FROM      YEAR
                                                  NORMAL
..................................................................
TEMPERATURE (F)
 YESTERDAY
  MAXIMUM         36   1216 AM  68    1938  40     -4       55
  MINIMUM         23   1135 PM -19    1971  20      3       32
  AVERAGE         30                        30      0       44

PRECIPITATION (IN)
  YESTERDAY        T             0.57 2001   0.03  -0.03      T
  MONTH TO DATE    0.32                      0.23   0.09     0.25
  SINCE DEC 1      3.16                      2.31   0.85     2.36
  SINCE JAN 1      0.91                      0.79   0.12     1.40

DEGREE DAYS
 HEATING
  YESTERDAY       35                        35      0       21
  MONTH TO DATE  247                       284    -37      322
  SINCE DEC 1   2236                      2556   -320     2413
  SINCE JUL 1   3072                      3667   -595     3659

 COOLING
  YESTERDAY        0                         0      0        0
  MONTH TO DATE    0                         0      0        0
  SINCE DEC 1      0                         0      0        0
  SINCE JAN 1      0                         0      0        0
..................................................................


WIND (MPH)
  HIGHEST WIND SPEED    43   HIGHEST WIND DIRECTION     N (340)
  HIGHEST GUST SPEED    53   HIGHEST GUST DIRECTION    NW (310)
  AVERAGE WIND SPEED    20.4


SKY COVER
  POSSIBLE SUNSHINE  MM
  AVERAGE SKY COVER 0.8


WEATHER CONDITIONS
 THE FOLLOWING WEATHER WAS RECORDED YESTERDAY.
  LIGHT SNOW


RELATIVE HUMIDITY (PERCENT)
 HIGHEST    69          1000 AM
 LOWEST     51           500 AM
 AVERAGE    60

..........................................................


THE ST. JOSEPH MO CLIMATE NORMALS FOR TODAY
                         NORMAL    RECORD    YEAR
 MAXIMUM TEMPERATURE (F)   41        64      1932
 MINIMUM TEMPERATURE (F)   20       -21      1979


SUNRISE AND SUNSET
FEBRUARY  9 2016......SUNRISE   720 AM CST   SUNSET   548 PM CST
FEBRUARY 10 2016......SUNRISE   719 AM CST   SUNSET   550 PM CST


-  INDICATES NEGATIVE NUMBERS.
R  INDICATES RECORD WAS SET OR TIED.
MM INDICATES DATA IS MISSING.
T  INDICATES TRACE AMOUNT.




$$
