000
CDUS43 KEAX 300640
CLISTJ


CLIMATE REPORT
NATIONAL WEATHER SERVICE KANSAS CITY/PLEASANT HILL MO
1240 AM CST FRI JAN 30 2015


...................................

...THE ST. JOSEPH MO CLIMATE SUMMARY FOR JANUARY 29 2015...

CLIMATE NORMAL PERIOD 1981 TO 2010
CLIMATE RECORD PERIOD 1892 TO 2015


WEATHER ITEM   OBSERVED TIME   RECORD YEAR NORMAL DEPARTURE LAST
                VALUE   (LST)  VALUE       VALUE  FROM      YEAR
                                                  NORMAL
..................................................................
TEMPERATURE (F)
 YESTERDAY
  MAXIMUM         48   1204 AM  68    2013  39      9       44
  MINIMUM         17   1141 PM -13    1966  18     -1        3
  AVERAGE         33                        28      5       24

PRECIPITATION (IN)
  YESTERDAY        0.00          1.18 1909   0.02  -0.02     0.00
  MONTH TO DATE    0.05                      0.51  -0.46     0.01
  SINCE DEC 1      1.01                      2.03  -1.02     0.38
  SINCE JAN 1      0.05                      0.51  -0.46     0.01

DEGREE DAYS
 HEATING
  YESTERDAY       32                        37     -5       41
  MONTH TO DATE 1054                      1096    -42     1238
  SINCE DEC 1   2020                      2198   -178     2497
  SINCE JUL 1   3266                      3309    -43     3666

 COOLING
  YESTERDAY        0                         0      0        0
  MONTH TO DATE    0                         0      0        0
  SINCE DEC 1      0                         0      0        0
  SINCE JAN 1      0                         0      0        0
..................................................................


WIND (MPH)
  HIGHEST WIND SPEED    38   HIGHEST WIND DIRECTION     N (340)
  HIGHEST GUST SPEED    44   HIGHEST GUST DIRECTION    NW (330)
  AVERAGE WIND SPEED    17.3


SKY COVER
  POSSIBLE SUNSHINE  MM
  AVERAGE SKY COVER 0.7


WEATHER CONDITIONS
 THE FOLLOWING WEATHER WAS RECORDED YESTERDAY.
  NO SIGNIFICANT WEATHER WAS OBSERVED.


RELATIVE HUMIDITY (PERCENT)
 HIGHEST    84          1100 PM
 LOWEST     51           300 PM
 AVERAGE    68

..........................................................


THE ST. JOSEPH MO CLIMATE NORMALS FOR TODAY
                         NORMAL    RECORD    YEAR
 MAXIMUM TEMPERATURE (F)   39        64      2012
 MINIMUM TEMPERATURE (F)   19        -9      1990


SUNRISE AND SUNSET
JANUARY 30 2015.......SUNRISE   730 AM CST   SUNSET   537 PM CST
JANUARY 31 2015.......SUNRISE   729 AM CST   SUNSET   538 PM CST


-  INDICATES NEGATIVE NUMBERS.
R  INDICATES RECORD WAS SET OR TIED.
MM INDICATES DATA IS MISSING.
T  INDICATES TRACE AMOUNT.




$$
