000
CDUS43 KEAX 190637
CLISTJ


CLIMATE REPORT
NATIONAL WEATHER SERVICE KANSAS CITY/PLEASANT HILL MO
133 AM CDT THU OCT 19 2017


...................................

...THE ST. JOSEPH MO CLIMATE SUMMARY FOR OCTOBER 18 2017...

CLIMATE NORMAL PERIOD 1981 TO 2010
CLIMATE RECORD PERIOD 1892 TO 2017


WEATHER ITEM   OBSERVED TIME   RECORD YEAR NORMAL DEPARTURE LAST
                VALUE   (LST)  VALUE       VALUE  FROM      YEAR
                                                  NORMAL
..................................................................
TEMPERATURE (F)
 YESTERDAY
  MAXIMUM         76    322 PM  88    1945  66     10       76
  MINIMUM         47   1159 PM  27    1999  42      5       49
  AVERAGE         62                        54      8       63

PRECIPITATION (IN)
  YESTERDAY        0.00          1.49 1979   0.09  -0.09     0.00
  MONTH TO DATE    2.19                      1.68   0.51     1.47
  SINCE SEP 1      3.22                      5.10  -1.88    10.13
  SINCE JAN 1     23.47                     31.40  -7.93    40.25

DEGREE DAYS
 HEATING
  YESTERDAY        3                        11     -8        2
  MONTH TO DATE   85                       158    -73       87
  SINCE SEP 1    108                       233   -125      112
  SINCE JUL 1    114                       238   -124      114

 COOLING
  YESTERDAY        0                         0      0        0
  MONTH TO DATE   37                        18     19       34
  SINCE SEP 1    227                       140     87      256
  SINCE JAN 1   1271                      1217     54     1528
..................................................................


WIND (MPH)
  HIGHEST WIND SPEED    20   HIGHEST WIND DIRECTION     S (200)
  HIGHEST GUST SPEED    26   HIGHEST GUST DIRECTION     S (200)
  AVERAGE WIND SPEED     7.6


SKY COVER
  POSSIBLE SUNSHINE  MM
  AVERAGE SKY COVER 0.0


WEATHER CONDITIONS
 THE FOLLOWING WEATHER WAS RECORDED YESTERDAY.
  NO SIGNIFICANT WEATHER WAS OBSERVED.


RELATIVE HUMIDITY (PERCENT)
 HIGHEST   100           800 PM
 LOWEST     38           300 PM
 AVERAGE    69

..........................................................


THE ST. JOSEPH MO CLIMATE NORMALS FOR TODAY
                         NORMAL    RECORD    YEAR
 MAXIMUM TEMPERATURE (F)   66        90      1963
 MINIMUM TEMPERATURE (F)   42        18      1972


SUNRISE AND SUNSET
OCTOBER 19 2017.......SUNRISE   734 AM CDT   SUNSET   634 PM CDT
OCTOBER 20 2017.......SUNRISE   735 AM CDT   SUNSET   633 PM CDT


-  INDICATES NEGATIVE NUMBERS.
R  INDICATES RECORD WAS SET OR TIED.
MM INDICATES DATA IS MISSING.
T  INDICATES TRACE AMOUNT.




$$
