000
CDUS43 KEAX 162123
CLISTJ


CLIMATE REPORT
NATIONAL WEATHER SERVICE KANSAS CITY/PLEASANT HILL MO
422 PM CDT WED AUG 16 2017


...................................

...THE ST. JOSEPH MO CLIMATE SUMMARY FOR AUGUST 16 2017...
VALID AS OF 0400 PM LOCAL TIME.

CLIMATE NORMAL PERIOD 1981 TO 2010
CLIMATE RECORD PERIOD 1892 TO 2017


WEATHER ITEM   OBSERVED TIME   RECORD YEAR NORMAL DEPARTURE LAST
                VALUE   (LST)  VALUE       VALUE  FROM      YEAR
                                                  NORMAL
..................................................................
TEMPERATURE (F)
 TODAY
  MAXIMUM         85    221 PM 105    1936  87     -2       87
  MINIMUM         73    723 AM  52    2012  65      8       62
                                      1992
  AVERAGE         79                        76      3       75

PRECIPITATION (IN)
  TODAY            0.25          2.23 1990   0.13   0.12     0.00
  MONTH TO DATE    0.52                      1.89  -1.37     1.58
  SINCE JUN 1      5.01                     11.26  -6.25    10.83
  SINCE JAN 1     17.09                     24.21  -7.12    24.96

DEGREE DAYS
 HEATING
  TODAY            0                         0      0        0
  MONTH TO DATE    6                         0      6        0
  SINCE JUN 1     10                         9      1        2
  SINCE JUL 1      6                         1      5        2

 COOLING
  TODAY           14                        11      3       10
  MONTH TO DATE   95                       186    -91      204
  SINCE JUN 1    836                       827      9     1046
  SINCE JAN 1    955                       940     15     1129
..................................................................


WIND (MPH)
  HIGHEST WIND SPEED    17   HIGHEST WIND DIRECTION     W (270)
  HIGHEST GUST SPEED    22   HIGHEST GUST DIRECTION     W (280)
  AVERAGE WIND SPEED     9.3


SKY COVER
  AVERAGE SKY COVER 0.6


WEATHER CONDITIONS
 THE FOLLOWING WEATHER WAS RECORDED TODAY.
  THUNDERSTORM
  HEAVY RAIN
  RAIN
  LIGHT RAIN
  FOG


RELATIVE HUMIDITY (PERCENT)
 HIGHEST    94           600 AM
 LOWEST     65           200 PM
 AVERAGE    80

..........................................................


THE ST. JOSEPH MO CLIMATE NORMALS FOR TOMORROW
                         NORMAL    RECORD    YEAR
 MAXIMUM TEMPERATURE (F)   87       108      1936
 MINIMUM TEMPERATURE (F)   65        44      2012


SUNRISE AND SUNSET
AUGUST 16 2017........SUNRISE   633 AM CDT   SUNSET   814 PM CDT
AUGUST 17 2017........SUNRISE   634 AM CDT   SUNSET   813 PM CDT


-  INDICATES NEGATIVE NUMBERS.
R  INDICATES RECORD WAS SET OR TIED.
MM INDICATES DATA IS MISSING.
T  INDICATES TRACE AMOUNT.




$$
