000
CDUS43 KEAX 221236
CLISTJ


CLIMATE REPORT
NATIONAL WEATHER SERVICE KANSAS CITY/PLEASANT HILL MO
735 AM CDT TUE JUL 22 2014


...................................

...THE ST. JOSEPH MO CLIMATE SUMMARY FOR JULY 22 2014...
VALID AS OF 0700 AM LOCAL TIME.

CLIMATE NORMAL PERIOD 1981 TO 2010
CLIMATE RECORD PERIOD 1892 TO 2014


WEATHER ITEM   OBSERVED TIME   RECORD YEAR NORMAL DEPARTURE LAST
                VALUE   (LST)  VALUE       VALUE  FROM      YEAR
                                                  NORMAL
..................................................................
TEMPERATURE (F)
 TODAY
  MAXIMUM         81   1237 AM 103    1934  87     -6       94
  MINIMUM         77    559 AM  53    1988  67     10       66
  AVERAGE         79                        77      2       80

PRECIPITATION (IN)
  TODAY            0.00          1.05 1961   0.18  -0.18     0.00
  MONTH TO DATE    4.41                      3.58   0.83     0.19
  SINCE JUN 1     12.32                      7.76   4.56     2.28
  SINCE JAN 1     20.09                     20.71  -0.62    16.33

DEGREE DAYS
 HEATING
  TODAY            0                         0      0        0
  MONTH TO DATE    6                         0      6        0
  SINCE JUN 1      7                         8     -1       15
  SINCE JUL 1      6                         0      6        0

 COOLING
  TODAY           14                        12      2       15
  MONTH TO DATE  176                       262    -86      295
  SINCE JUN 1    455                       529    -74      570
  SINCE JAN 1    616                       642    -26      696
..................................................................


WIND (MPH)
  HIGHEST WIND SPEED    13   HIGHEST WIND DIRECTION     S (200)
  HIGHEST GUST SPEED    18   HIGHEST GUST DIRECTION     S (200)
  AVERAGE WIND SPEED     9.0


SKY COVER
  AVERAGE SKY COVER 0.0


WEATHER CONDITIONS
 THE FOLLOWING WEATHER WAS RECORDED TODAY.
  FOG


RELATIVE HUMIDITY (PERCENT)
 HIGHEST    94           500 AM
 LOWEST     74          1200 AM
 AVERAGE    84

..........................................................


THE ST. JOSEPH MO CLIMATE NORMALS FOR TOMORROW
                         NORMAL    RECORD    YEAR
 MAXIMUM TEMPERATURE (F)   87       103      1941
 MINIMUM TEMPERATURE (F)   67        53      2003


SUNRISE AND SUNSET
JULY 22 2014..........SUNRISE   610 AM CDT   SUNSET   842 PM CDT
JULY 23 2014..........SUNRISE   611 AM CDT   SUNSET   841 PM CDT


-  INDICATES NEGATIVE NUMBERS.
R  INDICATES RECORD WAS SET OR TIED.
MM INDICATES DATA IS MISSING.
T  INDICATES TRACE AMOUNT.




$$
