000
CDUS43 KEAX 030633
CLISTJ


CLIMATE REPORT
NATIONAL WEATHER SERVICE KANSAS CITY/PLEASANT HILL MO
132 AM CDT THU SEP 3 2015


...................................

...THE ST. JOSEPH MO CLIMATE SUMMARY FOR SEPTEMBER 2 2015...

CLIMATE NORMAL PERIOD 1981 TO 2010
CLIMATE RECORD PERIOD 1892 TO 2015


WEATHER ITEM   OBSERVED TIME   RECORD YEAR NORMAL DEPARTURE LAST
                VALUE   (LST)  VALUE       VALUE  FROM      YEAR
                                                  NORMAL
..................................................................
TEMPERATURE (F)
 YESTERDAY
  MAXIMUM         88    416 PM 100    1913  84      4       85
  MINIMUM         71    939 AM  45    1981  60     11       59
  AVERAGE         80                        72      8       72

PRECIPITATION (IN)
  YESTERDAY        0.46          2.55 1918   0.16   0.30     0.00
  MONTH TO DATE    0.46                      0.32   0.14     0.15
  SINCE SEP 1      0.46                      0.32   0.14     0.15
  SINCE JAN 1     29.06                     26.62   2.44    22.70

DEGREE DAYS
 HEATING
  YESTERDAY        0                         0      0        0
  MONTH TO DATE    0                         0      0        0
  SINCE SEP 1      0                         0      0        0
  SINCE JUL 1      4                         5     -1        6

 COOLING
  YESTERDAY       15                         7      8        7
  MONTH TO DATE   31                        14     17       15
  SINCE SEP 1     31                        14     17       15
  SINCE JAN 1   1058                      1091    -33     1064
..................................................................


WIND (MPH)
  HIGHEST WIND SPEED    20   HIGHEST WIND DIRECTION     S (190)
  HIGHEST GUST SPEED    26   HIGHEST GUST DIRECTION     S (190)
  AVERAGE WIND SPEED     9.5


SKY COVER
  POSSIBLE SUNSHINE  MM
  AVERAGE SKY COVER 0.3


WEATHER CONDITIONS
 THE FOLLOWING WEATHER WAS RECORDED YESTERDAY.
  THUNDERSTORM
  HEAVY RAIN
  RAIN
  LIGHT RAIN
  FOG


RELATIVE HUMIDITY (PERCENT)
 HIGHEST    93           800 AM
 LOWEST     55           500 PM
 AVERAGE    74

..........................................................


THE ST. JOSEPH MO CLIMATE NORMALS FOR TODAY
                         NORMAL    RECORD    YEAR
 MAXIMUM TEMPERATURE (F)   83       107      1947
 MINIMUM TEMPERATURE (F)   59        36      1974


SUNRISE AND SUNSET
SEPTEMBER  3 2015.....SUNRISE   649 AM CDT   SUNSET   748 PM CDT
SEPTEMBER  4 2015.....SUNRISE   650 AM CDT   SUNSET   746 PM CDT


-  INDICATES NEGATIVE NUMBERS.
R  INDICATES RECORD WAS SET OR TIED.
MM INDICATES DATA IS MISSING.
T  INDICATES TRACE AMOUNT.




$$
