000
CDUS43 KEAX 250643
CLISTJ


CLIMATE REPORT
NATIONAL WEATHER SERVICE KANSAS CITY/PLEASANT HILL MO
141 AM CDT SAT MAR 25 2017


...................................

...THE ST. JOSEPH MO CLIMATE SUMMARY FOR MARCH 24 2017...

CLIMATE NORMAL PERIOD 1981 TO 2010
CLIMATE RECORD PERIOD 1892 TO 2017


WEATHER ITEM   OBSERVED TIME   RECORD YEAR NORMAL DEPARTURE LAST
                VALUE   (LST)  VALUE       VALUE  FROM      YEAR
                                                  NORMAL
..................................................................
TEMPERATURE (F)
 YESTERDAY
  MAXIMUM         69   1221 AM  86    1967  58     11       47
  MINIMUM         49   1159 PM   9    1965  35     14       27
  AVERAGE         59                        46     13       37

PRECIPITATION (IN)
  YESTERDAY        0.40          3.64 1920   0.08   0.32     0.01
  MONTH TO DATE    0.46                      1.62  -1.16     0.76
  SINCE MAR 1      0.46                      1.62  -1.16     0.76
  SINCE JAN 1      1.48                      3.11  -1.63     1.67

DEGREE DAYS
 HEATING
  YESTERDAY        6                        19    -13       28
  MONTH TO DATE  455                       565   -110      392
  SINCE MAR 1    455                       565   -110      392
  SINCE JUL 1   3752                      4873  -1121     4010

 COOLING
  YESTERDAY        0                         0      0        0
  MONTH TO DATE    4                         0      4        1
  SINCE MAR 1      4                         0      4        1
  SINCE JAN 1      4                         0      4        1
..................................................................


WIND (MPH)
  HIGHEST WIND SPEED    25   HIGHEST WIND DIRECTION     N (360)
  HIGHEST GUST SPEED    30   HIGHEST GUST DIRECTION     S (200)
  AVERAGE WIND SPEED     9.6


SKY COVER
  POSSIBLE SUNSHINE  MM
  AVERAGE SKY COVER 0.7


WEATHER CONDITIONS
 THE FOLLOWING WEATHER WAS RECORDED YESTERDAY.
  THUNDERSTORM
  HEAVY RAIN
  RAIN
  LIGHT RAIN
  FOG


RELATIVE HUMIDITY (PERCENT)
 HIGHEST   100           600 PM
 LOWEST     45           700 AM
 AVERAGE    73

..........................................................


THE ST. JOSEPH MO CLIMATE NORMALS FOR TODAY
                         NORMAL    RECORD    YEAR
 MAXIMUM TEMPERATURE (F)   59        83      1991
 MINIMUM TEMPERATURE (F)   35         7      1955


SUNRISE AND SUNSET
MARCH 25 2017.........SUNRISE   715 AM CDT   SUNSET   737 PM CDT
MARCH 26 2017.........SUNRISE   713 AM CDT   SUNSET   738 PM CDT


-  INDICATES NEGATIVE NUMBERS.
R  INDICATES RECORD WAS SET OR TIED.
MM INDICATES DATA IS MISSING.
T  INDICATES TRACE AMOUNT.




$$
