000
CDUS43 KEAX 040636
CLISTJ


CLIMATE REPORT
NATIONAL WEATHER SERVICE KANSAS CITY/PLEASANT HILL MO
135 AM CDT TUE AUG 4 2015


...................................

...THE ST. JOSEPH MO CLIMATE SUMMARY FOR AUGUST 3 2015...

CLIMATE NORMAL PERIOD 1981 TO 2010
CLIMATE RECORD PERIOD 1892 TO 2015


WEATHER ITEM   OBSERVED TIME   RECORD YEAR NORMAL DEPARTURE LAST
                VALUE   (LST)  VALUE       VALUE  FROM      YEAR
                                                  NORMAL
..................................................................
TEMPERATURE (F)
 YESTERDAY
  MAXIMUM         84    433 PM 109    1918  87     -3       85
  MINIMUM         69    435 AM  53    1975  67      2       65
  AVERAGE         77                        77      0       75

PRECIPITATION (IN)
  YESTERDAY        T             2.10 1972   0.10  -0.10     0.62
  MONTH TO DATE    T                         0.29  -0.29     0.66
  SINCE JUN 1     12.69                      9.66   3.03    12.98
  SINCE JAN 1     28.38                     22.61   5.77    20.75

DEGREE DAYS
 HEATING
  YESTERDAY        0                         0      0        0
  MONTH TO DATE    0                         0      0        0
  SINCE JUN 1      1                         9     -8        7
  SINCE JUL 1      0                         1     -1        6

 COOLING
  YESTERDAY       12                        12      0       10
  MONTH TO DATE   42                        36      6       27
  SINCE JUN 1    741                       677     64      565
  SINCE JAN 1    809                       790     19      726
..................................................................


WIND (MPH)
  HIGHEST WIND SPEED    23   HIGHEST WIND DIRECTION    NE (40)
  HIGHEST GUST SPEED    29   HIGHEST GUST DIRECTION    NE (40)
  AVERAGE WIND SPEED     7.2


SKY COVER
  POSSIBLE SUNSHINE  MM
  AVERAGE SKY COVER 0.4


WEATHER CONDITIONS
 THE FOLLOWING WEATHER WAS RECORDED YESTERDAY.
  THUNDERSTORM
  LIGHT RAIN


RELATIVE HUMIDITY (PERCENT)
 HIGHEST    84           600 AM
 LOWEST     56           100 AM
 AVERAGE    70

..........................................................


THE ST. JOSEPH MO CLIMATE NORMALS FOR TODAY
                         NORMAL    RECORD    YEAR
 MAXIMUM TEMPERATURE (F)   87       107      1918
 MINIMUM TEMPERATURE (F)   67        51      1978


SUNRISE AND SUNSET
AUGUST  4 2015........SUNRISE   621 AM CDT   SUNSET   830 PM CDT
AUGUST  5 2015........SUNRISE   622 AM CDT   SUNSET   829 PM CDT


-  INDICATES NEGATIVE NUMBERS.
R  INDICATES RECORD WAS SET OR TIED.
MM INDICATES DATA IS MISSING.
T  INDICATES TRACE AMOUNT.




$$
