000
CDUS43 KEAX 170632
CLISTJ


CLIMATE REPORT
NATIONAL WEATHER SERVICE KANSAS CITY/PLEASANT HILL MO
1232 AM CST SUN DEC 17 2017


...................................

...THE ST. JOSEPH MO CLIMATE SUMMARY FOR DECEMBER 16 2017...

CLIMATE NORMAL PERIOD 1981 TO 2010
CLIMATE RECORD PERIOD 1892 TO 2017


WEATHER ITEM   OBSERVED TIME   RECORD YEAR NORMAL DEPARTURE LAST
                VALUE   (LST)  VALUE       VALUE  FROM      YEAR
                                                  NORMAL
..................................................................
TEMPERATURE (F)
 YESTERDAY
  MAXIMUM         57    332 PM  65    1977  39     18       30
  MINIMUM         31    846 PM -11    1989  19     12       23
  AVERAGE         44                        29     15       27

PRECIPITATION (IN)
  YESTERDAY        0.00          0.58 1981   0.06  -0.06      T
  MONTH TO DATE    T                         0.81  -0.81     0.59
  SINCE DEC 1      T                         0.81  -0.81     0.59
  SINCE JAN 1     25.86                     34.89  -9.03    41.57

DEGREE DAYS
 HEATING
  YESTERDAY       21                        36    -15       38
  MONTH TO DATE  445                       538    -93      610
  SINCE DEC 1    445                       538    -93      610
  SINCE JUL 1   1420                      1649   -229     1285

 COOLING
  YESTERDAY        0                         0      0        0
  MONTH TO DATE    0                         0      0        0
  SINCE DEC 1      0                         0      0        0
  SINCE JAN 1   1271                      1221     50     1547
..................................................................


WIND (MPH)
  HIGHEST WIND SPEED    17   HIGHEST WIND DIRECTION    SW (210)
  HIGHEST GUST SPEED    22   HIGHEST GUST DIRECTION    SW (220)
  AVERAGE WIND SPEED     7.8


SKY COVER
  POSSIBLE SUNSHINE  MM
  AVERAGE SKY COVER 0.0


WEATHER CONDITIONS
 THE FOLLOWING WEATHER WAS RECORDED YESTERDAY.
  NO SIGNIFICANT WEATHER WAS OBSERVED.


RELATIVE HUMIDITY (PERCENT)
 HIGHEST    75          1100 PM
 LOWEST     33           300 PM
 AVERAGE    54

..........................................................


THE ST. JOSEPH MO CLIMATE NORMALS FOR TODAY
                         NORMAL    RECORD    YEAR
 MAXIMUM TEMPERATURE (F)   38        68      1939
 MINIMUM TEMPERATURE (F)   19       -15      1981


SUNRISE AND SUNSET
DECEMBER 17 2017......SUNRISE   735 AM CST   SUNSET   457 PM CST
DECEMBER 18 2017......SUNRISE   736 AM CST   SUNSET   457 PM CST


-  INDICATES NEGATIVE NUMBERS.
R  INDICATES RECORD WAS SET OR TIED.
MM INDICATES DATA IS MISSING.
T  INDICATES TRACE AMOUNT.




$$
