000
CDUS43 KEAX 010633
CLISTJ


CLIMATE REPORT
NATIONAL WEATHER SERVICE KANSAS CITY/PLEASANT HILL MO
133 AM CDT WED JUN 1 2016


...................................

...THE ST. JOSEPH MO CLIMATE SUMMARY FOR MAY 31 2016...

CLIMATE NORMAL PERIOD 1981 TO 2010
CLIMATE RECORD PERIOD 1892 TO 2016


WEATHER ITEM   OBSERVED TIME   RECORD YEAR NORMAL DEPARTURE LAST
                VALUE   (LST)  VALUE       VALUE  FROM      YEAR
                                                  NORMAL
..................................................................
TEMPERATURE (F)
 YESTERDAY
  MAXIMUM         78    602 PM 101    1934  81     -3       71
  MINIMUM         62   1146 PM  44    1972  59      3       56
  AVERAGE         70                        70      0       64

PRECIPITATION (IN)
  YESTERDAY        0.00          2.49 2005   0.17  -0.17     0.00
  MONTH TO DATE    5.92                      5.42   0.50     9.76
  SINCE MAR 1     13.22                     11.46   1.76    13.94
  SINCE JAN 1     14.13                     12.95   1.18    15.69

DEGREE DAYS
 HEATING
  YESTERDAY        0                         1     -1        1
  MONTH TO DATE  126                       112     14       97
  SINCE MAR 1    901                      1142   -241      976
  SINCE JUL 1   4519                      5450   -931     5500

 COOLING
  YESTERDAY        5                         6     -1        0
  MONTH TO DATE   64                        92    -28       63
  SINCE MAR 1     83                       113    -30       68
  SINCE JAN 1     83                       113    -30       68
..................................................................


WIND (MPH)
  HIGHEST WIND SPEED    13   HIGHEST WIND DIRECTION     S (200)
  HIGHEST GUST SPEED    14   HIGHEST GUST DIRECTION     S (200)
  AVERAGE WIND SPEED     6.2


SKY COVER
  POSSIBLE SUNSHINE  MM
  AVERAGE SKY COVER 0.2


WEATHER CONDITIONS
 THE FOLLOWING WEATHER WAS RECORDED YESTERDAY.
  NO SIGNIFICANT WEATHER WAS OBSERVED.


RELATIVE HUMIDITY (PERCENT)
 HIGHEST    93           200 AM
 LOWEST     58           500 PM
 AVERAGE    76

..........................................................


THE ST. JOSEPH MO CLIMATE NORMALS FOR TODAY
                         NORMAL    RECORD    YEAR
 MAXIMUM TEMPERATURE (F)   81       100      1934
 MINIMUM TEMPERATURE (F)   59        41      1982


SUNRISE AND SUNSET
JUNE  1 2016..........SUNRISE   553 AM CDT   SUNSET   842 PM CDT
JUNE  2 2016..........SUNRISE   553 AM CDT   SUNSET   843 PM CDT


-  INDICATES NEGATIVE NUMBERS.
R  INDICATES RECORD WAS SET OR TIED.
MM INDICATES DATA IS MISSING.
T  INDICATES TRACE AMOUNT.




$$
