000
CDUS43 KEAX 230633
CLISTJ


CLIMATE REPORT
NATIONAL WEATHER SERVICE KANSAS CITY/PLEASANT HILL MO
132 AM CDT FRI JUN 23 2017


...................................

...THE ST. JOSEPH MO CLIMATE SUMMARY FOR JUNE 22 2017...

CLIMATE NORMAL PERIOD 1981 TO 2010
CLIMATE RECORD PERIOD 1892 TO 2017


WEATHER ITEM   OBSERVED TIME   RECORD YEAR NORMAL DEPARTURE LAST
                VALUE   (LST)  VALUE       VALUE  FROM      YEAR
                                                  NORMAL
..................................................................
TEMPERATURE (F)
 YESTERDAY
  MAXIMUM         90    331 PM 102    2016  85      5      102
  MINIMUM         72    553 AM  48    1972  65      7       77
  AVERAGE         81                        75      6       90

PRECIPITATION (IN)
  YESTERDAY        0.00          2.91 1986   0.12  -0.12     0.00
  MONTH TO DATE    1.12                      3.33  -2.21     0.37
  SINCE JUN 1      1.12                      3.33  -2.21     0.37
  SINCE JAN 1     13.20                     16.28  -3.08    14.50

DEGREE DAYS
 HEATING
  YESTERDAY        0                         0      0        0
  MONTH TO DATE    0                         6     -6        0
  SINCE JUN 1      0                         6     -6        0
  SINCE JUL 1   4260                      5456  -1196     4519

 COOLING
  YESTERDAY       16                        10      6       25
  MONTH TO DATE  276                       181     95      313
  SINCE JUN 1    276                       181     95      313
  SINCE JAN 1    395                       294    101      396
..................................................................


WIND (MPH)
  HIGHEST WIND SPEED    22   HIGHEST WIND DIRECTION     S (200)
  HIGHEST GUST SPEED    27   HIGHEST GUST DIRECTION     S (180)
  AVERAGE WIND SPEED    11.6


SKY COVER
  POSSIBLE SUNSHINE  MM
  AVERAGE SKY COVER 0.1


WEATHER CONDITIONS
 THE FOLLOWING WEATHER WAS RECORDED YESTERDAY.
  NO SIGNIFICANT WEATHER WAS OBSERVED.


RELATIVE HUMIDITY (PERCENT)
 HIGHEST    94          1100 PM
 LOWEST     56           200 PM
 AVERAGE    75

..........................................................


THE ST. JOSEPH MO CLIMATE NORMALS FOR TODAY
                         NORMAL    RECORD    YEAR
 MAXIMUM TEMPERATURE (F)   85       102      1937
 MINIMUM TEMPERATURE (F)   65        50      1972


SUNRISE AND SUNSET
JUNE 23 2017..........SUNRISE   552 AM CDT   SUNSET   852 PM CDT
JUNE 24 2017..........SUNRISE   553 AM CDT   SUNSET   852 PM CDT


-  INDICATES NEGATIVE NUMBERS.
R  INDICATES RECORD WAS SET OR TIED.
MM INDICATES DATA IS MISSING.
T  INDICATES TRACE AMOUNT.




$$
