000
CDUS43 KEAX 300637
CLISTJ


CLIMATE REPORT
NATIONAL WEATHER SERVICE KANSAS CITY/PLEASANT HILL MO
135 AM CDT SAT AUG 30 2014


...................................

...THE ST. JOSEPH MO CLIMATE SUMMARY FOR AUGUST 29 2014...

CLIMATE NORMAL PERIOD 1981 TO 2010
CLIMATE RECORD PERIOD 1892 TO 2014


WEATHER ITEM   OBSERVED TIME   RECORD YEAR NORMAL DEPARTURE LAST
                VALUE   (LST)  VALUE       VALUE  FROM      YEAR
                                                  NORMAL
..................................................................
TEMPERATURE (F)
 YESTERDAY
  MAXIMUM         82    516 PM 106    1984  85     -3       95
  MINIMUM         68   1159 PM  45    1988  61      7       69
  AVERAGE         75                        73      2       82

PRECIPITATION (IN)
  YESTERDAY        0.03          2.02 1989   0.14  -0.11     0.00
  MONTH TO DATE    1.52                      3.69  -2.17     1.26
  SINCE JUN 1     13.84                     13.06   0.78     5.62
  SINCE JAN 1     21.61                     26.01  -4.40    19.67

DEGREE DAYS
 HEATING
  YESTERDAY        0                         0      0        0
  MONTH TO DATE    0                         0      0        0
  SINCE JUN 1      7                         9     -2       17
  SINCE JUL 1      6                         1      5        2

 COOLING
  YESTERDAY       10                         8      2       17
  MONTH TO DATE  326                       308     18      289
  SINCE JUN 1    864                       949    -85      910
  SINCE JAN 1   1025                      1062    -37     1036
..................................................................


WIND (MPH)
  HIGHEST WIND SPEED    14   HIGHEST WIND DIRECTION     S (190)
  HIGHEST GUST SPEED    18   HIGHEST GUST DIRECTION     S (190)
  AVERAGE WIND SPEED     6.5


SKY COVER
  POSSIBLE SUNSHINE  MM
  AVERAGE SKY COVER 0.4


WEATHER CONDITIONS
 THE FOLLOWING WEATHER WAS RECORDED YESTERDAY.
  LIGHT RAIN
  FOG


RELATIVE HUMIDITY (PERCENT)
 HIGHEST    90           900 PM
 LOWEST     69           300 PM
 AVERAGE    80

..........................................................


THE ST. JOSEPH MO CLIMATE NORMALS FOR TODAY
                         NORMAL    RECORD    YEAR
 MAXIMUM TEMPERATURE (F)   84       103      1947
 MINIMUM TEMPERATURE (F)   61        46      1915


SUNRISE AND SUNSET
AUGUST 30 2014........SUNRISE   646 AM CDT   SUNSET   754 PM CDT
AUGUST 31 2014........SUNRISE   647 AM CDT   SUNSET   752 PM CDT


-  INDICATES NEGATIVE NUMBERS.
R  INDICATES RECORD WAS SET OR TIED.
MM INDICATES DATA IS MISSING.
T  INDICATES TRACE AMOUNT.




$$
