000
CDUS43 KEAX 300632
CLISTJ


CLIMATE REPORT
NATIONAL WEATHER SERVICE KANSAS CITY/PLEASANT HILL MO
131 AM CDT TUE JUN 30 2015


...................................

...THE ST. JOSEPH MO CLIMATE SUMMARY FOR JUNE 29 2015...

CLIMATE NORMAL PERIOD 1981 TO 2010
CLIMATE RECORD PERIOD 1892 TO 2015


WEATHER ITEM   OBSERVED TIME   RECORD YEAR NORMAL DEPARTURE LAST
                VALUE   (LST)  VALUE       VALUE  FROM      YEAR
                                                  NORMAL
..................................................................
TEMPERATURE (F)
 YESTERDAY
  MAXIMUM         88    340 PM 103    1952  86      2       88
  MINIMUM         63    454 AM  50    2004  66     -3       66
  AVERAGE         76                        76      0       77

PRECIPITATION (IN)
  YESTERDAY        0.00          2.06 1915   0.10  -0.10     0.86
  MONTH TO DATE    6.88                      4.09   2.79     7.91
  SINCE JUN 1      6.88                      4.09   2.79     7.91
  SINCE JAN 1     22.57                     17.04   5.53    15.68

DEGREE DAYS
 HEATING
  YESTERDAY        0                         0      0        0
  MONTH TO DATE    1                         6     -5        1
  SINCE JUN 1      1                         6     -5        1
  SINCE JUL 1   5501                      5456     45     6270

 COOLING
  YESTERDAY       11                        11      0       12
  MONTH TO DATE  304                       256     48      266
  SINCE JUN 1    304                       256     48      266
  SINCE JAN 1    372                       369      3      427
..................................................................


WIND (MPH)
  HIGHEST WIND SPEED    17   HIGHEST WIND DIRECTION    NW (300)
  HIGHEST GUST SPEED    22   HIGHEST GUST DIRECTION    NW (310)
  AVERAGE WIND SPEED     5.3


SKY COVER
  POSSIBLE SUNSHINE  MM
  AVERAGE SKY COVER 0.0


WEATHER CONDITIONS
 THE FOLLOWING WEATHER WAS RECORDED YESTERDAY.
  NO SIGNIFICANT WEATHER WAS OBSERVED.


RELATIVE HUMIDITY (PERCENT)
 HIGHEST    93           300 AM
 LOWEST     40           200 PM
 AVERAGE    67

..........................................................


THE ST. JOSEPH MO CLIMATE NORMALS FOR TODAY
                         NORMAL    RECORD    YEAR
 MAXIMUM TEMPERATURE (F)   86       101      1917
 MINIMUM TEMPERATURE (F)   66        54      2004
                                             1943


SUNRISE AND SUNSET
JUNE 30 2015..........SUNRISE   555 AM CDT   SUNSET   852 PM CDT
JULY  1 2015..........SUNRISE   555 AM CDT   SUNSET   852 PM CDT


-  INDICATES NEGATIVE NUMBERS.
R  INDICATES RECORD WAS SET OR TIED.
MM INDICATES DATA IS MISSING.
T  INDICATES TRACE AMOUNT.




$$
