000
CDUS43 KLSX 280812
CLISTL


CLIMATE REPORT
NATIONAL WEATHER SERVICE ST LOUIS MO
311 AM CDT SAT MAY 28 2016


...................................

...THE ST. LOUIS CLIMATE SUMMARY FOR MAY 27 2016...

CLIMATE NORMAL PERIOD 1981 TO 2010
CLIMATE RECORD PERIOD 1874 TO 2016


WEATHER ITEM   OBSERVED TIME   RECORD YEAR NORMAL DEPARTURE LAST
                VALUE   (LST)  VALUE       VALUE  FROM      YEAR
                                                  NORMAL
..................................................................
TEMPERATURE (F)
 YESTERDAY
  MAXIMUM         79    321 PM  93    2012  79      0       85
                                      1991
                                      1911
  MINIMUM         69    728 AM  38    1961  61      8       68
  AVERAGE         74                        70      4       77

PRECIPITATION (IN)
  YESTERDAY        1.01          2.23 1896   0.16   0.85      T
  MONTH TO DATE    4.67                      4.06   0.61     3.00
  SINCE MAR 1     11.45                     11.07   0.38    11.42
  SINCE JAN 1     13.05                     15.71  -2.66    14.37

SNOWFALL (IN)
  YESTERDAY        0.0           0.0  2015   0.0    0.0      0.0
  MONTH TO DATE    0.0                       0.0    0.0      0.0
  SINCE MAR 1      0.3                       2.7   -2.4      0.6
  SINCE JUL 1     10.9                      17.7   -6.8     16.8
  SNOW DEPTH       0

DEGREE DAYS
 HEATING
  YESTERDAY        0                         1     -1        0
  MONTH TO DATE   83                        71     12       42
  SINCE MAR 1    654                       929   -275      772
  SINCE JUL 1   3484                      4527  -1043     4574

 COOLING
  YESTERDAY        9                         6      3       12
  MONTH TO DATE   83                       102    -19      174
  SINCE MAR 1    143                       148     -5      199
  SINCE JAN 1    143                       148     -5      199
..................................................................


WIND (MPH)
  HIGHEST WIND SPEED    23   HIGHEST WIND DIRECTION     S (200)
  HIGHEST GUST SPEED    32   HIGHEST GUST DIRECTION     S (190)
  AVERAGE WIND SPEED    11.6


SKY COVER
  AVERAGE SKY COVER 1.0


WEATHER CONDITIONS
 THE FOLLOWING WEATHER WAS RECORDED YESTERDAY.
  THUNDERSTORM
  HEAVY RAIN
  RAIN
  LIGHT RAIN
  FOG
  HAZE


RELATIVE HUMIDITY (PERCENT)
 HIGHEST    90           100 AM
 LOWEST     71           300 PM
 AVERAGE    81

..........................................................


THE ST. LOUIS CLIMATE NORMALS FOR TODAY
                         NORMAL    RECORD    YEAR
 MAXIMUM TEMPERATURE (F)   80        94      2012
 MINIMUM TEMPERATURE (F)   61        42      1971


SUNRISE AND SUNSET
MAY 28 2016...........SUNRISE   540 AM CDT   SUNSET   818 PM CDT
MAY 29 2016...........SUNRISE   540 AM CDT   SUNSET   819 PM CDT


-  INDICATES NEGATIVE NUMBERS.
R  INDICATES RECORD WAS SET OR TIED.
MM INDICATES DATA IS MISSING.
T  INDICATES TRACE AMOUNT.




$$
