000
CDUS43 KLSX 260728
CLISTL


CLIMATE REPORT
NATIONAL WEATHER SERVICE ST LOUIS MO
127 AM CST MON JAN 26 2015


...................................

...THE ST. LOUIS CLIMATE SUMMARY FOR JANUARY 25 2015...

CLIMATE NORMAL PERIOD 1981 TO 2010
CLIMATE RECORD PERIOD 1874 TO 2015


WEATHER ITEM   OBSERVED TIME   RECORD YEAR NORMAL DEPARTURE LAST
                VALUE   (LST)  VALUE       VALUE  FROM      YEAR
                                                  NORMAL
..................................................................
TEMPERATURE (F)
 YESTERDAY
  MAXIMUM         52    227 AM  75    1950  40     12       43
  MINIMUM         31   1159 PM  -7    1940  24      7       22
  AVERAGE         42                        32     10       33

PRECIPITATION (IN)
  YESTERDAY        0.19          0.97 1950   0.08   0.11      T
  MONTH TO DATE    1.21                      1.96  -0.75     1.67
  SINCE DEC 1      3.93                      4.80  -0.87     3.63
  SINCE JAN 1      1.21                      1.96  -0.75     1.67

SNOWFALL (IN)
  YESTERDAY        T             7.5  1978   0.2   -0.2       T
  MONTH TO DATE    0.3                       4.5   -4.2     15.8
  SINCE DEC 1      0.5                       8.9   -8.4     21.4
  SINCE JUL 1      4.3                       9.6   -5.3     21.4
  SNOW DEPTH       0

DEGREE DAYS
 HEATING
  YESTERDAY       23                        33    -10       32
  MONTH TO DATE  819                       833    -14      929
  SINCE DEC 1   1623                      1772   -149     1899
  SINCE JUL 1   2580                      2598    -18     2769

 COOLING
  YESTERDAY        0                         0      0        0
  MONTH TO DATE    0                         0      0        0
  SINCE DEC 1      0                         0      0        0
  SINCE JAN 1      0                         0      0        0
..................................................................


WIND (MPH)
  HIGHEST WIND SPEED    22   HIGHEST WIND DIRECTION     N (350)
  HIGHEST GUST SPEED    30   HIGHEST GUST DIRECTION     N (360)
  AVERAGE WIND SPEED    11.1


SKY COVER
  AVERAGE SKY COVER 1.0


WEATHER CONDITIONS
 THE FOLLOWING WEATHER WAS RECORDED YESTERDAY.
  LIGHT RAIN
  SNOW
  LIGHT SNOW
  FOG
  HAZE


RELATIVE HUMIDITY (PERCENT)
 HIGHEST    86           900 AM
 LOWEST     44          1200 AM
 AVERAGE    65

..........................................................


THE ST. LOUIS CLIMATE NORMALS FOR TODAY
                         NORMAL    RECORD    YEAR
 MAXIMUM TEMPERATURE (F)   41        72      1890
 MINIMUM TEMPERATURE (F)   24        -8      1936


SUNRISE AND SUNSET
JANUARY 26 2015.......SUNRISE   712 AM CST   SUNSET   516 PM CST
JANUARY 27 2015.......SUNRISE   712 AM CST   SUNSET   517 PM CST


-  INDICATES NEGATIVE NUMBERS.
R  INDICATES RECORD WAS SET OR TIED.
MM INDICATES DATA IS MISSING.
T  INDICATES TRACE AMOUNT.




$$
