000
CDUS43 KLSX 302229
CLISTL


CLIMATE REPORT
NATIONAL WEATHER SERVICE ST LOUIS MO
529 PM CDT SUN AUG 30 2015


...................................

...THE ST. LOUIS CLIMATE SUMMARY FOR AUGUST 30 2015...
VALID TODAY AS OF 0500 PM LOCAL TIME.

CLIMATE NORMAL PERIOD 1981 TO 2010
CLIMATE RECORD PERIOD 1874 TO 2015


WEATHER ITEM   OBSERVED TIME   RECORD YEAR NORMAL DEPARTURE LAST
                VALUE   (LST)  VALUE       VALUE  FROM      YEAR
                                                  NORMAL
..................................................................
TEMPERATURE (F)
 TODAY
  MAXIMUM         89    209 PM 102    2013  86      3       88
  MINIMUM         73    605 AM  50    1934  67      6       76
  AVERAGE         81                        77      4       82

PRECIPITATION (IN)
  TODAY            0.00          1.04 1994   0.09  -0.09     0.16
  MONTH TO DATE    6.67                      2.89   3.78     5.06
  SINCE JUN 1     23.94                     11.28  12.66    11.91
  SINCE JAN 1     38.93                     27.65  11.28    28.97

SNOWFALL (IN)
  TODAY            0.0           0.0  2013   0.0    0.0      0.0
  MONTH TO DATE    0.0                       0.0    0.0      0.0
  SINCE JUN 1      0.0                       0.0    0.0      0.0
  SINCE JUL 1      0.0                       0.0    0.0      0.0
  SNOW DEPTH       0

DEGREE DAYS
 HEATING
  TODAY            0                         0      0        0
  MONTH TO DATE    0                         0      0        0
  SINCE JUN 1      3                         5     -2        0
  SINCE JUL 1      0                         0      0        0

 COOLING
  TODAY           16                        12      4       17
  MONTH TO DATE  385                       414    -29      465
  SINCE JUN 1   1265                      1215     50     1225
  SINCE JAN 1   1489                      1389    100     1487
..................................................................


WIND (MPH)
  HIGHEST WIND SPEED    10   HIGHEST WIND DIRECTION    SW (220)
  HIGHEST GUST SPEED    15   HIGHEST GUST DIRECTION     S (160)
  AVERAGE WIND SPEED     3.8


SKY COVER
  AVERAGE SKY COVER 0.8



RELATIVE HUMIDITY (PERCENT)
 HIGHEST    87          1200 AM
 LOWEST     50          1200 PM
 AVERAGE    69

..........................................................


THE ST. LOUIS CLIMATE NORMALS FOR TOMORROW
                         NORMAL    RECORD    YEAR
 MAXIMUM TEMPERATURE (F)   86       103      2013
                                             2011
 MINIMUM TEMPERATURE (F)   67        49      1967


SUNRISE AND SUNSET
AUGUST 30 2015........SUNRISE   629 AM CDT   SUNSET   735 PM CDT
AUGUST 31 2015........SUNRISE   629 AM CDT   SUNSET   734 PM CDT


-  INDICATES NEGATIVE NUMBERS.
R  INDICATES RECORD WAS SET OR TIED.
MM INDICATES DATA IS MISSING.
T  INDICATES TRACE AMOUNT.




$$
