000
CDUS43 KLSX 060744
CLISTL


CLIMATE REPORT
NATIONAL WEATHER SERVICE ST LOUIS MO
242 AM CDT MON JUL 6 2015


...................................

...THE ST. LOUIS CLIMATE SUMMARY FOR JULY 5 2015...

CLIMATE NORMAL PERIOD 1981 TO 2010
CLIMATE RECORD PERIOD 1874 TO 2015


WEATHER ITEM   OBSERVED TIME   RECORD YEAR NORMAL DEPARTURE LAST
                VALUE   (LST)  VALUE       VALUE  FROM      YEAR
                                                  NORMAL
..................................................................
TEMPERATURE (F)
 YESTERDAY
  MAXIMUM         89    252 PM 105    2012  89      0       82
  MINIMUM         67    507 AM  53    1972  71     -4       63
  AVERAGE         78                        80     -2       73

PRECIPITATION (IN)
  YESTERDAY        0.00          4.68 1948   0.13  -0.13      T
  MONTH TO DATE    0.90                      0.64   0.26     0.02
  SINCE JUN 1     14.04                      4.92   9.12     5.28
  SINCE JAN 1     29.03                     21.29   7.74    22.34

SNOWFALL (IN)
  YESTERDAY        0.0           0.0  2013   0.0    0.0      0.0
  MONTH TO DATE    0.0                       0.0    0.0      0.0
  SINCE JUN 1      0.0                       0.0    0.0      0.0
  SINCE JUL 1      0.0                       0.0    0.0      0.0
  SNOW DEPTH       0

DEGREE DAYS
 HEATING
  YESTERDAY        0                         0      0        0
  MONTH TO DATE    0                         0      0        0
  SINCE JUN 1      3                         5     -2        0
  SINCE JUL 1      0                         0      0        0

 COOLING
  YESTERDAY       13                        15     -2        8
  MONTH TO DATE   56                        75    -19       44
  SINCE JUN 1    446                       409     37      442
  SINCE JAN 1    670                       583     87      704
..................................................................


WIND (MPH)
  HIGHEST WIND SPEED    14   HIGHEST WIND DIRECTION     S (170)
  HIGHEST GUST SPEED    21   HIGHEST GUST DIRECTION     S (160)
  AVERAGE WIND SPEED     6.2


SKY COVER
  AVERAGE SKY COVER 0.4


WEATHER CONDITIONS
 THE FOLLOWING WEATHER WAS RECORDED YESTERDAY.
  HAZE


RELATIVE HUMIDITY (PERCENT)
 HIGHEST    78          1200 AM
 LOWEST     44           300 PM
 AVERAGE    61

..........................................................


THE ST. LOUIS CLIMATE NORMALS FOR TODAY
                         NORMAL    RECORD    YEAR
 MAXIMUM TEMPERATURE (F)   89       106      2012
 MINIMUM TEMPERATURE (F)   71        51      1972


SUNRISE AND SUNSET
JULY  6 2015..........SUNRISE   543 AM CDT   SUNSET   829 PM CDT
JULY  7 2015..........SUNRISE   543 AM CDT   SUNSET   829 PM CDT


-  INDICATES NEGATIVE NUMBERS.
R  INDICATES RECORD WAS SET OR TIED.
MM INDICATES DATA IS MISSING.
T  INDICATES TRACE AMOUNT.




$$
