000
CDUS43 KLSX 282227
CLISTL


CLIMATE REPORT
NATIONAL WEATHER SERVICE ST LOUIS MO
526 PM CDT MON JUL 28 2014


...................................

...THE ST. LOUIS CLIMATE SUMMARY FOR JULY 28 2014...
VALID TODAY AS OF 0500 PM LOCAL TIME.

CLIMATE NORMAL PERIOD 1981 TO 2010
CLIMATE RECORD PERIOD 1874 TO 2014


WEATHER ITEM   OBSERVED TIME   RECORD YEAR NORMAL DEPARTURE LAST
                VALUE   (LST)  VALUE       VALUE  FROM      YEAR
                                                  NORMAL
..................................................................
TEMPERATURE (F)
 TODAY
  MAXIMUM         81    121 PM 108    1930  89     -8       83
  MINIMUM         65    517 AM  56    2013  71     -6       56
  AVERAGE         73                        80     -7       70

PRECIPITATION (IN)
  TODAY            0.00          2.18 1957   0.13  -0.13     0.00
  MONTH TO DATE    1.59                      3.73  -2.14     1.82
  SINCE JUN 1      6.85                      8.01  -1.16     7.75
  SINCE JAN 1     23.91                     24.38  -0.47    31.89

SNOWFALL (IN)
  TODAY            0.0           0.0  2013   0.0    0.0      0.0
  MONTH TO DATE    0.0                       0.0    0.0      0.0
  SINCE JUN 1      0.0                       0.0    0.0      0.0
  SINCE JUL 1      0.0                       0.0    0.0      0.0
  SNOW DEPTH       0

DEGREE DAYS
 HEATING
  TODAY            0                         0      0        0
  MONTH TO DATE    0                         0      0        0
  SINCE JUN 1      0                         5     -5        1
  SINCE JUL 1      0                         0      0        0

 COOLING
  TODAY            8                        15     -7        5
  MONTH TO DATE  336                       420    -84      382
  SINCE JUN 1    734                       754    -20      719
  SINCE JAN 1    996                       928     68      930
..................................................................


WIND (MPH)
  HIGHEST WIND SPEED    18   HIGHEST WIND DIRECTION     N (340)
  HIGHEST GUST SPEED    22   HIGHEST GUST DIRECTION    NW (320)
  AVERAGE WIND SPEED    10.0


SKY COVER
  AVERAGE SKY COVER 0.4



RELATIVE HUMIDITY (PERCENT)
 HIGHEST    78           300 AM
 LOWEST     50           400 PM
 AVERAGE    64

..........................................................


THE ST. LOUIS CLIMATE NORMALS FOR TOMORROW
                         NORMAL    RECORD    YEAR
 MAXIMUM TEMPERATURE (F)   89       103      1999
                                             1941
 MINIMUM TEMPERATURE (F)   71        54      1971


SUNRISE AND SUNSET
JULY 28 2014..........SUNRISE   559 AM CDT   SUNSET   816 PM CDT
JULY 29 2014..........SUNRISE   600 AM CDT   SUNSET   815 PM CDT


-  INDICATES NEGATIVE NUMBERS.
R  INDICATES RECORD WAS SET OR TIED.
MM INDICATES DATA IS MISSING.
T  INDICATES TRACE AMOUNT.




$$
