000
CDUS46 KMTR 300027
CLISTS


CLIMATE REPORT
NATIONAL WEATHER SERVICE SAN FRANCISCO BAY AREA
527 PM PDT MON AUG 29 2016


...................................

...THE SANTA ROSA AIRPORT CLIMATE SUMMARY FOR AUGUST 29 2016...
VALID TODAY AS OF 0500 PM LOCAL TIME.

CLIMATE NORMAL PERIOD 1981 TO 2010
CLIMATE RECORD PERIOD 1998 TO 2016


WEATHER ITEM   OBSERVED TIME   RECORD YEAR NORMAL DEPARTURE LAST
                VALUE   (LST)  VALUE       VALUE  FROM      YEAR
                                                  NORMAL
..................................................................
TEMPERATURE (F)
 TODAY
  MAXIMUM         82    358 PM 101    2009  84     -2       81
  MINIMUM         55    544 AM  45    2005  51      4       58
  AVERAGE         69                        68      1       70

PRECIPITATION (IN)
  TODAY            0.00          0.03 2015   0.01  -0.01     0.03
  MONTH TO DATE    T                         0.07  -0.07     0.03
  SINCE OCT 1     32.14                     35.92  -3.78    24.59
  SINCE JAN 1     23.56                     22.17   1.39     6.04

DEGREE DAYS
 HEATING
  TODAY            0                                         0
  MONTH TO DATE    5                                         3
  SINCE JUN 1     33                                        26
  SINCE JUL 1     12                                         7

 COOLING
  TODAY            4                                         5
  MONTH TO DATE   38                                       155
  SINCE JUN 1    221                                       379
  SINCE JAN 1    250                                       391
..................................................................


WIND (MPH)
  RESULTANT WIND SPEED   1   RESULTANT WIND DIRECTION  SE (150)
  HIGHEST WIND SPEED    10   HIGHEST WIND DIRECTION     S (170)
  HIGHEST GUST SPEED    14   HIGHEST GUST DIRECTION     S (170)
  AVERAGE WIND SPEED     3.5


SKY COVER
  POSSIBLE SUNSHINE  MM
  AVERAGE SKY COVER 0.8


WEATHER CONDITIONS
 THE FOLLOWING WEATHER WAS RECORDED TODAY.
  NO SIGNIFICANT WEATHER WAS OBSERVED.


RELATIVE HUMIDITY (PERCENT)
 HIGHEST    93          1200 AM
 LOWEST     42           200 PM
 AVERAGE    68

..........................................................


THE SANTA ROSA AIRPORT CLIMATE NORMALS FOR TOMORROW
                         NORMAL    RECORD    YEAR
 MAXIMUM TEMPERATURE (F)   84        97      2007
 MINIMUM TEMPERATURE (F)   51        42      2010


SUNRISE AND SUNSET
AUGUST 29 2016........SUNRISE   638 AM PDT   SUNSET   745 PM PDT
AUGUST 30 2016........SUNRISE   639 AM PDT   SUNSET   743 PM PDT


-  INDICATES NEGATIVE NUMBERS.
R  INDICATES RECORD WAS SET OR TIED.
MM INDICATES DATA IS MISSING.
T  INDICATES TRACE AMOUNT.




$$
