000
CDUS46 KMTR 070827
CLISTS


CLIMATE REPORT
NATIONAL WEATHER SERVICE SAN FRANCISCO BAY AREA
1226 AM PST SUN FEB 7 2016


...................................

...THE SANTA ROSA AIRPORT CLIMATE SUMMARY FOR FEBRUARY 6 2016...

CLIMATE NORMAL PERIOD 1981 TO 2010
CLIMATE RECORD PERIOD 1998 TO 2016


WEATHER ITEM   OBSERVED TIME   RECORD YEAR NORMAL DEPARTURE LAST
                VALUE   (LST)  VALUE       VALUE  FROM      YEAR
                                                  NORMAL
..................................................................
TEMPERATURE (F)
 YESTERDAY
  MAXIMUM         67    422 PM  81    2011  59      8       63
  MINIMUM         37    704 AM  29    2003  38     -1       56
  AVERAGE         52                        49      3       60

PRECIPITATION (IN)
  YESTERDAY        0.00          2.62 2015   0.21  -0.21     2.62
  MONTH TO DATE    0.03                      1.24  -1.21     2.62
  SINCE OCT 1     19.48                     22.04  -2.56    21.29
  SINCE JAN 1     10.90                      8.29   2.61     2.74

DEGREE DAYS
 HEATING
  YESTERDAY       13                                         5
  MONTH TO DATE   93                                        57
  SINCE DEC 1   1089                                       877
  SINCE JUL 1   1534                                      1235

 COOLING
  YESTERDAY        0                                         0
  MONTH TO DATE    0                                         0
  SINCE DEC 1      0                                         0
  SINCE JAN 1      0                                         0
..................................................................


WIND (MPH)
  RESULTANT WIND SPEED   1   RESULTANT WIND DIRECTION  NW (310)
  HIGHEST WIND SPEED    10   HIGHEST WIND DIRECTION    NW (320)
  HIGHEST GUST SPEED    11   HIGHEST GUST DIRECTION    NW (320)
  AVERAGE WIND SPEED     1.8


SKY COVER
  POSSIBLE SUNSHINE  MM
  AVERAGE SKY COVER 0.2


WEATHER CONDITIONS
 THE FOLLOWING WEATHER WAS RECORDED YESTERDAY.
  FOG


RELATIVE HUMIDITY (PERCENT)
 HIGHEST   100           200 AM
 LOWEST     40           400 PM
 AVERAGE    70

..........................................................


THE SANTA ROSA AIRPORT CLIMATE NORMALS FOR TODAY
                         NORMAL    RECORD    YEAR
 MAXIMUM TEMPERATURE (F)   59        77      2011
 MINIMUM TEMPERATURE (F)   38        33      2008


SUNRISE AND SUNSET
FEBRUARY  7 2016......SUNRISE   711 AM PST   SUNSET   540 PM PST
FEBRUARY  8 2016......SUNRISE   710 AM PST   SUNSET   541 PM PST


-  INDICATES NEGATIVE NUMBERS.
R  INDICATES RECORD WAS SET OR TIED.
MM INDICATES DATA IS MISSING.
T  INDICATES TRACE AMOUNT.




$$
