000
CDUS46 KMTR 240826
CLISTS


CLIMATE REPORT
NATIONAL WEATHER SERVICE SAN FRANCISCO BAY AREA
126 AM PDT THU JUL 24 2014


...................................

...THE SANTA ROSA AIRPORT CLIMATE SUMMARY FOR JULY 23 2014...

CLIMATE NORMAL PERIOD 1981 TO 2010
CLIMATE RECORD PERIOD 1998 TO 2014


WEATHER ITEM   OBSERVED TIME   RECORD YEAR NORMAL DEPARTURE LAST
                VALUE   (LST)  VALUE       VALUE  FROM      YEAR
                                                  NORMAL
..................................................................
TEMPERATURE (F)
 YESTERDAY
  MAXIMUM         81    429 PM 107    2006  83     -2       77
  MINIMUM         58   1223 AM  47    2000  52      6       57
  AVERAGE         70                        67      3       67

PRECIPITATION (IN)
  YESTERDAY        0.00          0.00 2000   0.00   0.00     0.00
  MONTH TO DATE    T                         0.01  -0.01     0.01
  SINCE JUL 1      T                         0.01  -0.01     0.01
  SINCE JAN 1     12.57                     22.10  -9.53     6.53

DEGREE DAYS
 HEATING
  YESTERDAY        0                                         0
  MONTH TO DATE    0                                        13
  SINCE JUN 1     29                                        50
  SINCE JUL 1      0                                        13

 COOLING
  YESTERDAY        5                                         2
  MONTH TO DATE   56                                        71
  SINCE JUN 1    134                                       171
  SINCE JAN 1    192                                       226
..................................................................


WIND (MPH)
  RESULTANT WIND SPEED   2   RESULTANT WIND DIRECTION   S (180)
  HIGHEST WIND SPEED    15   HIGHEST WIND DIRECTION     S (180)
  HIGHEST GUST SPEED    20   HIGHEST GUST DIRECTION     S (170)
  AVERAGE WIND SPEED     3.3


SKY COVER
  POSSIBLE SUNSHINE  MM
  AVERAGE SKY COVER 0.5


WEATHER CONDITIONS
 THE FOLLOWING WEATHER WAS RECORDED YESTERDAY.
  NO SIGNIFICANT WEATHER WAS OBSERVED.


RELATIVE HUMIDITY (PERCENT)
 HIGHEST    93          1200 AM
 LOWEST     45          1200 PM
 AVERAGE    69

..........................................................


THE SANTA ROSA AIRPORT CLIMATE NORMALS FOR TODAY
                         NORMAL    RECORD    YEAR
 MAXIMUM TEMPERATURE (F)   83       100      2006
 MINIMUM TEMPERATURE (F)   52        45      2002


SUNRISE AND SUNSET
JULY 24 2014..........SUNRISE   606 AM PDT   SUNSET   829 PM PDT
JULY 25 2014..........SUNRISE   607 AM PDT   SUNSET   828 PM PDT


-  INDICATES NEGATIVE NUMBERS.
R  INDICATES RECORD WAS SET OR TIED.
MM INDICATES DATA IS MISSING.
T  INDICATES TRACE AMOUNT.




$$
