000
CDUS46 KMTR 250045
CLISTS


CLIMATE REPORT
NATIONAL WEATHER SERVICE SAN FRANCISCO BAY AREA
544 PM PDT SAT SEP 24 2016


...................................

...THE SANTA ROSA AIRPORT CLIMATE SUMMARY FOR SEPTEMBER 24 2016...
VALID TODAY AS OF 0500 PM LOCAL TIME.

CLIMATE NORMAL PERIOD 1981 TO 2010
CLIMATE RECORD PERIOD 1998 TO 2016


WEATHER ITEM   OBSERVED TIME   RECORD YEAR NORMAL DEPARTURE LAST
                VALUE   (LST)  VALUE       VALUE  FROM      YEAR
                                                  NORMAL
..................................................................
TEMPERATURE (F)
 TODAY
  MAXIMUM         91    203 PM  96    2015  82      9       96
  MINIMUM         52    607 AM  40    2008  48      4       53
  AVERAGE         72                        65      7       75

PRECIPITATION (IN)
  TODAY            0.00          0.07 2001   0.01  -0.01     0.00
  MONTH TO DATE    T                         0.18  -0.18     0.42
  SINCE OCT 1     32.14                     36.11  -3.97    25.01
  SINCE JAN 1     23.56                     22.36   1.20     6.46

DEGREE DAYS
 HEATING
  TODAY            0                                         0
  MONTH TO DATE   22                                        16
  SINCE SEP 1     22                                        16
  SINCE JUL 1     34                                        23

 COOLING
  TODAY            7                                        10
  MONTH TO DATE   59                                       124
  SINCE SEP 1     59                                       124
  SINCE JAN 1    320                                       526
..................................................................


WIND (MPH)
  RESULTANT WIND SPEED   2   RESULTANT WIND DIRECTION   S (180)
  HIGHEST WIND SPEED    14   HIGHEST WIND DIRECTION     S (180)
  HIGHEST GUST SPEED    17   HIGHEST GUST DIRECTION     S (200)
  AVERAGE WIND SPEED     3.2


SKY COVER
  POSSIBLE SUNSHINE  MM
  AVERAGE SKY COVER 0.0


WEATHER CONDITIONS
 THE FOLLOWING WEATHER WAS RECORDED TODAY.
  NO SIGNIFICANT WEATHER WAS OBSERVED.


RELATIVE HUMIDITY (PERCENT)
 HIGHEST    89           600 AM
 LOWEST     24           100 PM
 AVERAGE    57

..........................................................


THE SANTA ROSA AIRPORT CLIMATE NORMALS FOR TOMORROW
                         NORMAL    RECORD    YEAR
 MAXIMUM TEMPERATURE (F)   82        97      2010
 MINIMUM TEMPERATURE (F)   48        39      2005


SUNRISE AND SUNSET
SEPTEMBER 24 2016.....SUNRISE   701 AM PDT   SUNSET   704 PM PDT
SEPTEMBER 25 2016.....SUNRISE   702 AM PDT   SUNSET   702 PM PDT


-  INDICATES NEGATIVE NUMBERS.
R  INDICATES RECORD WAS SET OR TIED.
MM INDICATES DATA IS MISSING.
T  INDICATES TRACE AMOUNT.




$$
