000
CDUS46 KMTR 220042
CLISTS


CLIMATE REPORT
NATIONAL WEATHER SERVICE SAN FRANCISCO BAY AREA
442 PM PST FRI NOV 21 2014


...................................

...THE SANTA ROSA AIRPORT CLIMATE SUMMARY FOR NOVEMBER 21 2014...
VALID TODAY AS OF 0400 PM LOCAL TIME.

CLIMATE NORMAL PERIOD 1981 TO 2010
CLIMATE RECORD PERIOD 1998 TO 2014


WEATHER ITEM   OBSERVED TIME   RECORD YEAR NORMAL DEPARTURE LAST
                VALUE   (LST)  VALUE       VALUE  FROM      YEAR
                                                  NORMAL
..................................................................
TEMPERATURE (F)
 TODAY
  MAXIMUM         57    359 PM  72    2005  62     -5       65
  MINIMUM         47    848 AM  29    2009  39      8       49
  AVERAGE         52                        51      1       57

PRECIPITATION (IN)
  TODAY            0.00          0.93 2001   0.16  -0.16     0.01
  MONTH TO DATE    0.76                      3.11  -2.35     1.08
  SINCE JUL 1      2.10                      5.58  -3.48     1.61
  SINCE JAN 1     14.67                     27.67 -13.00     8.13

DEGREE DAYS
 HEATING
  TODAY           13                                         8
  MONTH TO DATE  179                                       205
  SINCE SEP 1    261                                       411
  SINCE JUL 1    266                                       448

 COOLING
  TODAY            0                                         0
  MONTH TO DATE    0                                         0
  SINCE SEP 1    150                                        72
  SINCE JAN 1    499                                       415
..................................................................


WIND (MPH)
  RESULTANT WIND SPEED   2   RESULTANT WIND DIRECTION   N (360)
  HIGHEST WIND SPEED     9   HIGHEST WIND DIRECTION     N (340)
  HIGHEST GUST SPEED    10   HIGHEST GUST DIRECTION     N (340)
  AVERAGE WIND SPEED     3.5


SKY COVER
  POSSIBLE SUNSHINE  MM
  AVERAGE SKY COVER 1.0


WEATHER CONDITIONS
 THE FOLLOWING WEATHER WAS RECORDED TODAY.
  FOG
  HAZE


RELATIVE HUMIDITY (PERCENT)
 HIGHEST   100          1200 AM
 LOWEST     83           100 PM
 AVERAGE    92

..........................................................


THE SANTA ROSA AIRPORT CLIMATE NORMALS FOR TOMORROW
                         NORMAL    RECORD    YEAR
 MAXIMUM TEMPERATURE (F)   61        76      2013
 MINIMUM TEMPERATURE (F)   39        30      2007


SUNRISE AND SUNSET
NOVEMBER 21 2014......SUNRISE   700 AM PST   SUNSET   454 PM PST
NOVEMBER 22 2014......SUNRISE   701 AM PST   SUNSET   454 PM PST


-  INDICATES NEGATIVE NUMBERS.
R  INDICATES RECORD WAS SET OR TIED.
MM INDICATES DATA IS MISSING.
T  INDICATES TRACE AMOUNT.




$$
