000
CDUS41 KBGM 292144
CLISYR


CLIMATE REPORT
NATIONAL WEATHER SERVICE BINGHAMTON NY
543 PM EDT SUN MAR 29 2015


...................................

...THE SYRACUSE NY CLIMATE SUMMARY FOR MARCH 29 2015...
VALID TODAY AS OF 0500 PM LOCAL TIME.

CLIMATE NORMAL PERIOD 1981 TO 2010
CLIMATE RECORD PERIOD 1902 TO 2015


WEATHER ITEM   OBSERVED TIME   RECORD YEAR NORMAL DEPARTURE LAST
                VALUE   (LST)  VALUE       VALUE  FROM      YEAR
                                                  NORMAL
..................................................................
TEMPERATURE (F)
 TODAY
  MAXIMUM         39    359 PM  82    1946  49    -10       41
  MINIMUM         17    608 AM   2    1923  30    -13       32
  AVERAGE         28                        39    -11       37

PRECIPITATION (IN)
  TODAY            0.00          1.35 1954   0.10  -0.10     1.16
  MONTH TO DATE    1.48                      2.74  -1.26     3.11
  SINCE MAR 1      1.48                      2.74  -1.26     3.11
  SINCE JAN 1      5.36                      7.31  -1.95     8.66

SNOWFALL (IN)
  TODAY            0.0          10.3  1954   0.3   -0.3      0.0
  MONTH TO DATE   12.3                      17.5   -5.2     21.7
  SINCE MAR 1     12.3                      17.5   -5.2     21.7
  SINCE JUL 1    119.1                     119.4   -0.3    131.6
  SNOW DEPTH       1

DEGREE DAYS
 HEATING
  TODAY           37                        26     11       28
  MONTH TO DATE 1114                       907    207     1151
  SINCE MAR 1   1114                       907    207     1151
  SINCE JUL 1   6338                      5738    600     6243

 COOLING
  TODAY            0                         0      0        0
  MONTH TO DATE    0                         0      0        0
  SINCE MAR 1      0                         0      0        0
  SINCE JAN 1      0                         0      0        0
..................................................................


WIND (MPH)
  HIGHEST WIND SPEED    15   HIGHEST WIND DIRECTION    SW (230)
  HIGHEST GUST SPEED    18   HIGHEST GUST DIRECTION    SW (230)
  AVERAGE WIND SPEED     7.5


SKY COVER
  POSSIBLE SUNSHINE  MM
  AVERAGE SKY COVER 0.1


WEATHER CONDITIONS
 THE FOLLOWING WEATHER WAS RECORDED TODAY.
  NO SIGNIFICANT WEATHER WAS OBSERVED.


RELATIVE HUMIDITY (PERCENT)
 HIGHEST    80           500 AM
 LOWEST     25           400 PM
 AVERAGE    53

..........................................................


THE SYRACUSE NY CLIMATE NORMALS FOR TOMORROW
                         NORMAL    RECORD    YEAR
 MAXIMUM TEMPERATURE (F)   49        87      1986
 MINIMUM TEMPERATURE (F)   30        11      1970


SUNRISE AND SUNSET
MARCH 29 2015.........SUNRISE   652 AM EDT   SUNSET   727 PM EDT
MARCH 30 2015.........SUNRISE   650 AM EDT   SUNSET   728 PM EDT


-  INDICATES NEGATIVE NUMBERS.
R  INDICATES RECORD WAS SET OR TIED.
MM INDICATES DATA IS MISSING.
T  INDICATES TRACE AMOUNT.




$$
