000
CDUS41 KBGM 240529
CLISYR


CLIMATE REPORT
NATIONAL WEATHER SERVICE BINGHAMTON NY
129 AM EDT TUE OCT 24 2017


...................................

...THE SYRACUSE NY CLIMATE SUMMARY FOR OCTOBER 23 2017...

CLIMATE NORMAL PERIOD 1981 TO 2010
CLIMATE RECORD PERIOD 1902 TO 2017


WEATHER ITEM   OBSERVED TIME   RECORD YEAR NORMAL DEPARTURE LAST
                VALUE   (LST)  VALUE       VALUE  FROM      YEAR
                                                  NORMAL
..................................................................
TEMPERATURE (F)
 YESTERDAY
  MAXIMUM         73    224 PM  77    1991  57     16       54
  MINIMUM         57    654 AM  27    1969  39     18       40
  AVERAGE         65                        48     17       47

PRECIPITATION (IN)
  YESTERDAY        0.00          2.54 1937   0.11  -0.11      T
  MONTH TO DATE    1.88                      2.55  -0.67     6.91
  SINCE SEP 1      3.26                      6.24  -2.98    10.61
  SINCE JAN 1     35.78                     30.83   4.95    33.82

SNOWFALL (IN)
  YESTERDAY        0.0           1.2  1997   0.0    0.0      0.0
  MONTH TO DATE    0.0                       0.1   -0.1      0.0
  SINCE SEP 1      0.0                       0.1   -0.1      0.0
  SINCE JUL 1      0.0                       0.1   -0.1      0.0
  SNOW DEPTH      MM

DEGREE DAYS
 HEATING
  YESTERDAY        0                        17    -17       18
  MONTH TO DATE  141                       307   -166      223
  SINCE SEP 1    244                       448   -204      311
  SINCE JUL 1    280                       474   -194      312

 COOLING
  YESTERDAY        0                         0      0        0
  MONTH TO DATE   17                         0     17        7
  SINCE SEP 1    112                        52     60       97
  SINCE JAN 1    562                       565     -3      809
..................................................................


WIND (MPH)
  HIGHEST WIND SPEED    21   HIGHEST WIND DIRECTION    SE (130)
  HIGHEST GUST SPEED    35   HIGHEST GUST DIRECTION     S (180)
  AVERAGE WIND SPEED    13.0


SKY COVER
  POSSIBLE SUNSHINE  MM
  AVERAGE SKY COVER 0.8


WEATHER CONDITIONS
 THE FOLLOWING WEATHER WAS RECORDED YESTERDAY.
  NO SIGNIFICANT WEATHER WAS OBSERVED.


RELATIVE HUMIDITY (PERCENT)
 HIGHEST    73           600 PM
 LOWEST     52          1200 AM
 AVERAGE    63

..........................................................


THE SYRACUSE NY CLIMATE NORMALS FOR TODAY
                         NORMAL    RECORD    YEAR
 MAXIMUM TEMPERATURE (F)   57        78      1963
                                             1931
 MINIMUM TEMPERATURE (F)   39        24      1980
                                             1939


SUNRISE AND SUNSET
OCTOBER 24 2017.......SUNRISE   729 AM EDT   SUNSET   607 PM EDT
OCTOBER 25 2017.......SUNRISE   731 AM EDT   SUNSET   606 PM EDT


-  INDICATES NEGATIVE NUMBERS.
R  INDICATES RECORD WAS SET OR TIED.
MM INDICATES DATA IS MISSING.
T  INDICATES TRACE AMOUNT.




$$
