000
CDUS41 KBGM 290531
CLISYR


CLIMATE REPORT
NATIONAL WEATHER SERVICE BINGHAMTON NY
130 AM EDT FRI AUG 29 2014


...................................

...THE SYRACUSE NY CLIMATE SUMMARY FOR AUGUST 28 2014...

CLIMATE NORMAL PERIOD 1981 TO 2010
CLIMATE RECORD PERIOD 1902 TO 2014


WEATHER ITEM   OBSERVED TIME   RECORD YEAR NORMAL DEPARTURE LAST
                VALUE   (LST)  VALUE       VALUE  FROM      YEAR
                                                  NORMAL
..................................................................
TEMPERATURE (F)
 YESTERDAY
  MAXIMUM         72   1219 PM  98    1948  78     -6       88
  MINIMUM         59   1159 PM  43    1982  58      1       66
                                      1957
  AVERAGE         66                        68     -2       77

PRECIPITATION (IN)
  YESTERDAY        0.00          2.98 1990   0.11  -0.11      T
  MONTH TO DATE    3.49                      3.22   0.27     2.19
  SINCE JUN 1     11.41                     10.31   1.10    12.25
  SINCE JAN 1     28.79                     24.24   4.55    26.19

SNOWFALL (IN)
  YESTERDAY        0.0           0.0  2002   0.0    0.0      0.0
  MONTH TO DATE    0.0                       0.0    0.0      0.0
  SINCE JUN 1      0.0                       0.0    0.0      0.0
  SINCE JUL 1      0.0                       0.0    0.0      0.0
  SNOW DEPTH       0

DEGREE DAYS
 HEATING
  YESTERDAY        0                         1     -1        0
  MONTH TO DATE    8                        15     -7        3
  SINCE JUN 1     33                        84    -51       67
  SINCE JUL 1     10                        23    -13        6

 COOLING
  YESTERDAY        1                         4     -3       12
  MONTH TO DATE  130                       153    -23      132
  SINCE JUN 1    487                       469     18      559
  SINCE JAN 1    543                       499     44      611
..................................................................


WIND (MPH)
  HIGHEST WIND SPEED    21   HIGHEST WIND DIRECTION     W (260)
  HIGHEST GUST SPEED    26   HIGHEST GUST DIRECTION     W (280)
  AVERAGE WIND SPEED    10.0


SKY COVER
  POSSIBLE SUNSHINE  MM
  AVERAGE SKY COVER 0.7


WEATHER CONDITIONS
 THE FOLLOWING WEATHER WAS RECORDED YESTERDAY.
  NO SIGNIFICANT WEATHER WAS OBSERVED.


RELATIVE HUMIDITY (PERCENT)
 HIGHEST    90           600 AM
 LOWEST     47           200 PM
 AVERAGE    69

..........................................................


THE SYRACUSE NY CLIMATE NORMALS FOR TODAY
                         NORMAL    RECORD    YEAR
 MAXIMUM TEMPERATURE (F)   78        93      1953
 MINIMUM TEMPERATURE (F)   58        42      1986


SUNRISE AND SUNSET
AUGUST 29 2014........SUNRISE   625 AM EDT   SUNSET   744 PM EDT
AUGUST 30 2014........SUNRISE   627 AM EDT   SUNSET   743 PM EDT


-  INDICATES NEGATIVE NUMBERS.
R  INDICATES RECORD WAS SET OR TIED.
MM INDICATES DATA IS MISSING.
T  INDICATES TRACE AMOUNT.




$$
