000
CDUS41 KBGM 280637
CLISYR


CLIMATE REPORT
NATIONAL WEATHER SERVICE BINGHAMTON NY
235 AM EDT SUN AUG 28 2016


...................................

...THE SYRACUSE NY CLIMATE SUMMARY FOR AUGUST 27 2016...

CLIMATE NORMAL PERIOD 1981 TO 2010
CLIMATE RECORD PERIOD 1902 TO 2016


WEATHER ITEM   OBSERVED TIME   RECORD YEAR NORMAL DEPARTURE LAST
                VALUE   (LST)  VALUE       VALUE  FROM      YEAR
                                                  NORMAL
..................................................................
TEMPERATURE (F)
 YESTERDAY
  MAXIMUM         84    252 PM  97    1948  79      5       70
  MINIMUM         63    520 AM  40    1940  58      5       55
  AVERAGE         74                        68      6       63

PRECIPITATION (IN)
  YESTERDAY        0.00          1.48 1974   0.11  -0.11     0.12
  MONTH TO DATE    4.05                      3.11   0.94     1.91
  SINCE JUN 1      8.65                     10.20  -1.55    15.20
  SINCE JAN 1     23.21                     24.13  -0.92    27.32

SNOWFALL (IN)
  YESTERDAY        0.0           0.0  2002   0.0    0.0      0.0
  MONTH TO DATE    0.0                       0.0    0.0      0.0
  SINCE JUN 1      T                         0.0    0.0      0.0
  SINCE JUL 1      0.0                       0.0    0.0      0.0
  SNOW DEPTH       0

DEGREE DAYS
 HEATING
  YESTERDAY        0                         1     -1        2
  MONTH TO DATE    1                        14    -13        2
  SINCE JUN 1     54                        83    -29       60
  SINCE JUL 1      1                        22    -21        7

 COOLING
  YESTERDAY        9                         4      5        0
  MONTH TO DATE  263                       149    114      164
  SINCE JUN 1    629                       465    164      450
  SINCE JAN 1    685                       495    190      555
..................................................................


WIND (MPH)
  HIGHEST WIND SPEED    10   HIGHEST WIND DIRECTION    NE (50)
  HIGHEST GUST SPEED    14   HIGHEST GUST DIRECTION     W (280)
  AVERAGE WIND SPEED     3.6


SKY COVER
  POSSIBLE SUNSHINE  MM
  AVERAGE SKY COVER 0.3


WEATHER CONDITIONS
 THE FOLLOWING WEATHER WAS RECORDED YESTERDAY.
  NO SIGNIFICANT WEATHER WAS OBSERVED.


RELATIVE HUMIDITY (PERCENT)
 HIGHEST    93           300 AM
 LOWEST     48           200 PM
 AVERAGE    71

..........................................................


THE SYRACUSE NY CLIMATE NORMALS FOR TODAY
                         NORMAL    RECORD    YEAR
 MAXIMUM TEMPERATURE (F)   78        98      1948
 MINIMUM TEMPERATURE (F)   58        43      1982
                                             1957


SUNRISE AND SUNSET
AUGUST 28 2016........SUNRISE   625 AM EDT   SUNSET   745 PM EDT
AUGUST 29 2016........SUNRISE   626 AM EDT   SUNSET   744 PM EDT


-  INDICATES NEGATIVE NUMBERS.
R  INDICATES RECORD WAS SET OR TIED.
MM INDICATES DATA IS MISSING.
T  INDICATES TRACE AMOUNT.




$$
