000
CDUS41 KBGM 010545
CLISYR


CLIMATE REPORT
NATIONAL WEATHER SERVICE BINGHAMTON NY
1244 AM EST WED MAR 1 2017


...................................

...THE SYRACUSE NY CLIMATE SUMMARY FOR FEBRUARY 28 2017...

CLIMATE NORMAL PERIOD 1981 TO 2010
CLIMATE RECORD PERIOD 1902 TO 2017


WEATHER ITEM   OBSERVED TIME   RECORD YEAR NORMAL DEPARTURE LAST
                VALUE   (LST)  VALUE       VALUE  FROM      YEAR
                                                  NORMAL
..................................................................
TEMPERATURE (F)
 YESTERDAY
  MAXIMUM         59    249 PM  66    1954  37     22       63
  MINIMUM         32    114 AM  -4    2015  20     12       36
  AVERAGE         46                        29     17       50

PRECIPITATION (IN)
  YESTERDAY        T             0.71 1958   0.09  -0.09     0.00
  MONTH TO DATE    3.55                      2.07   1.48     4.77
  SINCE DEC 1      9.82                      7.79   2.03    11.31
  SINCE JAN 1      6.58                      4.57   2.01     6.48

SNOWFALL (IN)
  YESTERDAY        0.0           5.3  2006   0.8   -0.8      0.0
  MONTH TO DATE   32.7                      25.3    7.4     25.1
  SINCE DEC 1     78.3                      92.0  -13.7     66.0
  SINCE JUL 1    103.7                     101.9    1.8     66.8
  SNOW DEPTH       0

DEGREE DAYS
 HEATING
  YESTERDAY       19                        36    -17       15
  MONTH TO DATE  882                      1095   -213     1056
  SINCE DEC 1   3075                      3482   -407     2991
  SINCE JUL 1   4269                      4831   -562     4076

 COOLING
  YESTERDAY        0                         0      0        0
  MONTH TO DATE    0                         0      0        0
  SINCE DEC 1      0                         0      0        0
  SINCE JAN 1      0                         0      0        0
..................................................................


WIND (MPH)
  HIGHEST WIND SPEED    22   HIGHEST WIND DIRECTION     S (190)
  HIGHEST GUST SPEED    31   HIGHEST GUST DIRECTION     S (190)
  AVERAGE WIND SPEED     7.3


SKY COVER
  POSSIBLE SUNSHINE  MM
  AVERAGE SKY COVER 0.9


WEATHER CONDITIONS
 THE FOLLOWING WEATHER WAS RECORDED YESTERDAY.
  NO SIGNIFICANT WEATHER WAS OBSERVED.


RELATIVE HUMIDITY (PERCENT)
 HIGHEST    89           600 AM
 LOWEST     40           100 PM
 AVERAGE    65

..........................................................


THE SYRACUSE NY CLIMATE NORMALS FOR TODAY
                         NORMAL    RECORD    YEAR
 MAXIMUM TEMPERATURE (F)   38        63      1954
 MINIMUM TEMPERATURE (F)   20        -8      1980


SUNRISE AND SUNSET
MARCH  1 2017.........SUNRISE   640 AM EST   SUNSET   554 PM EST
MARCH  2 2017.........SUNRISE   638 AM EST   SUNSET   555 PM EST


-  INDICATES NEGATIVE NUMBERS.
R  INDICATES RECORD WAS SET OR TIED.
MM INDICATES DATA IS MISSING.
T  INDICATES TRACE AMOUNT.




$$
