000
CDKA40 PTYA 191600
CLIT11
DAILY CLIMATE REPORT
NATIONAL WEATHER SERVICE YAP FM
2AM LST SUN AUG 20 2017
THE YAP FM CLIMATE SUMMARY FOR AUGUST 19 2017
CLIMATE NORMAL PERIOD  1981  TO 2010
CLIMATE RECORD PERIOD  1951  TO 2017
WEATHER ITEM OBSERVED TIME  RECORD YEAR NORMAL DEPARTURE LAST
              VALUE   (LST) VALUE       VALUE    FROM    YEAR
                                                NORMAL
TEMPERATURE   (F)
TODAY
MAXIMUM       87  0845        97  2014     87      0        87
MINIMUM       76  1345        63  1999     78     -2        79
AVERAGE       82                           82      0        83
PRECIPITATION INCHES
TODAY           0.80     164.24/1996       0.51     0.29    0.37
MONTH TO DATE   5.30                       9.70    -4.40   10.35
SINCE 01 JUN   31.73                      37.94    -6.21   26.84
SINCE JAN 01   84.53                      70.79    13.74   43.91
