000
CDKA40 PTYA 300700
CLIT11
DAILY CLIMATE REPORT
NATIONAL WEATHER SERVICE YAP FM
5PM LST WED JUL 30 2014
THE YAP FM CLIMATE SUMMARY FOR JULY 30 2014
CLIMATE NORMAL PERIOD  1981  TO 2010
CLIMATE RECORD PERIOD  1951  TO 2014
WEATHER ITEM OBSERVED TIME  RECORD YEAR NORMAL DEPARTURE LAST
              VALUE   (LST) VALUE       VALUE    FROM    YEAR
                                                NORMAL
TEMPERATURE   (F)
TODAY
MAXIMUM       88   1150 AM 97  2014      87       1       93
MINIMUM       81   0250 AM 63  1999      78       3       78
AVERAGE       85                         83       2       76
PRECIPITATION INCHS
TODAY          0.00     164.24  1996    0.52   -0.52     0.21
MONTH TO DATE 16.62                    14.49    2.13     7.76
SINCE 01 JUN  26.57                    27.72    1.15    23.92
SINCE JAN 01  75.81                    60.57   15.24    48.94
