000
CDUS45 KPUB 261055
CLITAD


CLIMATE REPORT
NATIONAL WEATHER SERVICE PUEBLO
455 AM MDT FRI MAY 26 2017


...................................

...THE TRINIDAD CO CLIMATE SUMMARY FOR MAY 25 2017...

CLIMATE NORMAL PERIOD 1981 TO 2010
CLIMATE RECORD PERIOD 9999 TO 9999


WEATHER ITEM   OBSERVED TIME   NORMAL DEPARTURE LAST
                VALUE   (LST)  VALUE  FROM      YEAR
                                      NORMAL
......................................................
TEMPERATURE (F)
 YESTERDAY
  MAXIMUM         84    330 PM  77      7       81
  MINIMUM         51   1159 PM  47      4       45
  AVERAGE         68            62      6       63

PRECIPITATION (IN)
  YESTERDAY        0.00          0.06  -0.06     0.00
  MONTH TO DATE    2.27          1.25   1.02     0.32
  SINCE MAR 1      6.59          3.27   3.32     3.59
  SINCE JAN 1      8.15          4.16   3.99     4.00

DEGREE DAYS
 HEATING
  YESTERDAY        0             4     -4        2
  MONTH TO DATE  226           182     44      215
  SINCE MAR 1   1112          1350   -238     1339
  SINCE JUL 1   4568          5472   -904     4837

 COOLING
  YESTERDAY        3             1      2        0
  MONTH TO DATE   12            14     -2       10
  SINCE MAR 1     15            16     -1       11
  SINCE JAN 1     15            16     -1       11
......................................................


WIND (MPH)
  HIGHEST WIND SPEED    33   HIGHEST WIND DIRECTION     W (260)
  HIGHEST GUST SPEED    44   HIGHEST GUST DIRECTION     W (250)
  AVERAGE WIND SPEED    17.3


SKY COVER
  POSSIBLE SUNSHINE  MM
  AVERAGE SKY COVER 0.0


WEATHER CONDITIONS
 THE FOLLOWING WEATHER WAS RECORDED YESTERDAY.
  NO SIGNIFICANT WEATHER WAS OBSERVED.


RELATIVE HUMIDITY (PERCENT)
 HIGHEST    66          1100 PM
 LOWEST      8           600 PM
 AVERAGE    37

..........................................................




SUNRISE AND SUNSET
MAY 26 2017...........SUNRISE   541 AM MDT   SUNSET   808 PM MDT
MAY 27 2017...........SUNRISE   541 AM MDT   SUNSET   809 PM MDT


-  INDICATES NEGATIVE NUMBERS.
R  INDICATES RECORD WAS SET OR TIED.
MM INDICATES DATA IS MISSING.
T  INDICATES TRACE AMOUNT.




$$
