000
CDUS45 KPUB 241141
CLITAD


CLIMATE REPORT
NATIONAL WEATHER SERVICE PUEBLO
440 AM MST FRI NOV 24 2017


...................................

...THE TRINIDAD CO CLIMATE SUMMARY FOR NOVEMBER 23 2017...

CLIMATE NORMAL PERIOD 1981 TO 2010
CLIMATE RECORD PERIOD 9999 TO 9999


WEATHER ITEM   OBSERVED TIME   NORMAL DEPARTURE LAST
                VALUE   (LST)  VALUE  FROM      YEAR
                                      NORMAL
......................................................
TEMPERATURE (F)
 YESTERDAY
  MAXIMUM         69    325 PM  52     17       53
  MINIMUM         37    441 AM  22     15       26
  AVERAGE         53            37     16       40

PRECIPITATION (IN)
  YESTERDAY        0.00          0.02  -0.02     0.00
  MONTH TO DATE    0.36          0.56  -0.20     0.31
  SINCE SEP 1      4.37          2.70   1.67     1.47
  SINCE JAN 1     20.57         13.16   7.41     7.70

DEGREE DAYS
 HEATING
  YESTERDAY       12            28    -16       25
  MONTH TO DATE  401           525   -124      342
  SINCE SEP 1    855          1016   -161      561
  SINCE JUL 1    858          1026   -168      568

 COOLING
  YESTERDAY        0             0      0        0
  MONTH TO DATE    0             0      0        0
  SINCE SEP 1    111            77     34      149
  SINCE JAN 1    796           719     77      564
......................................................


WIND (MPH)
  HIGHEST WIND SPEED    18   HIGHEST WIND DIRECTION     W (250)
  HIGHEST GUST SPEED    22   HIGHEST GUST DIRECTION     W (250)
  AVERAGE WIND SPEED     9.7


SKY COVER
  POSSIBLE SUNSHINE  MM
  AVERAGE SKY COVER 0.0


WEATHER CONDITIONS
 THE FOLLOWING WEATHER WAS RECORDED YESTERDAY.
  NO SIGNIFICANT WEATHER WAS OBSERVED.


RELATIVE HUMIDITY (PERCENT)
 HIGHEST    70           300 AM
 LOWEST     25           300 PM
 AVERAGE    48

..........................................................




SUNRISE AND SUNSET
NOVEMBER 24 2017......SUNRISE   646 AM MST   SUNSET   442 PM MST
NOVEMBER 25 2017......SUNRISE   647 AM MST   SUNSET   442 PM MST


-  INDICATES NEGATIVE NUMBERS.
R  INDICATES RECORD WAS SET OR TIED.
MM INDICATES DATA IS MISSING.
T  INDICATES TRACE AMOUNT.




$$
