000
CDUS45 KPUB 221043
CLITAD


CLIMATE REPORT
NATIONAL WEATHER SERVICE PUEBLO
442 AM MDT FRI SEP 22 2017


...................................

...THE TRINIDAD CO CLIMATE SUMMARY FOR SEPTEMBER 21 2017...

CLIMATE NORMAL PERIOD 1981 TO 2010
CLIMATE RECORD PERIOD 9999 TO 9999


WEATHER ITEM   OBSERVED TIME   NORMAL DEPARTURE LAST
                VALUE   (LST)  VALUE  FROM      YEAR
                                      NORMAL
......................................................
TEMPERATURE (F)
 YESTERDAY
  MAXIMUM         88    158 PM  78     10       83
  MINIMUM         56    437 AM  47      9       64
  AVERAGE         72            62     10       74

PRECIPITATION (IN)
  YESTERDAY        0.00          0.03  -0.03      T
  MONTH TO DATE    0.97          0.95   0.02     1.01
  SINCE SEP 1      0.97          0.95   0.02     1.01
  SINCE JAN 1     17.17         11.41   5.76     7.24

DEGREE DAYS
 HEATING
  YESTERDAY        0             4     -4        0
  MONTH TO DATE   12            47    -35       16
  SINCE SEP 1     12            47    -35       16
  SINCE JUL 1     15            57    -42       23

 COOLING
  YESTERDAY        7             1      6        9
  MONTH TO DATE  102            67     35      115
  SINCE SEP 1    102            67     35      115
  SINCE JAN 1    787           709     78      530
......................................................


WIND (MPH)
  HIGHEST WIND SPEED    26   HIGHEST WIND DIRECTION     W (250)
  HIGHEST GUST SPEED    33   HIGHEST GUST DIRECTION     W (250)
  AVERAGE WIND SPEED    14.0


SKY COVER
  POSSIBLE SUNSHINE  MM
  AVERAGE SKY COVER 0.0


WEATHER CONDITIONS
 THE FOLLOWING WEATHER WAS RECORDED YESTERDAY.
  NO SIGNIFICANT WEATHER WAS OBSERVED.


RELATIVE HUMIDITY (PERCENT)
 HIGHEST    47           200 AM
 LOWEST     11           100 PM
 AVERAGE    29

..........................................................




SUNRISE AND SUNSET
SEPTEMBER 22 2017.....SUNRISE   645 AM MDT   SUNSET   654 PM MDT
SEPTEMBER 23 2017.....SUNRISE   646 AM MDT   SUNSET   652 PM MDT


-  INDICATES NEGATIVE NUMBERS.
R  INDICATES RECORD WAS SET OR TIED.
MM INDICATES DATA IS MISSING.
T  INDICATES TRACE AMOUNT.




$$
