000
CDUS45 KPUB 191151
CLITAD


CLIMATE REPORT
NATIONAL WEATHER SERVICE PUEBLO
451 AM MST THU JAN 19 2017


...................................

...THE TRINIDAD CO CLIMATE SUMMARY FOR JANUARY 18 2017...

CLIMATE NORMAL PERIOD 1981 TO 2010
CLIMATE RECORD PERIOD 9999 TO 9999


WEATHER ITEM   OBSERVED TIME   NORMAL DEPARTURE LAST
                VALUE   (LST)  VALUE  FROM      YEAR
                                      NORMAL
......................................................
TEMPERATURE (F)
 YESTERDAY
  MAXIMUM         40    300 PM  47     -7       58
  MINIMUM         22    957 PM  18      4       21
  AVERAGE         31            32     -1       40

PRECIPITATION (IN)
  YESTERDAY        0.00          0.02  -0.02     0.00
  MONTH TO DATE    1.40          0.23   1.17     0.24
  SINCE DEC 1      1.70          0.77   0.93     0.47
  SINCE JAN 1      1.40          0.23   1.17     0.24

DEGREE DAYS
 HEATING
  YESTERDAY       34            33      1       25
  MONTH TO DATE  629           594     35      633
  SINCE DEC 1   1655          1629     26     1546
  SINCE JUL 1   2421          2862   -441     2464

 COOLING
  YESTERDAY        0             0      0        0
  MONTH TO DATE    0             0      0        0
  SINCE DEC 1      0             0      0        0
  SINCE JAN 1      0             0      0        0
......................................................


WIND (MPH)
  HIGHEST WIND SPEED    24   HIGHEST WIND DIRECTION     W (250)
  HIGHEST GUST SPEED    27   HIGHEST GUST DIRECTION     W (250)
  AVERAGE WIND SPEED    10.1


SKY COVER
  POSSIBLE SUNSHINE  MM
  AVERAGE SKY COVER 0.0


WEATHER CONDITIONS
 THE FOLLOWING WEATHER WAS RECORDED YESTERDAY.
  NO SIGNIFICANT WEATHER WAS OBSERVED.


RELATIVE HUMIDITY (PERCENT)
 HIGHEST    78          1200 AM
 LOWEST     54           300 PM
 AVERAGE    66

..........................................................




SUNRISE AND SUNSET
JANUARY 19 2017.......SUNRISE   709 AM MST   SUNSET   508 PM MST
JANUARY 20 2017.......SUNRISE   708 AM MST   SUNSET   509 PM MST


-  INDICATES NEGATIVE NUMBERS.
R  INDICATES RECORD WAS SET OR TIED.
MM INDICATES DATA IS MISSING.
T  INDICATES TRACE AMOUNT.




$$
