000
CDUS45 KPUB 251038
CLITAD


CLIMATE REPORT
NATIONAL WEATHER SERVICE PUEBLO
438 AM MDT SAT MAR 25 2017


...................................

...THE TRINIDAD CO CLIMATE SUMMARY FOR MARCH 24 2017...

CLIMATE NORMAL PERIOD 1981 TO 2010
CLIMATE RECORD PERIOD 9999 TO 9999


WEATHER ITEM   OBSERVED TIME   NORMAL DEPARTURE LAST
                VALUE   (LST)  VALUE  FROM      YEAR
                                      NORMAL
......................................................
TEMPERATURE (F)
 YESTERDAY
  MAXIMUM         50   1200 AM  60    -10       58
  MINIMUM         33   1159 PM  28      5       14
  AVERAGE         42            44     -2       36

PRECIPITATION (IN)
  YESTERDAY        0.52          0.03   0.49     0.00
  MONTH TO DATE    0.52          0.67  -0.15     0.03
  SINCE MAR 1      0.52          0.67  -0.15     0.03
  SINCE JAN 1      2.08          1.56   0.52     0.44

DEGREE DAYS
 HEATING
  YESTERDAY       23            21      2       29
  MONTH TO DATE  342           566   -224      476
  SINCE MAR 1    342           566   -224      476
  SINCE JUL 1   3798          4688   -890     3974

 COOLING
  YESTERDAY        0             0      0        0
  MONTH TO DATE    1             0      1        0
  SINCE MAR 1      1             0      1        0
  SINCE JAN 1      1             0      1        0
......................................................


WIND (MPH)
  HIGHEST WIND SPEED    48   HIGHEST WIND DIRECTION     N (340)
  HIGHEST GUST SPEED    64   HIGHEST GUST DIRECTION    NW (330)
  AVERAGE WIND SPEED    20.6


SKY COVER
  POSSIBLE SUNSHINE  MM
  AVERAGE SKY COVER 0.6


WEATHER CONDITIONS
 THE FOLLOWING WEATHER WAS RECORDED YESTERDAY.
  THUNDERSTORM
  HEAVY RAIN
  RAIN
  LIGHT RAIN
  HEAVY SNOW
  SNOW
  LIGHT SNOW
  FOG
  FOG W/VISIBILITY <= 1/4 MILE
  HAZE


RELATIVE HUMIDITY (PERCENT)
 HIGHEST    96           700 AM
 LOWEST     70           600 PM
 AVERAGE    83

..........................................................




SUNRISE AND SUNSET
MARCH 25 2017.........SUNRISE   653 AM MDT   SUNSET   714 PM MDT
MARCH 26 2017.........SUNRISE   651 AM MDT   SUNSET   715 PM MDT


-  INDICATES NEGATIVE NUMBERS.
R  INDICATES RECORD WAS SET OR TIED.
MM INDICATES DATA IS MISSING.
T  INDICATES TRACE AMOUNT.




$$
