000
CDUS44 KBMX 010149
CLITCL


CLIMATE REPORT
NATIONAL WEATHER SERVICE BIRMINGHAM, AL
848 PM CDT SUN APR 30 2017


...................................

...THE TUSCALOOSA CLIMATE SUMMARY FOR APRIL 30 2017...
VALID TODAY AS OF 0700 PM LOCAL TIME.

CLIMATE NORMAL PERIOD 1981 TO 2010
CLIMATE RECORD PERIOD 1948 TO 2017


WEATHER ITEM   OBSERVED TIME   RECORD YEAR NORMAL DEPARTURE LAST
                VALUE   (LST)  VALUE       VALUE  FROM      YEAR
                                                  NORMAL
..................................................................
TEMPERATURE (F)
 TODAY
  MAXIMUM         79   1141 AM  92    1987  80     -1       81
  MINIMUM         67    458 PM  42    1969  55     12       62
                                      1965
  AVERAGE         73                        67      6       72

PRECIPITATION (IN)
  TODAY            0.59          1.14 1976   0.13   0.46      T
  MONTH TO DATE    7.48                      4.21   3.27     3.92
  SINCE MAR 1     11.20                      8.75   2.45    10.11
  SINCE JAN 1     22.41                     19.42   2.99    19.71

SNOWFALL (IN)
  TODAY            0.0                       0.0    0.0
  MONTH TO DATE    0.0                       T      0.0
  SINCE MAR 1      0.0                       0.3   -0.3
  SINCE JUL 1      0.0                       0.7   -0.7
  SNOW DEPTH       0

DEGREE DAYS

 COOLING
  TODAY            8                         4      4
  MONTH TO DATE  129                        65     64
  SINCE MAR 1    179                        83     96
  SINCE JAN 1    198                        88    110
..................................................................


WIND (MPH)
  HIGHEST WIND SPEED    30   HIGHEST WIND DIRECTION    SW (240)
  HIGHEST GUST SPEED    42   HIGHEST GUST DIRECTION    SW (210)
  AVERAGE WIND SPEED    10.8


SKY COVER
  AVERAGE SKY COVER 0.5


WEATHER CONDITIONS
 THE FOLLOWING WEATHER WAS RECORDED TODAY.
  THUNDERSTORM
  HEAVY RAIN
  RAIN
  LIGHT RAIN
  FOG


RELATIVE HUMIDITY (PERCENT)
 HIGHEST   100           100 PM
 LOWEST     71          1100 AM
 AVERAGE    86

..........................................................


THE TUSCALOOSA CLIMATE NORMALS FOR TOMORROW
                         NORMAL    RECORD    YEAR
 MAXIMUM TEMPERATURE (F)   80        92      1959
                                             1951
 MINIMUM TEMPERATURE (F)   55        42      1996
                                             1988


SUNRISE AND SUNSET
APRIL 30 2017.........SUNRISE   603 AM CDT   SUNSET   732 PM CDT
MAY  1 2017...........SUNRISE   602 AM CDT   SUNSET   733 PM CDT


-  INDICATES NEGATIVE NUMBERS.
R  INDICATES RECORD WAS SET OR TIED.
MM INDICATES DATA IS MISSING.
T  INDICATES TRACE AMOUNT.




$$
