000
CDUS44 KBMX 050839
CLITCL


CLIMATE REPORT
NATIONAL WEATHER SERVICE BIRMINGHAM, AL
339 AM CDT THU MAY 5 2016


...................................

...THE TUSCALOOSA CLIMATE SUMMARY FOR MAY 4 2016...

CLIMATE NORMAL PERIOD 1994 TO 1994
CLIMATE RECORD PERIOD 1948 TO 2016


WEATHER ITEM   OBSERVED TIME   RECORD YEAR NORMAL DEPARTURE LAST
                VALUE   (LST)  VALUE       VALUE  FROM      YEAR
                                                  NORMAL
..................................................................
TEMPERATURE (F)
 YESTERDAY
  MAXIMUM         76    350 PM  92    1959  81     -5       84
                                      1955
  MINIMUM         51    524 AM  36    1976  56     -5       55
  AVERAGE         64                        68     -4       70

PRECIPITATION (IN)
  YESTERDAY        T             1.10 1958   0.12  -0.12     0.00
  MONTH TO DATE    0.11                      0.49  -0.38     0.00
  SINCE MAR 1     10.22                      9.24   0.98    12.51
  SINCE JAN 1     19.82                     19.91  -0.09    23.26

..................................................................


WIND (MPH)
  HIGHEST WIND SPEED    24   HIGHEST WIND DIRECTION     N (350)
  HIGHEST GUST SPEED    30   HIGHEST GUST DIRECTION     N (350)
  AVERAGE WIND SPEED     6.2


SKY COVER
  AVERAGE SKY COVER 0.3


WEATHER CONDITIONS
 THE FOLLOWING WEATHER WAS RECORDED YESTERDAY.
  LIGHT RAIN
  FOG


RELATIVE HUMIDITY (PERCENT)
 HIGHEST   100           500 AM
 LOWEST     35          1100 AM
 AVERAGE    68

..........................................................


THE TUSCALOOSA CLIMATE NORMALS FOR TODAY
                         NORMAL    RECORD    YEAR
 MAXIMUM TEMPERATURE (F)   81        95      1952
 MINIMUM TEMPERATURE (F)   57        40      1957
                                             1954


SUNRISE AND SUNSET
MAY  5 2016...........SUNRISE   558 AM CDT   SUNSET   736 PM CDT
MAY  6 2016...........SUNRISE   557 AM CDT   SUNSET   737 PM CDT


-  INDICATES NEGATIVE NUMBERS.
R  INDICATES RECORD WAS SET OR TIED.
MM INDICATES DATA IS MISSING.
T  INDICATES TRACE AMOUNT.




$$
