000
CDUS44 KBMX 240019
CLITCL


CLIMATE REPORT
NATIONAL WEATHER SERVICE BIRMINGHAM, AL
719 PM CDT SAT MAY 23 2015


...................................

...THE TUSCALOOSA CLIMATE SUMMARY FOR MAY 23 2015...
VALID TODAY AS OF 0700 PM LOCAL TIME.

CLIMATE NORMAL PERIOD 1994 TO 1994
CLIMATE RECORD PERIOD 1994 TO 2015


WEATHER ITEM   OBSERVED TIME   RECORD YEAR NORMAL DEPARTURE LAST
                VALUE   (LST)  VALUE       VALUE  FROM      YEAR
                                                  NORMAL
..................................................................
TEMPERATURE (F)
 TODAY
  MAXIMUM         87    332 PM  96    1996  85      2       90
  MINIMUM         54    521 AM  48    2001  62     -8       63
  AVERAGE         71                        74     -3       77

PRECIPITATION (IN)
  TODAY            0.00          1.54 1976   0.13  -0.13     0.00
  MONTH TO DATE    0.45                      2.95  -2.50     0.71
  SINCE MAR 1     12.96                     11.70   1.26    16.45
  SINCE JAN 1     23.71                     22.37   1.34    24.17

DEGREE DAYS
 COOLING
  TODAY            6                         9     -3
  MONTH TO DATE  174                       146     28
  SINCE MAR 1    271                       229     42
  SINCE JAN 1    271                       234     37
..................................................................


WIND (MPH)
  HIGHEST WIND SPEED    14   HIGHEST WIND DIRECTION     S (180)
  HIGHEST GUST SPEED    20   HIGHEST GUST DIRECTION    SE (130)
  AVERAGE WIND SPEED     4.9


SKY COVER
  AVERAGE SKY COVER 0.0


WEATHER CONDITIONS
 THE FOLLOWING WEATHER WAS RECORDED TODAY.
  FOG


RELATIVE HUMIDITY (PERCENT)
 HIGHEST    93           100 AM
 LOWEST     37           300 PM
 AVERAGE    65

..........................................................


THE TUSCALOOSA CLIMATE NORMALS FOR TOMORROW
                         NORMAL    RECORD    YEAR
 MAXIMUM TEMPERATURE (F)   85        97      1996
 MINIMUM TEMPERATURE (F)   62        50      2002


SUNRISE AND SUNSET
MAY 23 2015...........SUNRISE   546 AM CDT   SUNSET   749 PM CDT
MAY 24 2015...........SUNRISE   545 AM CDT   SUNSET   750 PM CDT


-  INDICATES NEGATIVE NUMBERS.
R  INDICATES RECORD WAS SET OR TIED.
MM INDICATES DATA IS MISSING.
T  INDICATES TRACE AMOUNT.




$$
