000
CDUS44 KBMX 232147
CLITCL


CLIMATE REPORT
NATIONAL WEATHER SERVICE BIRMINGHAM, AL
447 PM CDT THU MAR 23 2017


...................................

...THE TUSCALOOSA CLIMATE SUMMARY FOR MARCH 23 2017...
VALID TODAY AS OF 0400 PM LOCAL TIME.

CLIMATE NORMAL PERIOD 1981 TO 2010
CLIMATE RECORD PERIOD 1948 TO 2017


WEATHER ITEM   OBSERVED TIME   RECORD YEAR NORMAL DEPARTURE LAST
                VALUE   (LST)  VALUE       VALUE  FROM      YEAR
                                                  NORMAL
..................................................................
TEMPERATURE (F)
 TODAY
  MAXIMUM         80    339 PM  90    1995  71      9       76
  MINIMUM         46    555 AM  27    1986  45      1       53
  AVERAGE         63                        58      5       65

PRECIPITATION (IN)
  TODAY            0.00          2.10 2012   0.13  -0.13     0.00
  MONTH TO DATE    3.22                      3.39  -0.17     4.18
  SINCE MAR 1      3.22                      3.39  -0.17     4.18
  SINCE JAN 1     14.43                     14.06   0.37    13.78

SNOWFALL (IN)
  TODAY            0.0                       0.1   -0.1
  MONTH TO DATE    0.0                       0.3   -0.3
  SINCE MAR 1      0.0                       0.3   -0.3
  SINCE JUL 1      0.0                       0.7   -0.7
  SNOW DEPTH       0

DEGREE DAYS

 COOLING
  TODAY            0                         1     -1
  MONTH TO DATE   11                        15     -4
  SINCE MAR 1     11                        15     -4
  SINCE JAN 1     30                        20     10
..................................................................


WIND (MPH)
  HIGHEST WIND SPEED    13   HIGHEST WIND DIRECTION    SE (150)
  HIGHEST GUST SPEED    19   HIGHEST GUST DIRECTION    SE (130)
  AVERAGE WIND SPEED     4.5


SKY COVER
  AVERAGE SKY COVER 0.0


WEATHER CONDITIONS
 THE FOLLOWING WEATHER WAS RECORDED TODAY.
  NO SIGNIFICANT WEATHER WAS OBSERVED.


RELATIVE HUMIDITY (PERCENT)
 HIGHEST    76           600 AM
 LOWEST     39           300 PM
 AVERAGE    58

..........................................................


THE TUSCALOOSA CLIMATE NORMALS FOR TOMORROW
                         NORMAL    RECORD    YEAR
 MAXIMUM TEMPERATURE (F)   71        85      2007
 MINIMUM TEMPERATURE (F)   45        23      1968


SUNRISE AND SUNSET
MARCH 23 2017.........SUNRISE   650 AM CDT   SUNSET   704 PM CDT
MARCH 24 2017.........SUNRISE   649 AM CDT   SUNSET   705 PM CDT


-  INDICATES NEGATIVE NUMBERS.
R  INDICATES RECORD WAS SET OR TIED.
MM INDICATES DATA IS MISSING.
T  INDICATES TRACE AMOUNT.




$$
