000
CDUS44 KBMX 280814
CLITCL


CLIMATE REPORT
NATIONAL WEATHER SERVICE BIRMINGHAM, AL
213 AM CST SUN DEC 28 2014


...................................

...THE TUSCALOOSA CLIMATE SUMMARY FOR DECEMBER 27 2014...

CLIMATE NORMAL PERIOD 1981 TO 2010
CLIMATE RECORD PERIOD 1948 TO 2014


WEATHER ITEM   OBSERVED TIME   RECORD YEAR NORMAL DEPARTURE LAST
                VALUE   (LST)  VALUE       VALUE  FROM      YEAR
                                                  NORMAL
..................................................................
TEMPERATURE (F)
 YESTERDAY
  MAXIMUM         58    212 PM  78    1982  56      2       57
  MINIMUM         47    727 AM  19    1970  35     12       28
  AVERAGE         53                        45      8       43

PRECIPITATION (IN)
  YESTERDAY        1.76R         1.76 2014   0.13   1.63     0.00
  MONTH TO DATE    5.71                      4.12   1.59     5.99
  SINCE DEC 1      5.71                      4.12   1.59     5.99
  SINCE JAN 1     48.58                     52.10  -3.52    49.82

SNOWFALL (IN)
  YESTERDAY        0.0                       0.0    0.0
  MONTH TO DATE    0.0                       0.0    0.0
  SINCE DEC 1      0.0                       0.0    0.0
  SINCE JUL 1      0.0                       0.0    0.0

DEGREE DAYS
 HEATING
  YESTERDAY       12                        20     -8
  MONTH TO DATE  391                       483    -92
  SINCE DEC 1    391                       483    -92
  SINCE JUL 1    935                       920     15
..................................................................


WIND (MPH)
  HIGHEST WIND SPEED    17   HIGHEST WIND DIRECTION     W (290)
  HIGHEST GUST SPEED    23   HIGHEST GUST DIRECTION     S (180)
  AVERAGE WIND SPEED     5.5


SKY COVER
  AVERAGE SKY COVER 0.9


WEATHER CONDITIONS
 THE FOLLOWING WEATHER WAS RECORDED YESTERDAY.
  THUNDERSTORM
  HEAVY RAIN
  RAIN
  LIGHT RAIN
  FOG


RELATIVE HUMIDITY (PERCENT)
 HIGHEST    93           600 AM
 LOWEST     59           300 AM
 AVERAGE    76

..........................................................


THE TUSCALOOSA CLIMATE NORMALS FOR TODAY
                         NORMAL    RECORD    YEAR
 MAXIMUM TEMPERATURE (F)   56        77      1984
 MINIMUM TEMPERATURE (F)   35        19      2010


SUNRISE AND SUNSET
DECEMBER 28 2014......SUNRISE   653 AM CST   SUNSET   451 PM CST
DECEMBER 29 2014......SUNRISE   653 AM CST   SUNSET   452 PM CST


-  INDICATES NEGATIVE NUMBERS.
R  INDICATES RECORD WAS SET OR TIED.
MM INDICATES DATA IS MISSING.
T  INDICATES TRACE AMOUNT.




$$
