000
CDUS42 KTAE 220635
CLITLH


CLIMATE REPORT
NATIONAL WEATHER SERVICE TALLAHASSEE FL
234 AM EDT FRI SEP 22 2017


...................................

...THE TALLAHASSEE CLIMATE SUMMARY FOR SEPTEMBER 21 2017...

CLIMATE NORMAL PERIOD 1981 TO 2010
CLIMATE RECORD PERIOD 1896 TO 2017


WEATHER ITEM   OBSERVED TIME   RECORD YEAR NORMAL DEPARTURE LAST
                VALUE   (LST)  VALUE       VALUE  FROM      YEAR
                                                  NORMAL
..................................................................
TEMPERATURE (F)
 YESTERDAY
  MAXIMUM         89   1259 PM  99    1997  88      1       93
                                      1925
  MINIMUM         71   1150 PM  50    1981  67      4       75
  AVERAGE         80                        77      3       84

PRECIPITATION (IN)
  YESTERDAY        0.03          8.86 1969   0.14  -0.11     0.00
  MONTH TO DATE    3.43                      3.44  -0.01     7.34
  SINCE SEP 1      3.43                      3.44  -0.01     7.34
  SINCE JAN 1     48.70                     47.35   1.35    54.65

SNOWFALL (IN)
  YESTERDAY        0.0                       0.0    0.0

DEGREE DAYS
 HEATING
  YESTERDAY        0                                0
  MONTH TO DATE    1                                1
  SINCE SEP 1      1                                1
  SINCE JUL 1      1                                1

 COOLING
  YESTERDAY       15                                3
  MONTH TO DATE  275                              -25
  SINCE SEP 1    275                              -25
  SINCE JAN 1   2453                              200
..................................................................


WIND (MPH)
  HIGHEST WIND SPEED    20   HIGHEST WIND DIRECTION     E (90)
  HIGHEST GUST SPEED    24   HIGHEST GUST DIRECTION     W (270)
  AVERAGE WIND SPEED     2.6




RELATIVE HUMIDITY (PERCENT)
 HIGHEST   100
 LOWEST     59
 AVERAGE    80

..........................................................


THE TALLAHASSEE CLIMATE NORMALS FOR TODAY
                         NORMAL    RECORD    YEAR
 MAXIMUM TEMPERATURE (F)   87        97      1925
 MINIMUM TEMPERATURE (F)   67        49      1913


SUNRISE AND SUNSET
SEPTEMBER 22 2017.....SUNRISE   726 AM EDT   SUNSET   734 PM EDT
SEPTEMBER 23 2017.....SUNRISE   726 AM EDT   SUNSET   732 PM EDT


-  INDICATES NEGATIVE NUMBERS.
R  INDICATES RECORD WAS SET OR TIED.
MM INDICATES DATA IS MISSING.
T  INDICATES TRACE AMOUNT.




$$
