000
CDUS42 KTAE 210632
CLITLH


CLIMATE REPORT
NATIONAL WEATHER SERVICE TALLAHASSEE FL
132 AM EST TUE NOV 21 2017


...................................

...THE TALLAHASSEE CLIMATE SUMMARY FOR NOVEMBER 20 2017...

CLIMATE NORMAL PERIOD 1981 TO 2010
CLIMATE RECORD PERIOD 1896 TO 2017


WEATHER ITEM   OBSERVED TIME   RECORD YEAR NORMAL DEPARTURE LAST
                VALUE   (LST)  VALUE       VALUE  FROM      YEAR
                                                  NORMAL
..................................................................
TEMPERATURE (F)
 YESTERDAY
  MAXIMUM         67    402 PM  84    1941  72     -5       66
  MINIMUM         33    710 AM  23    2014  46    -13       36
  AVERAGE         50                        59     -9       51

PRECIPITATION (IN)
  YESTERDAY        0.00          2.46 2005   0.12  -0.12     0.00
                                      1983
  MONTH TO DATE    0.01                      2.25  -2.24      T
  SINCE SEP 1      7.41                     10.17  -2.76     7.82
  SINCE JAN 1     52.68                     54.08  -1.40    55.13

SNOWFALL (IN)
  YESTERDAY        0.0                       0.0    0.0

DEGREE DAYS
 HEATING
  YESTERDAY       15                                8
  MONTH TO DATE   68                              -37
  SINCE SEP 1    121                              -31
  SINCE JUL 1    121                              -31

 COOLING
  YESTERDAY        0                               -1
  MONTH TO DATE   38                                1
  SINCE SEP 1    758                              141
  SINCE JAN 1   2936                              366
..................................................................


WIND (MPH)
  HIGHEST WIND SPEED    13   HIGHEST WIND DIRECTION     E (80)
  HIGHEST GUST SPEED    17   HIGHEST GUST DIRECTION     E (90)
  AVERAGE WIND SPEED     3.6




RELATIVE HUMIDITY (PERCENT)
 HIGHEST    92
 LOWEST     29
 AVERAGE    61

..........................................................


THE TALLAHASSEE CLIMATE NORMALS FOR TODAY
                         NORMAL    RECORD    YEAR
 MAXIMUM TEMPERATURE (F)   71        85      2011
 MINIMUM TEMPERATURE (F)   46        24      1968
                                             1937


SUNRISE AND SUNSET
NOVEMBER 21 2017......SUNRISE   708 AM EST   SUNSET   538 PM EST
NOVEMBER 22 2017......SUNRISE   709 AM EST   SUNSET   538 PM EST


-  INDICATES NEGATIVE NUMBERS.
R  INDICATES RECORD WAS SET OR TIED.
MM INDICATES DATA IS MISSING.
T  INDICATES TRACE AMOUNT.




$$
