000
CDUS42 KTAE 270635
CLITLH


CLIMATE REPORT
NATIONAL WEATHER SERVICE TALLAHASSEE FL
233 AM EDT WED AUG 27 2014


...................................

...THE TALLAHASSEE CLIMATE SUMMARY FOR AUGUST 26 2014...

CLIMATE NORMAL PERIOD 1981 TO 2010
CLIMATE RECORD PERIOD 1896 TO 2014


WEATHER ITEM   OBSERVED TIME   RECORD YEAR NORMAL DEPARTURE LAST
                VALUE   (LST)  VALUE       VALUE  FROM      YEAR
                                                  NORMAL
..................................................................
TEMPERATURE (F)
 YESTERDAY
  MAXIMUM         94    430 PM 101    1938  91      3
  MINIMUM         75    638 AM  60    1997  72      3
  AVERAGE         85                        82      3

PRECIPITATION (IN)
  YESTERDAY        0.00          1.83 1993   0.21  -0.21     0.00
  MONTH TO DATE    1.93                      6.40  -4.47     7.52
  SINCE JUN 1      8.66                     21.30 -12.64    29.80
  SINCE JAN 1     40.75                     42.96  -2.21    52.19

SNOWFALL (IN)
  YESTERDAY        0.0                       0.0    0.0

DEGREE DAYS
 HEATING
  YESTERDAY        0                                0
  MONTH TO DATE    0                                0
  SINCE JUN 1      0                                0
  SINCE JUL 1      0                                0

 COOLING
  YESTERDAY       20                                4
  MONTH TO DATE  524                               83
  SINCE JUN 1   1590                              163
  SINCE JAN 1   2079                              206
..................................................................


WIND (MPH)
  HIGHEST WIND SPEED    21   HIGHEST WIND DIRECTION    NE (40)
  HIGHEST GUST SPEED    MM   HIGHEST GUST DIRECTION    NE (30)
  AVERAGE WIND SPEED     7.5




RELATIVE HUMIDITY (PERCENT)
 HIGHEST    74
 LOWEST     41
 AVERAGE    58

..........................................................


THE TALLAHASSEE CLIMATE NORMALS FOR TODAY
                         NORMAL    RECORD    YEAR
 MAXIMUM TEMPERATURE (F)   91       102      2011
 MINIMUM TEMPERATURE (F)   72        61      1969


SUNRISE AND SUNSET
AUGUST 27 2014........SUNRISE   711 AM EDT   SUNSET   806 PM EDT
AUGUST 28 2014........SUNRISE   712 AM EDT   SUNSET   805 PM EDT


-  INDICATES NEGATIVE NUMBERS.
R  INDICATES RECORD WAS SET OR TIED.
MM INDICATES DATA IS MISSING.
T  INDICATES TRACE AMOUNT.




$$
