000
CDUS42 KTAE 280631
CLITLH


CLIMATE REPORT
NATIONAL WEATHER SERVICE TALLAHASSEE FL
231 AM EDT FRI JUL 28 2017


...................................

...THE TALLAHASSEE CLIMATE SUMMARY FOR JULY 27 2017...

CLIMATE NORMAL PERIOD 1981 TO 2010
CLIMATE RECORD PERIOD 1896 TO 2017


WEATHER ITEM   OBSERVED TIME   RECORD YEAR NORMAL DEPARTURE LAST
                VALUE   (LST)  VALUE       VALUE  FROM      YEAR
                                                  NORMAL
..................................................................
TEMPERATURE (F)
 YESTERDAY
  MAXIMUM         93    413 PM  99    2006  92      1       96
                                      1936
  MINIMUM         75    637 AM  65    1911  72      3       74
  AVERAGE         84                        82      2       85

PRECIPITATION (IN)
  YESTERDAY        0.00          2.38 1897   0.23  -0.23     0.05
  MONTH TO DATE    4.56                      6.18  -1.62     7.36
  SINCE JUN 1     17.30                     13.91   3.39    15.74
  SINCE JAN 1     37.10                     35.57   1.53    39.14

SNOWFALL (IN)
  YESTERDAY        0.0                       0.0    0.0

DEGREE DAYS
 HEATING
  YESTERDAY        0                                0
  MONTH TO DATE    0                                0
  SINCE JUN 1      0                                0
  SINCE JUL 1      0                                0

 COOLING
  YESTERDAY       19                                2
  MONTH TO DATE  486                               27
  SINCE JUN 1    924                                8
  SINCE JAN 1   1551                              189
..................................................................


WIND (MPH)
  HIGHEST WIND SPEED    12   HIGHEST WIND DIRECTION     N (350)
  HIGHEST GUST SPEED    15   HIGHEST GUST DIRECTION     N (350)
  AVERAGE WIND SPEED     3.8




RELATIVE HUMIDITY (PERCENT)
 HIGHEST   100
 LOWEST     52
 AVERAGE    76

..........................................................


THE TALLAHASSEE CLIMATE NORMALS FOR TODAY
                         NORMAL    RECORD    YEAR
 MAXIMUM TEMPERATURE (F)   92       101      1993
 MINIMUM TEMPERATURE (F)   72        64      1920


SUNRISE AND SUNSET
JULY 28 2017..........SUNRISE   654 AM EDT   SUNSET   834 PM EDT
JULY 29 2017..........SUNRISE   654 AM EDT   SUNSET   833 PM EDT


-  INDICATES NEGATIVE NUMBERS.
R  INDICATES RECORD WAS SET OR TIED.
MM INDICATES DATA IS MISSING.
T  INDICATES TRACE AMOUNT.




$$
