000
CDUS42 KTAE 030634
CLITLH


CLIMATE REPORT
NATIONAL WEATHER SERVICE TALLAHASSEE FL
233 AM EDT WED JUN 3 2015


...................................

...THE TALLAHASSEE CLIMATE SUMMARY FOR JUNE 2 2015...

CLIMATE NORMAL PERIOD 1981 TO 2010
CLIMATE RECORD PERIOD 1896 TO 2015


WEATHER ITEM   OBSERVED TIME   RECORD YEAR NORMAL DEPARTURE LAST
                VALUE   (LST)  VALUE       VALUE  FROM      YEAR
                                                  NORMAL
..................................................................
TEMPERATURE (F)
 YESTERDAY
  MAXIMUM         87    127 PM 102    1927  90     -3       87
  MINIMUM         69    614 AM  49    1972  67      2       71
  AVERAGE         78                        78      0       79

PRECIPITATION (IN)
  YESTERDAY        0.92          2.28 1939   0.22   0.70     0.17
  MONTH TO DATE    1.30                      0.43   0.87     0.18
  SINCE JUN 1      1.30                      0.43   0.87     0.18
  SINCE JAN 1     19.83                     22.09  -2.26    32.27

SNOWFALL (IN)
  YESTERDAY        0.0                       0.0    0.0

DEGREE DAYS
 HEATING
  YESTERDAY        0                                0
  MONTH TO DATE    0                                0
  SINCE JUN 1      0                                0
  SINCE JUL 1   1441                             -154

 COOLING
  YESTERDAY       13                                0
  MONTH TO DATE   27                                1
  SINCE JUN 1     27                                1
  SINCE JAN 1    848                              376
..................................................................


WIND (MPH)
  HIGHEST WIND SPEED    23   HIGHEST WIND DIRECTION     S (200)
  HIGHEST GUST SPEED    26   HIGHEST GUST DIRECTION     S (200)
  AVERAGE WIND SPEED     2.1




RELATIVE HUMIDITY (PERCENT)
 HIGHEST   100
 LOWEST     55
 AVERAGE    78

..........................................................


THE TALLAHASSEE CLIMATE NORMALS FOR TODAY
                         NORMAL    RECORD    YEAR
 MAXIMUM TEMPERATURE (F)   90       102      1927
 MINIMUM TEMPERATURE (F)   67        54      1972
                                             1896


SUNRISE AND SUNSET
JUNE  3 2015..........SUNRISE   636 AM EDT   SUNSET   836 PM EDT
JUNE  4 2015..........SUNRISE   635 AM EDT   SUNSET   836 PM EDT


-  INDICATES NEGATIVE NUMBERS.
R  INDICATES RECORD WAS SET OR TIED.
MM INDICATES DATA IS MISSING.
T  INDICATES TRACE AMOUNT.




$$
