000
CDUS44 KBMX 282213
CLITOI


CLIMATE REPORT
NATIONAL WEATHER SERVICE BIRMINGHAM, AL
513 PM CDT TUE MAR 28 2017


...................................

...THE TROY CLIMATE SUMMARY FOR MARCH 28 2017...
VALID TODAY AS OF 0500 PM LOCAL TIME.

CLIMATE NORMAL PERIOD 1981 TO 2010
CLIMATE RECORD PERIOD 9999 TO 9999


WEATHER ITEM   OBSERVED TIME   RECORD YEAR NORMAL DEPARTURE LAST
                VALUE   (LST)  VALUE       VALUE  FROM      YEAR
                                                  NORMAL
..................................................................
TEMPERATURE (F)
 TODAY
  MAXIMUM         84    151 PM  MM      MM  72     12       79
  MINIMUM         64    552 AM  MM      MM  46     18       52
  AVERAGE         74                        59     15       66

PRECIPITATION (IN)
  TODAY            0.00                      0.22  -0.22      T
  MONTH TO DATE    2.20                      5.39  -3.19     4.82
  SINCE MAR 1      2.20                      5.39  -3.19     4.82
  SINCE JAN 1     20.83                     14.52   6.31    11.17

SNOWFALL (IN)
  TODAY            0.0                      MM     MM        0.0
  MONTH TO DATE    0.0                      MM     MM        0.0
  SINCE MAR 1      0.0                      MM     MM        0.0
  SINCE JUL 1      0.0                      MM     MM         T
  SNOW DEPTH       0

DEGREE DAYS
 HEATING
  TODAY            0                         7     -7        0
  MONTH TO DATE  217                       263    -46      127
  SINCE MAR 1    217                       263    -46      127
  SINCE JUL 1   1378                      2182   -804     1432

 COOLING
  TODAY            9                         1      8        1
  MONTH TO DATE   43                         8     35       75
  SINCE MAR 1     43                         8     35       75
  SINCE JAN 1     65                        13     52       82
..................................................................


WIND (MPH)
  HIGHEST WIND SPEED    14   HIGHEST WIND DIRECTION     S (200)
  HIGHEST GUST SPEED    16   HIGHEST GUST DIRECTION     S (200)
  AVERAGE WIND SPEED     4.5


SKY COVER
  AVERAGE SKY COVER 0.7


WEATHER CONDITIONS
 THE FOLLOWING WEATHER WAS RECORDED TODAY.
  FOG


RELATIVE HUMIDITY (PERCENT)
 HIGHEST   100          1200 AM
 LOWEST     47           200 PM
 AVERAGE    74

..........................................................


THE TROY CLIMATE NORMALS FOR TOMORROW
                         NORMAL    RECORD    YEAR
 MAXIMUM TEMPERATURE (F)   73        MM        MM
 MINIMUM TEMPERATURE (F)   46        MM        MM


SUNRISE AND SUNSET
MARCH 28 2017.........SUNRISE   637 AM CDT   SUNSET   701 PM CDT
MARCH 29 2017.........SUNRISE   636 AM CDT   SUNSET   702 PM CDT


-  INDICATES NEGATIVE NUMBERS.
R  INDICATES RECORD WAS SET OR TIED.
MM INDICATES DATA IS MISSING.
T  INDICATES TRACE AMOUNT.




$$
