000
CDUS44 KBMX 272217
CLITOI


CLIMATE REPORT
NATIONAL WEATHER SERVICE BIRMINGHAM, AL
516 PM CDT THU JUL 27 2017


...................................

...THE TROY CLIMATE SUMMARY FOR JULY 27 2017...
VALID TODAY AS OF 0500 PM LOCAL TIME.

CLIMATE NORMAL PERIOD 1981 TO 2010
CLIMATE RECORD PERIOD 9999 TO 9999


WEATHER ITEM   OBSERVED TIME   RECORD YEAR NORMAL DEPARTURE LAST
                VALUE   (LST)  VALUE       VALUE  FROM      YEAR
                                                  NORMAL
..................................................................
TEMPERATURE (F)
 TODAY
  MAXIMUM         94    258 PM  MM      MM  92      2       92
  MINIMUM         72    528 AM  MM      MM  70      2       72
  AVERAGE         83                        81      2       82

PRECIPITATION (IN)
  TODAY            0.00                      0.19  -0.19     0.10
  MONTH TO DATE    3.06                      4.98  -1.92     3.91
  SINCE JUN 1     11.57                      9.81   1.76     9.91
  SINCE JAN 1     44.07                     32.64  11.43    29.25

DEGREE DAYS
 COOLING
  TODAY           18                        16      2       17
  MONTH TO DATE  435                       425     10      449
  SINCE JUN 1    790                       813    -23      890
  SINCE JAN 1   1194                      1100     94     1305
..................................................................


WIND (MPH)
  HIGHEST WIND SPEED     9   HIGHEST WIND DIRECTION    NW (320)
  HIGHEST GUST SPEED    13   HIGHEST GUST DIRECTION    NW (320)
  AVERAGE WIND SPEED     1.6


SKY COVER
  AVERAGE SKY COVER 0.2


WEATHER CONDITIONS
 THE FOLLOWING WEATHER WAS RECORDED TODAY.
  FOG


RELATIVE HUMIDITY (PERCENT)
 HIGHEST   100          1200 AM
 LOWEST     49           300 PM
 AVERAGE    75

..........................................................


THE TROY CLIMATE NORMALS FOR TOMORROW
                         NORMAL    RECORD    YEAR
 MAXIMUM TEMPERATURE (F)   92        MM        MM
 MINIMUM TEMPERATURE (F)   70        MM        MM


SUNRISE AND SUNSET
JULY 27 2017..........SUNRISE   557 AM CDT   SUNSET   744 PM CDT
JULY 28 2017..........SUNRISE   557 AM CDT   SUNSET   743 PM CDT


-  INDICATES NEGATIVE NUMBERS.
R  INDICATES RECORD WAS SET OR TIED.
MM INDICATES DATA IS MISSING.
T  INDICATES TRACE AMOUNT.




$$
